000
CDUS41 KBOX 250559
CLIORH


CLIMATE REPORT
NATIONAL WEATHER SERVICE BOSTON/NORTON MA
148 AM EDT TUE JUN 25 2019


...................................

...THE WORCESTER MA CLIMATE SUMMARY FOR JUNE 24 2019...

CLIMATE NORMAL PERIOD 1981 TO 2010
CLIMATE RECORD PERIOD 1892 TO 2019


WEATHER ITEM   OBSERVED TIME   RECORD YEAR NORMAL DEPARTURE LAST
                VALUE   (LST)  VALUE       VALUE  FROM      YEAR
                                                  NORMAL
..................................................................
TEMPERATURE (F)
 YESTERDAY
  MAXIMUM         81    233 PM  91    1914  76      5       76
  MINIMUM         60    350 AM  41    1932  59      1       54
  AVERAGE         71                        67      4       65

PRECIPITATION (IN)
  YESTERDAY        0.00          2.67 1944   0.13  -0.13     0.49
  MONTH TO DATE    2.45                      3.44  -0.99     2.17
  SINCE JUN 1      2.45                      3.44  -0.99     2.17
  SINCE JAN 1     25.70                     22.67   3.03    23.47

SNOWFALL (IN)
  YESTERDAY        0.0           0.0  2002   0.0    0.0      0.0
                                      2001
                                      2000
  MONTH TO DATE    0.0                       0.0    0.0      0.0
  SINCE JUN 1      0.0                       0.0    0.0      0.0
  SINCE JUL 1     51.5                      64.1  -12.6     96.1
  SNOW DEPTH      MM

DEGREE DAYS
 HEATING
  YESTERDAY        0                         1     -1        0
  MONTH TO DATE   51                        76    -25       80
  SINCE JUN 1     51                        76    -25       80
  SINCE JUL 1   6820                      6710    110     6425

 COOLING
  YESTERDAY        6                         4      2        0
  MONTH TO DATE   35                        59    -24       51
  SINCE JUN 1     35                        59    -24       51
  SINCE JAN 1     44                        81    -37      102
..................................................................


WIND (MPH)
  RESULTANT WIND SPEED   8   RESULTANT WIND DIRECTION   W (280)
  HIGHEST WIND SPEED    15   HIGHEST WIND DIRECTION     W (260)
  HIGHEST GUST SPEED    20   HIGHEST GUST DIRECTION     W (270)
  AVERAGE WIND SPEED     8.5


SKY COVER
  POSSIBLE SUNSHINE  MM
  AVERAGE SKY COVER 0.0


WEATHER CONDITIONS
 THE FOLLOWING WEATHER WAS RECORDED YESTERDAY.
  NO SIGNIFICANT WEATHER WAS OBSERVED.


RELATIVE HUMIDITY (PERCENT)
 HIGHEST    72           400 AM
 LOWEST     39          1200 PM
 AVERAGE    56

..........................................................


THE WORCESTER MA CLIMATE NORMALS FOR TODAY
                         NORMAL    RECORD    YEAR
 MAXIMUM TEMPERATURE (F)   77        92      1943
                                             1907
 MINIMUM TEMPERATURE (F)   59        44      1931


SUNRISE AND SUNSET
JUNE 25 2019..........SUNRISE   512 AM EDT   SUNSET   828 PM EDT
JUNE 26 2019..........SUNRISE   512 AM EDT   SUNSET   828 PM EDT


-  INDICATES NEGATIVE NUMBERS.
R  INDICATES RECORD WAS SET OR TIED.
MM INDICATES DATA IS MISSING.
T  INDICATES TRACE AMOUNT.




$$
