000
CDUS41 KBOX 261721
CLIORH


CLIMATE REPORT
NATIONAL WEATHER SERVICE BOSTON/NORTON MA
111 PM EDT TUE MAR 26 2019


...................................

...THE WORCESTER MA CLIMATE SUMMARY FOR MARCH 25 2019...

CLIMATE NORMAL PERIOD 1981 TO 2010
CLIMATE RECORD PERIOD 1892 TO 2019


WEATHER ITEM   OBSERVED TIME   RECORD YEAR NORMAL DEPARTURE LAST
                VALUE   (LST)  VALUE       VALUE  FROM      YEAR
                                                  NORMAL
..................................................................
TEMPERATURE (F)
 YESTERDAY
  MAXIMUM         46    251 PM  75    1910  46      0       36
  MINIMUM         30   1159 PM   5    1960  29      1       26
  AVERAGE         38                        38      0       31

PRECIPITATION (IN)
  YESTERDAY        0.00          1.83 1909   0.15  -0.15     0.04
  MONTH TO DATE    2.94                      3.35  -0.41     4.81
  SINCE MAR 1      2.94                      3.35  -0.41     4.81
  SINCE JAN 1     11.50                     10.07   1.43    13.30

SNOWFALL (IN)
  YESTERDAY        0.0           2.0  1900   0.3   -0.3      0.5
  MONTH TO DATE   15.7                       9.9    5.8     42.3
  SINCE MAR 1     15.7                       9.9    5.8     42.3
  SINCE JUL 1     51.5                      59.8   -8.3     88.9
  SNOW DEPTH      MM

DEGREE DAYS
 HEATING
  YESTERDAY       27                        27      0       34
  MONTH TO DATE  846                       782     64      827
  SINCE MAR 1    846                       782     64      827
  SINCE JUL 1   5749                      5619    130     5328

 COOLING
  YESTERDAY        0                         0      0        0
  MONTH TO DATE    0                         0      0        0
  SINCE MAR 1      0                         0      0        0
  SINCE JAN 1      0                         0      0        0
..................................................................


WIND (MPH)
  RESULTANT WIND SPEED   8   RESULTANT WIND DIRECTION   W (290)
  HIGHEST WIND SPEED    18   HIGHEST WIND DIRECTION    NW (310)
  HIGHEST GUST SPEED    27   HIGHEST GUST DIRECTION    NW (330)
  AVERAGE WIND SPEED     9.3


SKY COVER
  POSSIBLE SUNSHINE  MM
  AVERAGE SKY COVER 0.1


WEATHER CONDITIONS
 THE FOLLOWING WEATHER WAS RECORDED YESTERDAY.
  NO SIGNIFICANT WEATHER WAS OBSERVED.


RELATIVE HUMIDITY (PERCENT)
 HIGHEST    70           800 AM
 LOWEST     16           300 PM
 AVERAGE    43

..........................................................


THE WORCESTER MA CLIMATE NORMALS FOR TODAY
                         NORMAL    RECORD    YEAR
 MAXIMUM TEMPERATURE (F)   46        71      1949
                                             1922
 MINIMUM TEMPERATURE (F)   30         2      1960


SUNRISE AND SUNSET
MARCH 26 2019.........SUNRISE   641 AM EDT   SUNSET   706 PM EDT
MARCH 27 2019.........SUNRISE   639 AM EDT   SUNSET   707 PM EDT


-  INDICATES NEGATIVE NUMBERS.
R  INDICATES RECORD WAS SET OR TIED.
MM INDICATES DATA IS MISSING.
T  INDICATES TRACE AMOUNT.




$$
