625
CDUS46 KMFR 260837
CLIOTH


CLIMATE REPORT
NATIONAL WEATHER SERVICE MEDFORD, OR
137 AM PDT TUE MAR 26 2019


...................................

...THE NORTH BEND OR CLIMATE SUMMARY FOR MARCH 25 2019...

CLIMATE NORMAL PERIOD 1981 TO 2010
CLIMATE RECORD PERIOD 1902 TO 2019


WEATHER ITEM   OBSERVED TIME   RECORD YEAR NORMAL DEPARTURE LAST
                VALUE   (LST)  VALUE       VALUE  FROM      YEAR
                                                  NORMAL
..................................................................
TEMPERATURE (F)
 YESTERDAY
  MAXIMUM         49        MM  71    1926  54     -5       50
  MINIMUM         40        MM  29    1922  42     -2       36
  AVERAGE         45                        48     -3       43

PRECIPITATION (IN)
  YESTERDAY        0.31          1.81 1962   0.24   0.07     0.02
  MONTH TO DATE    3.02                      6.45  -3.43     7.60
  SINCE OCT 1     43.82                     50.32  -6.50    38.60
  SINCE JAN 1     25.31                     24.23   1.08    19.70

SNOWFALL (IN)
  YESTERDAY       MM
  SNOW DEPTH      MM

DEGREE DAYS
 HEATING
  YESTERDAY       20                        17      3       22
  MONTH TO DATE  478                       434     44      447
  SINCE MAR 1    478                       434     44      447
  SINCE JUL 1   3254                      3608   -354     3133

 COOLING
  YESTERDAY        0                         0      0        0
  MONTH TO DATE    0                         0      0        0
  SINCE MAR 1      0                         0      0        0
  SINCE JAN 1      0                         0      0        0
..................................................................


WIND (MPH)
  HIGHEST WIND SPEED    14   HIGHEST WIND DIRECTION     S (200)
  HIGHEST GUST SPEED    18   HIGHEST GUST DIRECTION     S (200)
  AVERAGE WIND SPEED     6.6


SKY COVER
  POSSIBLE SUNSHINE  MM
  AVERAGE SKY COVER 0.9


WEATHER CONDITIONS
 THE FOLLOWING WEATHER WAS RECORDED YESTERDAY.
  LIGHT RAIN
  FOG


RELATIVE HUMIDITY (PERCENT)
 HIGHEST    96           900 PM
 LOWEST     80           600 PM

..........................................................


THE NORTH BEND OR CLIMATE NORMALS FOR TODAY
                         NORMAL    RECORD    YEAR
 MAXIMUM TEMPERATURE (F)   54        83      1923
 MINIMUM TEMPERATURE (F)   42        29      1922


SUNRISE AND SUNSET
MARCH 26 2019.........SUNRISE   710 AM PDT   SUNSET   736 PM PDT
MARCH 27 2019.........SUNRISE   708 AM PDT   SUNSET   738 PM PDT


-  INDICATES NEGATIVE NUMBERS.
R  INDICATES RECORD WAS SET OR TIED.
MM INDICATES DATA IS MISSING.
T  INDICATES TRACE AMOUNT.




$$
