000
CDUS46 KMFR 250843
CLIOTH


CLIMATE REPORT
NATIONAL WEATHER SERVICE MEDFORD, OR
143 AM PDT TUE JUN 25 2019


...................................

...THE NORTH BEND OR CLIMATE SUMMARY FOR JUNE 24 2019...

CLIMATE NORMAL PERIOD 1981 TO 2010
CLIMATE RECORD PERIOD 1902 TO 2019


WEATHER ITEM   OBSERVED TIME   RECORD YEAR NORMAL DEPARTURE LAST
                VALUE   (LST)  VALUE       VALUE  FROM      YEAR
                                                  NORMAL
..................................................................
TEMPERATURE (F)
 YESTERDAY
  MAXIMUM         65        MM 100    1925  63      2       68
  MINIMUM         47        MM  36    1911  51     -4       51
  AVERAGE         56                        57     -1       60

PRECIPITATION (IN)
  YESTERDAY        0.00          1.39 1971   0.04  -0.04     0.00
  MONTH TO DATE    0.01                      1.76  -1.75     0.24
  SINCE OCT 1     56.84                     62.02  -5.18    45.31
  SINCE JAN 1     38.33                     35.93   2.40    26.41

SNOWFALL (IN)
  YESTERDAY       MM
  SNOW DEPTH      MM

DEGREE DAYS
 HEATING
  YESTERDAY        9                         8      1        5
  MONTH TO DATE  164                       220    -56      167
  SINCE JUN 1    164                       220    -56      167
  SINCE JUL 1   4223                      4780   -557     4132

 COOLING
  YESTERDAY        0                         0      0        0
  MONTH TO DATE    0                         0      0        0
  SINCE JUN 1      0                         0      0        0
  SINCE JAN 1      6                         0      6        0
..................................................................


WIND (MPH)
  HIGHEST WIND SPEED    18   HIGHEST WIND DIRECTION     N (360)
  HIGHEST GUST SPEED    27   HIGHEST GUST DIRECTION     N (340)
  AVERAGE WIND SPEED     8.3


SKY COVER
  POSSIBLE SUNSHINE  MM
  AVERAGE SKY COVER 0.1


WEATHER CONDITIONS
 THE FOLLOWING WEATHER WAS RECORDED YESTERDAY.
  FOG


RELATIVE HUMIDITY (PERCENT)
 HIGHEST   100           400 AM
 LOWEST     52           200 PM

..........................................................


THE NORTH BEND OR CLIMATE NORMALS FOR TODAY
                         NORMAL    RECORD    YEAR
 MAXIMUM TEMPERATURE (F)   63        91      1925
 MINIMUM TEMPERATURE (F)   51        42      1920
                                             1939


SUNRISE AND SUNSET
JUNE 25 2019..........SUNRISE   538 AM PDT   SUNSET   902 PM PDT
JUNE 26 2019..........SUNRISE   538 AM PDT   SUNSET   902 PM PDT


-  INDICATES NEGATIVE NUMBERS.
R  INDICATES RECORD WAS SET OR TIED.
MM INDICATES DATA IS MISSING.
T  INDICATES TRACE AMOUNT.




$$
