000
CDUS43 KDMX 190644
CLIOTM

CLIMATE REPORT
NATIONAL WEATHER SERVICE DES MOINES IA
142 AM CDT TUE MAR 19 2019


...................................

...THE OTTUMWA IA CLIMATE SUMMARY FOR MARCH 18 2019...

CLIMATE NORMAL PERIOD 1981 TO 2010
CLIMATE RECORD PERIOD 1920 TO 2019


WEATHER ITEM   OBSERVED TIME   RECORD YEAR NORMAL DEPARTURE LAST
                VALUE   (LST)  VALUE       VALUE  FROM      YEAR
                                                  NORMAL
..................................................................
TEMPERATURE (F)
 YESTERDAY
  MAXIMUM         47    415 PM  81    2012  50     -3       50
  MINIMUM         24    258 AM   2    1923  29     -5       24
  AVERAGE         36                        40     -4       37

PRECIPITATION (IN)
  YESTERDAY        0.00          1.06 1963   0.07  -0.07     0.00
  MONTH TO DATE    1.49                      1.24   0.25     0.70
  SINCE MAR 1      1.49                      1.24   0.25     0.70
  SINCE JAN 1      6.29                      3.42   2.87     3.25

DEGREE DAYS
 HEATING
  YESTERDAY       29                        25      4       28
  MONTH TO DATE  631                       520    111      509
  SINCE MAR 1    631                       520    111      509
  SINCE JUL 1   5733                      5405    328     5202

 COOLING
  YESTERDAY        0                         0      0        0
  MONTH TO DATE    0                         0      0        0
  SINCE MAR 1      0                         0      0        0
  SINCE JAN 1      0                         0      0        0
..................................................................


WIND (MPH)
  HIGHEST WIND SPEED    12   HIGHEST WIND DIRECTION    NW (330)
  HIGHEST GUST SPEED    16   HIGHEST GUST DIRECTION     N (350)
  AVERAGE WIND SPEED     5.5


SKY COVER
  POSSIBLE SUNSHINE  MM
  AVERAGE SKY COVER 0.1


WEATHER CONDITIONS
 THE FOLLOWING WEATHER WAS RECORDED YESTERDAY.
  FOG
  HAZE


RELATIVE HUMIDITY (PERCENT)
 HIGHEST    92          1200 AM
 LOWEST     37           300 PM
 AVERAGE    65

..........................................................


THE OTTUMWA IA CLIMATE NORMALS FOR TODAY
                         NORMAL    RECORD    YEAR
 MAXIMUM TEMPERATURE (F)   51        81      2012
 MINIMUM TEMPERATURE (F)   30        -6      1923


SUNRISE AND SUNSET
MARCH 19 2019.........SUNRISE   715 AM CDT   SUNSET   721 PM CDT
MARCH 20 2019.........SUNRISE   713 AM CDT   SUNSET   722 PM CDT


-  INDICATES NEGATIVE NUMBERS.
R  INDICATES RECORD WAS SET OR TIED.
MM INDICATES DATA IS MISSING.
T  INDICATES TRACE AMOUNT.




$$
