000
CDAK49 PAFG 230943
CLIOTZ

CLIMATE REPORT
NATIONAL WEATHER SERVICE FAIRBANKS AK
143 AM AKDT THU MAY 23 2019


...................................

...THE KOTZEBUE AK CLIMATE SUMMARY FOR MAY 22 2019...

CLIMATE NORMAL PERIOD 1981 TO 2010
CLIMATE RECORD PERIOD 1920 TO 2019


WEATHER ITEM   OBSERVED TIME   RECORD YEAR NORMAL DEPARTURE LAST
                VALUE   (LST)  VALUE       VALUE  FROM      YEAR
                                                  NORMAL
..................................................................
TEMPERATURE (F)
 YESTERDAY
  MAXIMUM         45   1032 PM  70    1969  40      5       35
  MINIMUM         37    404 AM  14    2000  29      8       33
  AVERAGE         41                        35      6       34

PRECIPITATION (IN)
  YESTERDAY        0.00          0.18 1944   0.01  -0.01     0.00
  MONTH TO DATE    0.20                      0.31  -0.11     0.36
  SINCE MAR 1      1.40                      1.29   0.11     2.60
  SINCE JAN 1      4.43                      2.57   1.86     3.98

SNOWFALL (IN)
  YESTERDAY        0.0           0.5  1989   0.0    0.0      0.0
  MONTH TO DATE    T                         1.1   -1.1      2.9
  SINCE MAR 1      9.6                      12.1   -2.5     28.2
  SINCE JUL 1     60.1                      59.7    0.4    107.6
  SNOW DEPTH       5

DEGREE DAYS
 HEATING
  YESTERDAY       24                        30     -6       31
  MONTH TO DATE  517                       773   -256      653
  SINCE MAR 1   2986                      4306  -1320     3572
  SINCE JUL 1  11522                     14551  -3029    12258

 COOLING
  YESTERDAY        0                         0      0        0
  MONTH TO DATE    0                         0      0        0
  SINCE MAR 1      0                         0      0        0
  SINCE JAN 1      0                         0      0        0
..................................................................


WIND (MPH)
  HIGHEST GUST SPEED    17   HIGHEST GUST DIRECTION    SE (130)


SKY COVER
  AVERAGE SKY COVER 0.5


WEATHER CONDITIONS
 THE FOLLOWING WEATHER WAS RECORDED YESTERDAY.
  FOG
  FOG W/VISIBILITY <= 1/4 MILE
  HAZE


RELATIVE HUMIDITY (PERCENT)
 HIGHEST    85
 LOWEST     76
 AVERAGE    81

..........................................................


THE KOTZEBUE AK CLIMATE NORMALS FOR TODAY
                         NORMAL    RECORD    YEAR
 MAXIMUM TEMPERATURE (F)   41        68      2002
 MINIMUM TEMPERATURE (F)   30        11      2000


SUNRISE AND SUNSET
MAY 23 2019...........SUNRISE   420 AM AKDT  SUNSET   120 AM AKDT
MAY 24 2019...........SUNRISE   415 AM AKDT  SUNSET   125 AM AKDT

-  INDICATES NEGATIVE NUMBERS.
R  INDICATES RECORD WAS SET OR TIED.
MM INDICATES DATA IS MISSING.
T  INDICATES TRACE AMOUNT.

&&

SNOW DEPTH IS MEASURED AT 3AM AKST/4AM AKDT.

----------------------------
AVAILABLE DAYLIGHT

AMOUNT OF DAYLIGHT TODAY  (HOUR:MIN)........20:54
GAIN/LOSS SINCE YESTERDAY (HOUR:MIN:SEC)....+0:10:17

$$
MAY 19
