000
CDAK49 PAFG 200046
CLIOTZ

CLIMATE REPORT
NATIONAL WEATHER SERVICE FAIRBANKS AK
446 PM AKDT TUE MAR 19 2019


...................................

...THE KOTZEBUE AK CLIMATE SUMMARY FOR MARCH 19 2019...
VALID TODAY AS OF 0400 PM LOCAL TIME.

CLIMATE NORMAL PERIOD 1981 TO 2010
CLIMATE RECORD PERIOD 1920 TO 2019


WEATHER ITEM   OBSERVED TIME   RECORD YEAR NORMAL DEPARTURE LAST
                VALUE   (LST)  VALUE       VALUE  FROM      YEAR
                                                  NORMAL
..................................................................
TEMPERATURE (F)
 TODAY
  MAXIMUM         10    259 PM  36    1998   9      1       22
  MINIMUM        -12    510 AM -34    1975  -7     -5       10
  AVERAGE         -1                         1     -2       16

PRECIPITATION (IN)
  TODAY            T             0.16 1954   0.01  -0.01     0.10
  MONTH TO DATE    0.72                      0.30   0.42     1.61
  SINCE MAR 1      0.72                      0.30   0.42     1.61
  SINCE JAN 1      3.75                      1.58   2.17     2.99

SNOWFALL (IN)
  TODAY            T             3.2  1954   0.2   -0.2      0.9
  MONTH TO DATE    2.0                       4.1   -2.1     18.6
  SINCE MAR 1      2.0                       4.1   -2.1     18.6
  SINCE JUL 1     52.5                      51.7    0.8     98.0
  SNOW DEPTH      42

DEGREE DAYS
 HEATING
  TODAY           66                        64      2       49
  MONTH TO DATE  867                      1232   -365     1011
  SINCE MAR 1    867                      1232   -365     1011
  SINCE JUL 1   9403                     11477  -2074     9697

 COOLING
  TODAY            0                         0      0        0
  MONTH TO DATE    0                         0      0        0
  SINCE MAR 1      0                         0      0        0
  SINCE JAN 1      0                         0      0        0
..................................................................


WIND (MPH)
  HIGHEST GUST SPEED    21   HIGHEST GUST DIRECTION    SW (230)


SKY COVER
  AVERAGE SKY COVER 0.3


WEATHER CONDITIONS
 THE FOLLOWING WEATHER WAS RECORDED TODAY.
  FOG
  HAZE


RELATIVE HUMIDITY (PERCENT)
 HIGHEST    87
 LOWEST     65
 AVERAGE    76

..........................................................


THE KOTZEBUE AK CLIMATE NORMALS FOR TOMORROW
                         NORMAL    RECORD    YEAR
 MAXIMUM TEMPERATURE (F)    9        37      1998
 MINIMUM TEMPERATURE (F)   -7       -36      1975


SUNRISE AND SUNSET
MARCH 19 2019.........SUNRISE   855 AM AKDT  SUNSET   904 PM AKDT
MARCH 20 2019.........SUNRISE   851 AM AKDT  SUNSET   908 PM AKDT

-  INDICATES NEGATIVE NUMBERS.
R  INDICATES RECORD WAS SET OR TIED.
MM INDICATES DATA IS MISSING.
T  INDICATES TRACE AMOUNT.

&&

SNOW DEPTH IS MEASURED AT 3AM AKST/4AM AKDT.

----------------------------
AVAILABLE DAYLIGHT

AMOUNT OF DAYLIGHT TODAY  (HOUR:MIN)........12:10
GAIN/LOSS SINCE YESTERDAY (HOUR:MIN:SEC)....+0:07:24

$$
THR MAR 19
