000
CDUS43 KDDC 200706
CLIP28


CLIMATE REPORT
NATIONAL WEATHER SERVICE DODGE CITY KS
205 AM CDT WED MAR 20 2019


...................................

...THE MEDICINE LODGE KS CLIMATE SUMMARY FOR MARCH 19 2019...

CLIMATE NORMAL PERIOD 1981 TO 2010
CLIMATE RECORD PERIOD 1893 TO 2019


WEATHER ITEM   OBSERVED TIME   RECORD YEAR NORMAL DEPARTURE LAST
                VALUE   (LST)  VALUE       VALUE  FROM      YEAR
                                                  NORMAL
..................................................................
TEMPERATURE (F)
 YESTERDAY
  MAXIMUM         68   1144 AM  98    1907  60      8       48
  MINIMUM         38    705 AM   2    1923  35      3       36
  AVERAGE         53                        48      5       42

PRECIPITATION (IN)
  YESTERDAY        0.02          1.47 2003   0.07  -0.05     0.22
  MONTH TO DATE    1.57                      1.39   0.18     0.80
  SINCE MAR 1      1.57                      1.39   0.18     0.80
  SINCE JAN 1      3.61                      3.14   0.47     1.18

SNOWFALL (IN)
  YESTERDAY       MM            MM      MM   0.0             0.0
  MONTH TO DATE    2.5                       0.1             0.0
  SINCE MAR 1      2.5                       0.1             0.0
  SINCE JUL 1      9.8                       8.5              T
  SNOW DEPTH       0

DEGREE DAYS
 HEATING
  YESTERDAY       12                        17     -5       23
  MONTH TO DATE  495                       382    113      328
  SINCE MAR 1    495                       382    113      328
  SINCE JUL 1   4224                      3911    313     3707

 COOLING
  YESTERDAY        0                         0      0        0
  MONTH TO DATE    0                         0      0        0
  SINCE MAR 1      0                         0      0        0
  SINCE JAN 1      0                         0      0        0
..................................................................


WIND (MPH)
  HIGHEST WIND SPEED    23   HIGHEST WIND DIRECTION    NW (320)
  HIGHEST GUST SPEED    32   HIGHEST GUST DIRECTION    NW (320)
  AVERAGE WIND SPEED    10.4




RELATIVE HUMIDITY (PERCENT)
 HIGHEST    89          1000 PM
 LOWEST     29          1200 PM
 AVERAGE    59

..........................................................


THE MEDICINE LODGE KS CLIMATE NORMALS FOR TODAY
                         NORMAL    RECORD    YEAR
 MAXIMUM TEMPERATURE (F)   61        90      1934
 MINIMUM TEMPERATURE (F)   35         6      1965


SUNRISE AND SUNSET
MARCH 20 2019.........SUNRISE   738 AM CDT   SUNSET   746 PM CDT
MARCH 21 2019.........SUNRISE   737 AM CDT   SUNSET   747 PM CDT


-  INDICATES NEGATIVE NUMBERS.
R  INDICATES RECORD WAS SET OR TIED.
MM INDICATES DATA IS MISSING.
T  INDICATES TRACE AMOUNT.




$$
