000
CDUS43 KDDC 262330
CLIP28


CLIMATE REPORT
NATIONAL WEATHER SERVICE DODGE CITY KS
630 PM CDT SUN MAY 26 2019


...................................

...THE MEDICINE LODGE KS CLIMATE SUMMARY FOR MAY 26 2019...
VALID TODAY AS OF 0500 PM LOCAL TIME.

CLIMATE NORMAL PERIOD 1981 TO 2010
CLIMATE RECORD PERIOD 1893 TO 2019


WEATHER ITEM   OBSERVED TIME   RECORD YEAR NORMAL DEPARTURE LAST
                VALUE   (LST)  VALUE       VALUE  FROM      YEAR
                                                  NORMAL
..................................................................
TEMPERATURE (F)
 TODAY
  MAXIMUM         75    359 PM 101    1953  83     -8       94
  MINIMUM         63    633 AM  40    1901  59      4       61
  AVERAGE         69                        70     -1       78

PRECIPITATION (IN)
  TODAY            0.31          2.12 1898   0.10   0.21     0.00
  MONTH TO DATE   11.47                      2.66   8.81     3.76
  SINCE MAR 1     15.22                      7.35   7.87     6.17
  SINCE JAN 1     17.26                      9.10   8.16     6.55

DEGREE DAYS
 HEATING
  TODAY            0                         1     -1        0
  MONTH TO DATE  124                        68     56        3
  SINCE MAR 1   1024                       924    100      934
  SINCE JUL 1   4753                      4453    300     4313

 COOLING
  TODAY            4                         6     -2       13
  MONTH TO DATE   57                        97    -40      237
  SINCE MAR 1     68                       121    -53      266
  SINCE JAN 1     68                       121    -53      266
..................................................................


WIND (MPH)
  HIGHEST WIND SPEED    25   HIGHEST WIND DIRECTION     E (100)
  HIGHEST GUST SPEED    39   HIGHEST GUST DIRECTION     E (110)
  AVERAGE WIND SPEED    10.2




RELATIVE HUMIDITY (PERCENT)
 HIGHEST   100          1200 AM
 LOWEST     82           500 PM
 AVERAGE    91

..........................................................


THE MEDICINE LODGE KS CLIMATE NORMALS FOR TOMORROW
                         NORMAL    RECORD    YEAR
 MAXIMUM TEMPERATURE (F)   83       100      1896
                                             1953
 MINIMUM TEMPERATURE (F)   59        44      1992


SUNRISE AND SUNSET
MAY 26 2019...........SUNRISE   618 AM CDT   SUNSET   845 PM CDT
MAY 27 2019...........SUNRISE   618 AM CDT   SUNSET   846 PM CDT


-  INDICATES NEGATIVE NUMBERS.
R  INDICATES RECORD WAS SET OR TIED.
MM INDICATES DATA IS MISSING.
T  INDICATES TRACE AMOUNT.




$$
