000
CDUS45 KRIW 230028
CLIP60


CLIMATE REPORT
NATIONAL WEATHER SERVICE RIVERTON WY
627 PM MDT FRI MAR 22 2019


...................................

...THE LAKE YELLOWSTONE WY CLIMATE SUMMARY FOR MARCH 22 2019...
VALID TODAY AS OF 0500 PM LOCAL TIME.

CLIMATE NORMAL PERIOD 1981 TO 2010
CLIMATE RECORD PERIOD 1998 TO 2019


WEATHER ITEM   OBSERVED TIME   RECORD YEAR NORMAL DEPARTURE LAST
                VALUE   (LST)  VALUE       VALUE  FROM      YEAR
                                                  NORMAL
..................................................................
TEMPERATURE (F)
 TODAY
  MAXIMUM         44        MM  53    2004  39      5       41
  MINIMUM         22        MM -18    2008  11     11       28
  AVERAGE         33

PRECIPITATION (IN)
  TODAY            0.00          0.39 2018   0.04  -0.04     0.39
  MONTH TO DATE    0.85                      0.77   0.08     1.39
  SINCE MAR 1      0.85                      0.77   0.08     1.39
  SINCE JAN 1      5.45                      4.29   1.16     6.86

DEGREE DAYS
 HEATING
  TODAY           32                        40     -8       30
  MONTH TO DATE 1108                       952    156     1022
  SINCE MAR 1   1108                       952    156     1022
  SINCE JUL 1   9245                      8889    356     9001

 COOLING
  TODAY            0                         0      0        0
  MONTH TO DATE    0                         0      0        0
  SINCE MAR 1      0                         0      0        0
  SINCE JAN 1      0                         0      0        0
..................................................................


WIND (MPH)
  HIGHEST WIND SPEED     6   HIGHEST WIND DIRECTION     E (99)
  HIGHEST GUST SPEED    MM   HIGHEST GUST DIRECTION    MM
  AVERAGE WIND SPEED     1.2


SKY COVER
  POSSIBLE SUNSHINE  MM
  AVERAGE SKY COVER 0.0


WEATHER CONDITIONS
 THE FOLLOWING WEATHER WAS RECORDED TODAY.
  NO SIGNIFICANT WEATHER WAS OBSERVED.


RELATIVE HUMIDITY (PERCENT)
 HIGHEST    81           300 AM
 LOWEST     33           300 PM
 AVERAGE    57

..........................................................


THE LAKE YELLOWSTONE WY CLIMATE NORMALS FOR TOMORROW
                         NORMAL    RECORD    YEAR
 MAXIMUM TEMPERATURE (F)   39        53      2004
 MINIMUM TEMPERATURE (F)   11       -19      2013


SUNRISE AND SUNSET
MARCH 22 2019.........SUNRISE   721 AM MDT   SUNSET   736 PM MDT
MARCH 23 2019.........SUNRISE   720 AM MDT   SUNSET   738 PM MDT


-  INDICATES NEGATIVE NUMBERS.
R  INDICATES RECORD WAS SET OR TIED.
MM INDICATES DATA IS MISSING.
T  INDICATES TRACE AMOUNT.




$$
