000
CDUS45 KLKN 230037
CLIP68


CLIMATE REPORT
NATIONAL WEATHER SERVICE ELKO NV
536 PM PDT WED MAY 22 2019


...................................

...THE EUREKA AIRPORT NV CLIMATE SUMMARY FOR MAY 22 2019...
VALID TODAY AS OF 0500 PM LOCAL TIME.

CLIMATE NORMAL PERIOD 1981 TO 2010
CLIMATE RECORD PERIOD 1963 TO 2019


WEATHER ITEM   OBSERVED TIME   RECORD YEAR NORMAL DEPARTURE LAST
                VALUE   (LST)  VALUE       VALUE  FROM      YEAR
                                                  NORMAL
..................................................................
TEMPERATURE (F)
 TODAY
  MAXIMUM         42    359 PM  88    2000  72    -30       65
                                      1967
  MINIMUM         34    627 AM  21    2007  35     -1       36
  AVERAGE         38                        53    -15       51

PRECIPITATION (IN)
  TODAY            0.44R         0.34 1965   0.02   0.42     0.09
  MONTH TO DATE    1.40                      0.53   0.87     1.14
  SINCE OCT 1     10.43                      6.16   4.27     7.14
  SINCE JAN 1      7.81                      4.03   3.78     5.95

DEGREE DAYS
 HEATING
  TODAY           27                        12     15       14
  MONTH TO DATE  383                       316     67      284
  SINCE MAR 1   1836                      1835      1     1873
  SINCE JUL 1   7189                      7120     69     6523

 COOLING
  TODAY            0                         0      0        0
  MONTH TO DATE    0                         0      0        0
  SINCE MAR 1      0                         0      0        0
  SINCE JAN 1      0                         0      0        0
..................................................................


WIND (MPH)
  HIGHEST WIND SPEED    14   HIGHEST WIND DIRECTION    SE (130)
  HIGHEST GUST SPEED    17   HIGHEST GUST DIRECTION    NW (330)




RELATIVE HUMIDITY (PERCENT)
 HIGHEST    96           500 AM
 LOWEST     79          1200 PM
 AVERAGE    88

..........................................................


THE EUREKA AIRPORT NV CLIMATE NORMALS FOR TOMORROW
                         NORMAL    RECORD    YEAR
 MAXIMUM TEMPERATURE (F)   72        87      2001
 MINIMUM TEMPERATURE (F)   35        22      2007


SUNRISE AND SUNSET
MAY 22 2019...........SUNRISE   524 AM PDT   SUNSET   757 PM PDT
MAY 23 2019...........SUNRISE   524 AM PDT   SUNSET   758 PM PDT


-  INDICATES NEGATIVE NUMBERS.
R  INDICATES RECORD WAS SET OR TIED.
MM INDICATES DATA IS MISSING.
T  INDICATES TRACE AMOUNT.




$$
