000
CDUS45 KLKN 260939
CLIP68


CLIMATE REPORT
NATIONAL WEATHER SERVICE ELKO NV
238 AM PDT TUE MAR 26 2019


...................................

...THE EUREKA AIRPORT NV CLIMATE SUMMARY FOR MARCH 25 2019...

CLIMATE NORMAL PERIOD 1981 TO 2010
CLIMATE RECORD PERIOD 1963 TO 2019


WEATHER ITEM   OBSERVED TIME   RECORD YEAR NORMAL DEPARTURE LAST
                VALUE   (LST)  VALUE       VALUE  FROM      YEAR
                                                  NORMAL
..................................................................
TEMPERATURE (F)
 YESTERDAY
  MAXIMUM         58    235 PM  69    2014  53      5       36
  MINIMUM         23    506 AM   0    1995  25     -2       22
  AVERAGE         41                        39      2       29

PRECIPITATION (IN)
  YESTERDAY        0.00          0.43 2017   0.03  -0.03     0.05
  MONTH TO DATE    1.90                      0.73   1.17     2.75
  SINCE OCT 1      6.78                      4.46   2.32     5.18
  SINCE JAN 1      4.16                      2.33   1.83     3.99

DEGREE DAYS
 HEATING
  YESTERDAY       24                        26     -2       36
  MONTH TO DATE  727                       719      8      881
  SINCE MAR 1    727                       719      8      881
  SINCE JUL 1   6080                      6004     76     5531

 COOLING
  YESTERDAY        0                         0      0        0
  MONTH TO DATE    0                         0      0        0
  SINCE MAR 1      0                         0      0        0
  SINCE JAN 1      0                         0      0        0
..................................................................


WIND (MPH)
  HIGHEST WIND SPEED    26   HIGHEST WIND DIRECTION    SE (140)
  HIGHEST GUST SPEED    35   HIGHEST GUST DIRECTION     S (160)
  AVERAGE WIND SPEED    11.1




RELATIVE HUMIDITY (PERCENT)
 HIGHEST    92           700 AM
 LOWEST     24           300 PM
 AVERAGE    58

..........................................................


THE EUREKA AIRPORT NV CLIMATE NORMALS FOR TODAY
                         NORMAL    RECORD    YEAR
 MAXIMUM TEMPERATURE (F)   53        72      1988
 MINIMUM TEMPERATURE (F)   25         4      1985


SUNRISE AND SUNSET
MARCH 26 2019.........SUNRISE   638 AM PDT   SUNSET   702 PM PDT
MARCH 27 2019.........SUNRISE   636 AM PDT   SUNSET   703 PM PDT


-  INDICATES NEGATIVE NUMBERS.
R  INDICATES RECORD WAS SET OR TIED.
MM INDICATES DATA IS MISSING.
T  INDICATES TRACE AMOUNT.




$$
