000
CDUS43 KPAH 252133
CLIPAH


CLIMATE REPORT
NATIONAL WEATHER SERVICE PADUCAH KY
433 PM CDT MON MAR 25 2019


...................................

...THE PADUCAH KY CLIMATE SUMMARY FOR MARCH 25 2019...
VALID TODAY AS OF 0400 PM LOCAL TIME.

CLIMATE NORMAL PERIOD 1981 TO 2010
CLIMATE RECORD PERIOD 1937 TO 2019


WEATHER ITEM   OBSERVED TIME   RECORD YEAR NORMAL DEPARTURE LAST
                VALUE   (LST)  VALUE       VALUE  FROM      YEAR
                                                  NORMAL
..................................................................
TEMPERATURE (F)
 TODAY
  MAXIMUM         59   1257 AM  83    2007  62     -3       48
  MINIMUM         49    254 PM  18    1955  40      9       39
  AVERAGE         54                        51      3       44

PRECIPITATION (IN)
  TODAY            T             2.98 2002   0.14  -0.14      T
  MONTH TO DATE    5.37                      3.08   2.29     2.30
  SINCE MAR 1      5.37                      3.08   2.29     2.30
  SINCE JAN 1     20.57                     10.67   9.90    14.85

SNOWFALL (IN)
  TODAY            0.0                                       0.0
  MONTH TO DATE    0.3                                       0.2
  SINCE JUL 1      6.1                                      12.7
  SNOW DEPTH       0

..................................................................


WIND (MPH)
  HIGHEST WIND SPEED    21   HIGHEST WIND DIRECTION     N (350)
  HIGHEST GUST SPEED    26   HIGHEST GUST DIRECTION     N (350)




RELATIVE HUMIDITY (PERCENT)
 HIGHEST    93
 LOWEST     80

..........................................................


THE PADUCAH KY CLIMATE NORMALS FOR TOMORROW
                         NORMAL    RECORD    YEAR
 MAXIMUM TEMPERATURE (F)   63        83      2007
                                             1991
 MINIMUM TEMPERATURE (F)   40        12      1955


SUNRISE AND SUNSET
MARCH 25 2019.........SUNRISE   652 AM CDT   SUNSET   711 PM CDT
MARCH 26 2019.........SUNRISE   650 AM CDT   SUNSET   712 PM CDT


-  INDICATES NEGATIVE NUMBERS.
R  INDICATES RECORD WAS SET OR TIED.
MM INDICATES DATA IS MISSING.
T  INDICATES TRACE AMOUNT.




$$
