000
CDUS44 KLZK 212109
CLIPBF


CLIMATE REPORT
NATIONAL WEATHER SERVICE LITTLE ROCK AR
408 PM CDT TUE MAY 21 2019


...................................

...THE PINE BLUFF CLIMATE SUMMARY FOR MAY 21 2019...
VALID TODAY AS OF 0400 PM LOCAL TIME.

CLIMATE NORMAL PERIOD 1981 TO 2010
CLIMATE RECORD PERIOD 1883 TO 2019


WEATHER ITEM   OBSERVED TIME   RECORD YEAR NORMAL DEPARTURE LAST
                VALUE   (LST)  VALUE       VALUE  FROM      YEAR
                                                  NORMAL
..................................................................
TEMPERATURE (F)
 TODAY
  MAXIMUM         87    259 PM  99    1902  83      4       87
  MINIMUM         71    414 AM  45    1954  63      8       68
                                      1894
  AVERAGE         79                        73      6       78

PRECIPITATION (IN)
  TODAY            0.00          3.73 1947   0.15  -0.15     1.65
  MONTH TO DATE    5.48                      3.48   2.00     2.16
  SINCE MAR 1     19.02                     13.81   5.21    15.98
  SINCE JAN 1     29.97                     21.63   8.34    33.80

SNOWFALL (IN)
  TODAY            0.0          MM      MM   0.0    0.0      0.0
  MONTH TO DATE    0.0                       0.0    0.0      0.0
  SINCE MAR 1      0.0                       0.0    0.0       T
  SINCE JUL 1      1.0                       3.1   -2.1      4.1
  SNOW DEPTH       0

DEGREE DAYS
 HEATING
  TODAY            0                         0      0        0
  MONTH TO DATE    6                        15     -9        0
  SINCE MAR 1    534                       491     43      486
  SINCE JUL 1   2873                      2879     -6     2900

 COOLING
  TODAY           14                         8      6       13
  MONTH TO DATE  126                       124      2      236
  SINCE MAR 1    180                       208    -28      276
  SINCE JAN 1    186                       211    -25      292
..................................................................


WIND (MPH)
  HIGHEST WIND SPEED    26   HIGHEST WIND DIRECTION     S (170)
  HIGHEST GUST SPEED    32   HIGHEST GUST DIRECTION     S (160)
  AVERAGE WIND SPEED    11.4


SKY COVER
  POSSIBLE SUNSHINE  MM
  AVERAGE SKY COVER 0.5


WEATHER CONDITIONS
 THE FOLLOWING WEATHER WAS RECORDED TODAY.
  NO SIGNIFICANT WEATHER WAS OBSERVED.


RELATIVE HUMIDITY (PERCENT)
 HIGHEST    93           500 AM
 LOWEST     51           100 PM
 AVERAGE    72

..........................................................


THE PINE BLUFF CLIMATE NORMALS FOR TOMORROW
                         NORMAL    RECORD    YEAR
 MAXIMUM TEMPERATURE (F)   83        97      1902
 MINIMUM TEMPERATURE (F)   63        46      1892


SUNRISE AND SUNSET
MAY 21 2019...........SUNRISE   602 AM CDT   SUNSET   807 PM CDT
MAY 22 2019...........SUNRISE   602 AM CDT   SUNSET   808 PM CDT


-  INDICATES NEGATIVE NUMBERS.
R  INDICATES RECORD WAS SET OR TIED.
MM INDICATES DATA IS MISSING.
T  INDICATES TRACE AMOUNT.




$$
