000
CDUS44 KLZK 250648
CLIPBF


CLIMATE REPORT
NATIONAL WEATHER SERVICE LITTLE ROCK AR
147 AM CDT MON MAR 25 2019


...................................

...THE PINE BLUFF CLIMATE SUMMARY FOR MARCH 24 2019...

CLIMATE NORMAL PERIOD 1981 TO 2010
CLIMATE RECORD PERIOD 1883 TO 2019


WEATHER ITEM   OBSERVED TIME   RECORD YEAR NORMAL DEPARTURE LAST
                VALUE   (LST)  VALUE       VALUE  FROM      YEAR
                                                  NORMAL
..................................................................
TEMPERATURE (F)
 YESTERDAY
  MAXIMUM         70   1239 PM  95    1929  68      2       77
  MINIMUM         54    617 AM  28    1974  46      8       63
  AVERAGE         62                        57      5       70

PRECIPITATION (IN)
  YESTERDAY        0.47          2.05 1912   0.17   0.30     0.00
  MONTH TO DATE    4.51                      4.23   0.28     2.77
  SINCE MAR 1      4.51                      4.23   0.28     2.77
  SINCE JAN 1     15.46                     12.05   3.41    20.59

SNOWFALL (IN)
  YESTERDAY        0.0          MM      MM   0.0    0.0      0.0
  MONTH TO DATE    0.0                       0.0    0.0      0.0
  SINCE MAR 1      0.0                       0.0    0.0      0.0
  SINCE JUL 1      1.0                       3.1   -2.1      4.1
  SNOW DEPTH       0

DEGREE DAYS
 HEATING
  YESTERDAY        3                         9     -6        0
  MONTH TO DATE  355                       291     64      234
  SINCE MAR 1    355                       291     64      234
  SINCE JUL 1   2694                      2679     15     2648

 COOLING
  YESTERDAY        0                         1     -1        5
  MONTH TO DATE    0                         9     -9       13
  SINCE MAR 1      0                         9     -9       13
  SINCE JAN 1      6                        12     -6       29
..................................................................


WIND (MPH)
  HIGHEST WIND SPEED    28   HIGHEST WIND DIRECTION    NW (300)
  HIGHEST GUST SPEED    40   HIGHEST GUST DIRECTION    NW (300)
  AVERAGE WIND SPEED     7.4


SKY COVER
  POSSIBLE SUNSHINE  MM
  AVERAGE SKY COVER 0.8


WEATHER CONDITIONS
 THE FOLLOWING WEATHER WAS RECORDED YESTERDAY.
  THUNDERSTORM
  HEAVY RAIN
  RAIN
  LIGHT RAIN
  FOG


RELATIVE HUMIDITY (PERCENT)
 HIGHEST    93           600 AM
 LOWEST     53           200 AM
 AVERAGE    73

..........................................................


THE PINE BLUFF CLIMATE NORMALS FOR TODAY
                         NORMAL    RECORD    YEAR
 MAXIMUM TEMPERATURE (F)   68        90      1929
                                             1907
 MINIMUM TEMPERATURE (F)   46        27      1955


SUNRISE AND SUNSET
MARCH 25 2019.........SUNRISE   705 AM CDT   SUNSET   723 PM CDT
MARCH 26 2019.........SUNRISE   703 AM CDT   SUNSET   724 PM CDT


-  INDICATES NEGATIVE NUMBERS.
R  INDICATES RECORD WAS SET OR TIED.
MM INDICATES DATA IS MISSING.
T  INDICATES TRACE AMOUNT.




$$
