000
CDUS42 KMFL 250825
CLIPBI


CLIMATE REPORT
NATIONAL WEATHER SERVICE MIAMI, FL
424 AM EDT MON MAR 25 2019


...................................

...THE WEST PALM BEACH CLIMATE SUMMARY FOR MARCH 24 2019...

CLIMATE NORMAL PERIOD 1981 TO 2010
CLIMATE RECORD PERIOD 1888 TO 2019


WEATHER ITEM   OBSERVED TIME   RECORD YEAR NORMAL DEPARTURE LAST
                VALUE   (LST)  VALUE       VALUE  FROM      YEAR
                                                  NORMAL
..................................................................
TEMPERATURE (F)
 YESTERDAY
  MAXIMUM         79    304 PM  92    1908  79      0       75
  MINIMUM         69    423 AM  43    1968  63      6       53
  AVERAGE         74                        71      3       64

PRECIPITATION (IN)
  YESTERDAY        T             1.73 1896   0.16  -0.16     0.00
  MONTH TO DATE    2.69                      3.56  -0.87     0.74
  SINCE NOV 1     17.23                     17.64  -0.41     8.78
  SINCE JAN 1     14.00                      9.51   4.49     5.34

SNOWFALL (IN)
  YESTERDAY        0.0
  MONTH TO DATE    0.0
  SINCE MAR 1      0.0
  SINCE JUL 1      0.0
  SNOW DEPTH       0

DEGREE DAYS
 HEATING
  YESTERDAY        0                         0      0        1
  MONTH TO DATE   11                        22    -11       39
  SINCE MAR 1     11                        22    -11       39
  SINCE JUL 1    144                       227    -83      179

 COOLING
  YESTERDAY        9                         7      2        0
  MONTH TO DATE  180                       144     36       78
  SINCE MAR 1    180                       144     36       78
  SINCE JAN 1    524                       379    145      484
..................................................................


WIND (MPH)
  HIGHEST WIND SPEED    20   HIGHEST WIND DIRECTION    SE (120)
  HIGHEST GUST SPEED    25   HIGHEST GUST DIRECTION     E (90)
  AVERAGE WIND SPEED    11.0


SKY COVER
  AVERAGE SKY COVER 0.6


WEATHER CONDITIONS
 THE FOLLOWING WEATHER WAS RECORDED YESTERDAY.
  LIGHT RAIN


RELATIVE HUMIDITY (PERCENT)
 HIGHEST    68
 LOWEST     48
 AVERAGE    58

..........................................................


THE WEST PALM BEACH CLIMATE NORMALS FOR TODAY
                         NORMAL    RECORD    YEAR
 MAXIMUM TEMPERATURE (F)   79        91      1957
                                             1952
 MINIMUM TEMPERATURE (F)   63        42      1915


SUNRISE AND SUNSET
MARCH 25 2019.........SUNRISE   719 AM EDT   SUNSET   734 PM EDT
MARCH 26 2019.........SUNRISE   718 AM EDT   SUNSET   735 PM EDT


-  INDICATES NEGATIVE NUMBERS.
R  INDICATES RECORD WAS SET OR TIED.
MM INDICATES DATA IS MISSING.
T  INDICATES TRACE AMOUNT.




$$
