000
CDUS42 KMFL 242023
CLIPBI


CLIMATE REPORT
NATIONAL WEATHER SERVICE MIAMI, FL
423 PM EDT FRI MAY 24 2019


...................................

...THE WEST PALM BEACH CLIMATE SUMMARY FOR MAY 24 2019...
VALID TODAY AS OF 0400 PM LOCAL TIME.

CLIMATE NORMAL PERIOD 1981 TO 2010
CLIMATE RECORD PERIOD 1888 TO 2019


WEATHER ITEM   OBSERVED TIME   RECORD YEAR NORMAL DEPARTURE LAST
                VALUE   (LST)  VALUE       VALUE  FROM      YEAR
                                                  NORMAL
..................................................................
TEMPERATURE (F)
 TODAY
  MAXIMUM         84    240 PM  96    1917  87     -3       85
  MINIMUM         75    553 AM  57    1892  73      2       75
  AVERAGE         80                        80      0       80

PRECIPITATION (IN)
  TODAY            0.00          2.37 1970   0.20  -0.20      T
  MONTH TO DATE    5.29                      3.00   2.29     7.84
  SINCE NOV 1     24.24                     25.33  -1.09    23.99
  SINCE JAN 1     21.01                     17.20   3.81    20.55

SNOWFALL (IN)
  TODAY            0.0
  MONTH TO DATE    0.0
  SINCE MAR 1      0.0
  SINCE JUL 1      0.0
  SNOW DEPTH       0

DEGREE DAYS
 HEATING
  TODAY            0                         0      0        0
  MONTH TO DATE    0                         0      0        0
  SINCE MAR 1     11                        28    -17       39
  SINCE JUL 1    144                       233    -89      179

 COOLING
  TODAY           15                        15      0       15
  MONTH TO DATE  351                       307     44      299
  SINCE MAR 1    932                       767    165      727
  SINCE JAN 1   1276                      1002    274     1133
..................................................................


WIND (MPH)
  HIGHEST WIND SPEED    20   HIGHEST WIND DIRECTION    NE (50)
  HIGHEST GUST SPEED    28   HIGHEST GUST DIRECTION    NE (50)
  AVERAGE WIND SPEED    15.3


SKY COVER
  AVERAGE SKY COVER 0.5


WEATHER CONDITIONS
 THE FOLLOWING WEATHER WAS RECORDED TODAY.
  NO SIGNIFICANT WEATHER WAS OBSERVED.


RELATIVE HUMIDITY (PERCENT)
 HIGHEST    67
 LOWEST     51
 AVERAGE    59

..........................................................


THE WEST PALM BEACH CLIMATE NORMALS FOR TOMORROW
                         NORMAL    RECORD    YEAR
 MAXIMUM TEMPERATURE (F)   87        96      1949
 MINIMUM TEMPERATURE (F)   73        62      1928


SUNRISE AND SUNSET
MAY 24 2019...........SUNRISE   629 AM EDT   SUNSET   806 PM EDT
MAY 25 2019...........SUNRISE   629 AM EDT   SUNSET   806 PM EDT


-  INDICATES NEGATIVE NUMBERS.
R  INDICATES RECORD WAS SET OR TIED.
MM INDICATES DATA IS MISSING.
T  INDICATES TRACE AMOUNT.




$$
