000
CDUS46 KPDT 270041
CLIPDT

CLIMATE REPORT
NATIONAL WEATHER SERVICE PENDLETON OR
528 PM PDT TUE MAR 26 2019


...................................

...THE PENDLETON OR CLIMATE SUMMARY FOR MARCH 26 2019...
VALID TODAY AS OF 0500 PM LOCAL TIME.

CLIMATE NORMAL PERIOD 1981 TO 2010
CLIMATE RECORD PERIOD 1890 TO 2019


WEATHER ITEM   OBSERVED TIME   RECORD YEAR NORMAL DEPARTURE LAST
                VALUE   (LST)  VALUE       VALUE  FROM      YEAR
                                                  NORMAL
..................................................................
TEMPERATURE (F)
 TODAY
  MAXIMUM         56    339 PM  73    2015  58     -2       52
                                      1946
  MINIMUM         38    604 AM  21    1913  37      1       30
  AVERAGE         47                        48     -1       41

PRECIPITATION (IN)
  TODAY            T             0.37 1903   0.04  -0.04     0.00
  MONTH TO DATE    1.04                      1.13  -0.09     1.38
  SINCE OCT 1      9.90                      7.67   2.23     7.90
  SINCE JAN 1      5.89                      3.67   2.22     3.71

SNOWFALL (IN)
  TODAY            0.0           1.3  1965   0.1   -0.1      0.0
  MONTH TO DATE    3.1                       0.7    2.4      0.6
  SINCE JAN 1     35.6                       7.7   27.9      5.0
  SINCE JUL 1     36.3                      15.2   21.1     15.0
  SNOW DEPTH       0

DEGREE DAYS
 HEATING
  TODAY           18                        18      0       24
  MONTH TO DATE  811                       532    279      558
  SINCE MAR 1    811                       532    279      558
  SINCE JUL 1   4864                      4431    433     4335

 COOLING
  TODAY            0                         0      0        0
  MONTH TO DATE    0                         0      0        0
  SINCE MAR 1      0                         0      0        0
  SINCE JAN 1      0                         0      0        0
..................................................................


WIND (MPH)
  HIGHEST WIND SPEED    14   HIGHEST WIND DIRECTION     W (270)
  HIGHEST GUST SPEED    16   HIGHEST GUST DIRECTION     W (260)
  AVERAGE WIND SPEED     6.4


SKY COVER
  POSSIBLE SUNSHINE  MM
  AVERAGE SKY COVER 0.5


WEATHER CONDITIONS
THE FOLLOWING WEATHER WAS RECORDED TODAY.
  NO SIGNIFICANT WEATHER WAS OBSERVED.


RELATIVE HUMIDITY (PERCENT)
 HIGHEST    85           600 AM
 LOWEST     38           400 PM
 AVERAGE    62

..........................................................


THE PENDLETON OR CLIMATE NORMALS FOR TOMORROW
                         NORMAL    RECORD    YEAR
 MAXIMUM TEMPERATURE (F)   58        76      1952
                                             1895
 MINIMUM TEMPERATURE (F)   37        23      1975
                                             1944


SUNRISE AND SUNSET
MARCH 26 2019.........SUNRISE   647 AM PDT   SUNSET   716 PM PDT
MARCH 27 2019.........SUNRISE   645 AM PDT   SUNSET   717 PM PDT


-  INDICATES NEGATIVE NUMBERS.
R  INDICATES RECORD WAS SET OR TIED.
MM INDICATES DATA IS MISSING.
T  INDICATES TRACE AMOUNT.




$$
