000
CDUS46 KPDT 250826
CLIPDT

CLIMATE REPORT
NATIONAL WEATHER SERVICE PENDLETON OR
126 AM PDT TUE JUN 25 2019


...................................

...THE PENDLETON OR CLIMATE SUMMARY FOR JUNE 24 2019...

CLIMATE NORMAL PERIOD 1981 TO 2010
CLIMATE RECORD PERIOD 1890 TO 2019


WEATHER ITEM   OBSERVED TIME   RECORD YEAR NORMAL DEPARTURE LAST
                VALUE   (LST)  VALUE       VALUE  FROM      YEAR
                                                  NORMAL
..................................................................
TEMPERATURE (F)
 YESTERDAY
  MAXIMUM         77    436 PM 102    1992  81     -4       93
                                      1929
  MINIMUM         47    457 AM  30    1904  53     -6       55
  AVERAGE         62                        67     -5       74

PRECIPITATION (IN)
  YESTERDAY        0.00          0.47 1905   0.03  -0.03     0.00
  MONTH TO DATE    0.09                      0.88  -0.79     0.42
  SINCE OCT 1     13.38                     11.29   2.09    10.68
  SINCE JAN 1      9.37                      7.29   2.08     6.49

SNOWFALL (IN)
  YESTERDAY        0.0           0.0  2002   0.0    0.0      0.0
                                      2001
                                      2000
  MONTH TO DATE    0.0                       0.0    0.0      0.0
  SINCE JAN 1     35.6                       7.7   27.9      5.0
  SINCE JUL 1     36.3                      15.2   21.1     15.0
  SNOW DEPTH       0

DEGREE DAYS
 HEATING
  YESTERDAY        3                         2      1        0
  MONTH TO DATE   51                        75    -24       56
  SINCE JUN 1     51                        75    -24       56
  SINCE JUL 1   5593                      5268    325     4958

 COOLING
  YESTERDAY        0                         4     -4        9
  MONTH TO DATE   80                        53     27       50
  SINCE JUN 1     80                        53     27       50
  SINCE JAN 1     95                        76     19       97
..................................................................


WIND (MPH)
  HIGHEST WIND SPEED    18   HIGHEST WIND DIRECTION     W (270)
  HIGHEST GUST SPEED    24   HIGHEST GUST DIRECTION     W (260)
  AVERAGE WIND SPEED     7.1


SKY COVER
  POSSIBLE SUNSHINE  MM
  AVERAGE SKY COVER 0.0


WEATHER CONDITIONS
 THE FOLLOWING WEATHER WAS RECORDED YESTERDAY.
  NO SIGNIFICANT WEATHER WAS OBSERVED.


RELATIVE HUMIDITY (PERCENT)
 HIGHEST    71           400 AM
 LOWEST     17           600 PM
 AVERAGE    44

..........................................................


THE PENDLETON OR CLIMATE NORMALS FOR TODAY
                         NORMAL    RECORD    YEAR
 MAXIMUM TEMPERATURE (F)   81       105      1925
 MINIMUM TEMPERATURE (F)   53        35      1904


SUNRISE AND SUNSET
JUNE 25 2019..........SUNRISE   507 AM PDT   SUNSET   849 PM PDT
JUNE 26 2019..........SUNRISE   507 AM PDT   SUNSET   849 PM PDT


-  INDICATES NEGATIVE NUMBERS.
R  INDICATES RECORD WAS SET OR TIED.
MM INDICATES DATA IS MISSING.
T  INDICATES TRACE AMOUNT.




$$
