637
CDUS46 KPQR 221142
CLIPDX


CLIMATE REPORT
NATIONAL WEATHER SERVICE PORTLAND OREGON
442 AM PDT FRI MAR 22 2019


...................................

...THE PORTLAND OR CLIMATE SUMMARY FOR MARCH 21 2019...

CLIMATE NORMAL PERIOD 1981 TO 2010
CLIMATE RECORD PERIOD 1940 TO 2019


WEATHER ITEM   OBSERVED TIME   RECORD YEAR NORMAL DEPARTURE LAST
                VALUE   (LST)  VALUE       VALUE  FROM      YEAR
                                                  NORMAL
..................................................................
TEMPERATURE (F)
 YESTERDAY
  MAXIMUM         59    405 PM  70    2004  58      1       54
                                      1978
  MINIMUM         47   1159 PM  28    1952  40      7       38
  AVERAGE         53                        49      4       46

PRECIPITATION (IN)
  YESTERDAY        T             1.36 1948   0.11  -0.11     0.21
  MONTH TO DATE    0.86                      2.60  -1.74     1.27
  SINCE OCT 1     19.12                     25.26  -6.14    22.59
  SINCE JAN 1      7.75                     11.14  -3.39     8.49

SNOWFALL (IN)
  YESTERDAY        0.0           0.1  2012
  MONTH TO DATE    0.5
  SINCE MAR 1      0.5
  SINCE JUL 1      7.0

DEGREE DAYS
 HEATING
  YESTERDAY       12                        16     -4       19
  MONTH TO DATE  428                       369     59      373
  SINCE MAR 1    428                       369     59      373
  SINCE JUL 1   3323                      3427   -104     3294

 COOLING
  YESTERDAY        0                         0      0        0
  MONTH TO DATE    0                         0      0        0
  SINCE MAR 1      0                         0      0        0
  SINCE JAN 1      0                         0      0        0
..................................................................


WIND (MPH)
  HIGHEST WIND SPEED    12   HIGHEST WIND DIRECTION     E (100)
  HIGHEST GUST SPEED    13   HIGHEST GUST DIRECTION     E (100)
  AVERAGE WIND SPEED     3.6


SKY COVER
  POSSIBLE SUNSHINE  MM
  AVERAGE SKY COVER 0.9


WEATHER CONDITIONS
 THE FOLLOWING WEATHER WAS RECORDED YESTERDAY.
  LIGHT RAIN


RELATIVE HUMIDITY (PERCENT)
 HIGHEST    86          1100 PM
 LOWEST     57           100 PM
 AVERAGE    72

..........................................................


THE PORTLAND OR CLIMATE NORMALS FOR TODAY
                         NORMAL    RECORD    YEAR
 MAXIMUM TEMPERATURE (F)   58        73      1979
 MINIMUM TEMPERATURE (F)   41        29      1966


SUNRISE AND SUNSET
MARCH 22 2019.........SUNRISE   710 AM PDT   SUNSET   725 PM PDT
MARCH 23 2019.........SUNRISE   708 AM PDT   SUNSET   727 PM PDT


-  INDICATES NEGATIVE NUMBERS.
R  INDICATES RECORD WAS SET OR TIED.
MM INDICATES DATA IS MISSING.
T  INDICATES TRACE AMOUNT.




$$
