000
CDUS46 KPQR 270222
CLIPDX


CLIMATE REPORT
NATIONAL WEATHER SERVICE PORTLAND OREGON
721 PM PDT SUN MAY 26 2019


...................................

...THE PORTLAND OR CLIMATE SUMMARY FOR MAY 26 2019...
VALID TODAY AS OF 0700 PM LOCAL TIME.

CLIMATE NORMAL PERIOD 1981 TO 2010
CLIMATE RECORD PERIOD 1940 TO 2019


WEATHER ITEM   OBSERVED TIME   RECORD YEAR NORMAL DEPARTURE LAST
                VALUE   (LST)  VALUE       VALUE  FROM      YEAR
                                                  NORMAL
..................................................................
TEMPERATURE (F)
 TODAY
  MAXIMUM         76    527 PM  92    1947  70      6       69
  MINIMUM         51    448 AM  41    1973  51      0       50
                                      1964
  AVERAGE         64                        60      4       60

PRECIPITATION (IN)
  TODAY            0.00          1.03 2012   0.09  -0.09     0.00
  MONTH TO DATE    1.51                      2.05  -0.54     0.15
  SINCE OCT 1     24.29                     31.12  -6.83    27.31
  SINCE JAN 1     12.92                     17.00  -4.08    13.21

SNOWFALL (IN)
  TODAY            0.0          MM      MM
  MONTH TO DATE    0.0
  SINCE MAR 1      0.5
  SINCE JUL 1      7.0

DEGREE DAYS
 HEATING
  TODAY            1                         5     -4        5
  MONTH TO DATE  106                       198    -92       66
  SINCE MAR 1    980                      1103   -123      950
  SINCE JUL 1   3875                      4161   -286     3871

 COOLING
  TODAY            0                         1     -1        0
  MONTH TO DATE   21                         7     14       32
  SINCE MAR 1     21                         8     13       41
  SINCE JAN 1     21                         8     13       41
..................................................................


WIND (MPH)
  HIGHEST WIND SPEED    13   HIGHEST WIND DIRECTION     W (290)
  HIGHEST GUST SPEED    16   HIGHEST GUST DIRECTION    NW (300)
  AVERAGE WIND SPEED     4.8



WEATHER CONDITIONS
 THE FOLLOWING WEATHER WAS RECORDED TODAY.
  NO SIGNIFICANT WEATHER WAS OBSERVED.


RELATIVE HUMIDITY (PERCENT)
 HIGHEST    83          1200 AM
 LOWEST     44           500 PM
 AVERAGE    64

..........................................................


THE PORTLAND OR CLIMATE NORMALS FOR TOMORROW
                         NORMAL    RECORD    YEAR
 MAXIMUM TEMPERATURE (F)   70        95      2005
 MINIMUM TEMPERATURE (F)   51        39      1966


SUNRISE AND SUNSET
MAY 26 2019...........SUNRISE   529 AM PDT   SUNSET   847 PM PDT
MAY 27 2019...........SUNRISE   528 AM PDT   SUNSET   848 PM PDT


-  INDICATES NEGATIVE NUMBERS.
R  INDICATES RECORD WAS SET OR TIED.
MM INDICATES DATA IS MISSING.
T  INDICATES TRACE AMOUNT.




$$
