000
CDUS41 KPBZ 172111
CLIPHD


CLIMATE REPORT
NATIONAL WEATHER SERVICE PITTSBURGH PA
511 PM EDT MON JUN 17 2019


...................................

...THE NEW PHILADELPHIA OH CLIMATE SUMMARY FOR JUNE 17 2019...
VALID TODAY AS OF 0500 PM LOCAL TIME.

CLIMATE NORMAL PERIOD 1981 TO 2010
CLIMATE RECORD PERIOD 1948 TO 2019


WEATHER ITEM   OBSERVED TIME   RECORD YEAR NORMAL DEPARTURE LAST
                VALUE   (LST)  VALUE       VALUE  FROM      YEAR
                                                  NORMAL
..................................................................
TEMPERATURE (F)
 TODAY
  MAXIMUM         76    235 PM  95    1967  81     -5       92
  MINIMUM         67    914 AM  38    1980  58      9       69
  AVERAGE         72                        69      3       81

PRECIPITATION (IN)
  TODAY            0.69          1.29 2009   0.11   0.58     0.08
  MONTH TO DATE    3.54                      2.46   1.08     2.70
  SINCE JUN 1      3.54                      2.46   1.08     2.70
  SINCE JAN 1     19.36                     18.06   1.30    19.98

DEGREE DAYS
 HEATING
  TODAY            0                         1     -1        0
  MONTH TO DATE   33                        30      3       15
  SINCE JUN 1     33                        30      3       15
  SINCE JUL 1   5413                      5639   -226     5601

 COOLING
  TODAY            7                         5      2       16
  MONTH TO DATE   47                        66    -19       90
  SINCE JUN 1     47                        66    -19       90
  SINCE JAN 1    145                       109     36      253
..................................................................


WIND (MPH)
  HIGHEST WIND SPEED     8   HIGHEST WIND DIRECTION     S (200)
  HIGHEST GUST SPEED    11   HIGHEST GUST DIRECTION     S (190)
  AVERAGE WIND SPEED     3.1


SKY COVER
  POSSIBLE SUNSHINE  MM
  AVERAGE SKY COVER 0.9


WEATHER CONDITIONS
 THE FOLLOWING WEATHER WAS RECORDED TODAY.
  THUNDERSTORM
  HEAVY RAIN
  RAIN
  LIGHT RAIN
  FOG


RELATIVE HUMIDITY (PERCENT)
 HIGHEST    93           400 AM
 LOWEST     74           100 PM
 AVERAGE    84

..........................................................


THE NEW PHILADELPHIA OH CLIMATE NORMALS FOR TOMORROW
                         NORMAL    RECORD    YEAR
 MAXIMUM TEMPERATURE (F)   81        95      1994
                                             1967
 MINIMUM TEMPERATURE (F)   58        41      1986


SUNRISE AND SUNSET
JUNE 17 2019..........SUNRISE   555 AM EDT   SUNSET   858 PM EDT
JUNE 18 2019..........SUNRISE   555 AM EDT   SUNSET   859 PM EDT


-  INDICATES NEGATIVE NUMBERS.
R  INDICATES RECORD WAS SET OR TIED.
MM INDICATES DATA IS MISSING.
T  INDICATES TRACE AMOUNT.




$$
