000
CDUS41 KPBZ 262130
CLIPHD


CLIMATE REPORT
NATIONAL WEATHER SERVICE PITTSBURGH PA
530 PM EDT TUE MAR 26 2019


...................................

...THE NEW PHILADELPHIA OH CLIMATE SUMMARY FOR MARCH 26 2019...
VALID TODAY AS OF 0500 PM LOCAL TIME.

CLIMATE NORMAL PERIOD 1981 TO 2010
CLIMATE RECORD PERIOD 1948 TO 2019


WEATHER ITEM   OBSERVED TIME   RECORD YEAR NORMAL DEPARTURE LAST
                VALUE   (LST)  VALUE       VALUE  FROM      YEAR
                                                  NORMAL
..................................................................
TEMPERATURE (F)
 TODAY
  MAXIMUM         47    357 PM  78    2007  55     -8       57
  MINIMUM         25    700 AM   5    1974  32     -7       32
  AVERAGE         36                        44     -8       45

PRECIPITATION (IN)
  TODAY            0.00          0.72 2002   0.11  -0.11     0.00
  MONTH TO DATE    1.82                      2.53  -0.71     0.75
  SINCE JUN 1     34.23                     30.79   3.44    28.96
  SINCE JAN 1      6.98                      7.49  -0.51     8.44

DEGREE DAYS
 HEATING
  TODAY           29                        21      8       20
  MONTH TO DATE  762                       677     85      803
  SINCE MAR 1    762                       677     85      803
  SINCE JUL 1   4828                      4884    -56     4893

 COOLING
  TODAY            0                         0      0        0
  MONTH TO DATE    0                         0      0        0
  SINCE MAR 1      0                         0      0        0
  SINCE JAN 1      0                         0      0        5
..................................................................


WIND (MPH)
  HIGHEST WIND SPEED    15   HIGHEST WIND DIRECTION    NE (30)
  HIGHEST GUST SPEED    20   HIGHEST GUST DIRECTION    NE (30)
  AVERAGE WIND SPEED     6.6


SKY COVER
  POSSIBLE SUNSHINE  MM
  AVERAGE SKY COVER 0.0


WEATHER CONDITIONS
 THE FOLLOWING WEATHER WAS RECORDED TODAY.
  NO SIGNIFICANT WEATHER WAS OBSERVED.


RELATIVE HUMIDITY (PERCENT)
 HIGHEST    55           500 AM
 LOWEST     26           300 PM
 AVERAGE    41

..........................................................


THE NEW PHILADELPHIA OH CLIMATE NORMALS FOR TOMORROW
                         NORMAL    RECORD    YEAR
 MAXIMUM TEMPERATURE (F)   56        80      1967
 MINIMUM TEMPERATURE (F)   33        13      1975


SUNRISE AND SUNSET
MARCH 26 2019.........SUNRISE   720 AM EDT   SUNSET   744 PM EDT
MARCH 27 2019.........SUNRISE   718 AM EDT   SUNSET   745 PM EDT


-  INDICATES NEGATIVE NUMBERS.
R  INDICATES RECORD WAS SET OR TIED.
MM INDICATES DATA IS MISSING.
T  INDICATES TRACE AMOUNT.




$$
