000
CDUS41 KPHI 222130
CLIPHL


CLIMATE REPORT
NATIONAL WEATHER SERVICE MOUNT HOLLY NJ
528 PM EDT WED MAY 22 2019


...................................

...THE PHILADELPHIA PA CLIMATE SUMMARY FOR MAY 22 2019...
VALID TODAY AS OF 0500 PM LOCAL TIME.

CLIMATE NORMAL PERIOD 1981 TO 2010
CLIMATE RECORD PERIOD 1872 TO 2019


WEATHER ITEM   OBSERVED TIME   RECORD YEAR NORMAL DEPARTURE LAST
                VALUE   (LST)  VALUE       VALUE  FROM      YEAR
                                                  NORMAL
..................................................................
TEMPERATURE (F)
 TODAY
  MAXIMUM         75    305 PM  96    1941  76     -1       66
  MINIMUM         54    452 AM  43    1895  56     -2       59
  AVERAGE         65                        66     -1       63

PRECIPITATION (IN)
  TODAY            0.00          1.67 1947   0.13  -0.13     0.35
  MONTH TO DATE    3.87                      2.59   1.28     4.26
  SINCE MAR 1     10.74                      9.94   0.80    12.94
  SINCE JAN 1     17.93                     15.62   2.31    21.81

SNOWFALL (IN)
  TODAY            0.0           0.0    MM   0.0    0.0      0.0
  MONTH TO DATE    0.0                       0.0    0.0      0.0
  SINCE MAR 1      4.0                       3.4    0.6     15.2
  SINCE JUL 1     17.1                      22.4   -5.3     29.8
  SNOW DEPTH       0

DEGREE DAYS
 HEATING
  TODAY            0                         2     -2        2
  MONTH TO DATE   74                        95    -21       37
  SINCE MAR 1    952                      1103   -151     1237
  SINCE JUL 1   4359                      4585   -226     4397

 COOLING
  TODAY            0                         3     -3        0
  MONTH TO DATE   46                        40      6       65
  SINCE MAR 1     70                        53     17       73
  SINCE JAN 1     70                        53     17       73
..................................................................


WIND (MPH)
  HIGHEST WIND SPEED    14   HIGHEST WIND DIRECTION     W (250)
  HIGHEST GUST SPEED    17   HIGHEST GUST DIRECTION     W (250)
  AVERAGE WIND SPEED     5.6


SKY COVER
  POSSIBLE SUNSHINE  MM
  AVERAGE SKY COVER 0.4


WEATHER CONDITIONS
 THE FOLLOWING WEATHER WAS RECORDED TODAY.
  NO SIGNIFICANT WEATHER WAS OBSERVED.


RELATIVE HUMIDITY (PERCENT)
 HIGHEST    51           200 AM
 LOWEST     25           200 PM
 AVERAGE    38

..........................................................


THE PHILADELPHIA PA CLIMATE NORMALS FOR TOMORROW
                         NORMAL    RECORD    YEAR
 MAXIMUM TEMPERATURE (F)   76        96      1925
 MINIMUM TEMPERATURE (F)   56        41      1961


SUNRISE AND SUNSET
MAY 22 2019...........SUNRISE   540 AM EDT   SUNSET   815 PM EDT
MAY 23 2019...........SUNRISE   540 AM EDT   SUNSET   816 PM EDT


-  INDICATES NEGATIVE NUMBERS.
R  INDICATES RECORD WAS SET OR TIED.
MM INDICATES DATA IS MISSING.
T  INDICATES TRACE AMOUNT.




$$
