000
CDUS41 KPHI 260556
CLIPHL


CLIMATE REPORT
NATIONAL WEATHER SERVICE MOUNT HOLLY NJ
153 AM EDT TUE MAR 26 2019


...................................

...THE PHILADELPHIA PA CLIMATE SUMMARY FOR MARCH 25 2019...

CLIMATE NORMAL PERIOD 1981 TO 2010
CLIMATE RECORD PERIOD 1872 TO 2019


WEATHER ITEM   OBSERVED TIME   RECORD YEAR NORMAL DEPARTURE LAST
                VALUE   (LST)  VALUE       VALUE  FROM      YEAR
                                                  NORMAL
..................................................................
TEMPERATURE (F)
 YESTERDAY
  MAXIMUM         59   1026 AM  82    1910  56      3       47
  MINIMUM         41   1159 PM  16    1878  37      4       32
  AVERAGE         50                        46      4       40

PRECIPITATION (IN)
  YESTERDAY        0.14          2.72 1876   0.13   0.01     0.00
  MONTH TO DATE    3.76                      3.00   0.76     4.48
  SINCE MAR 1      3.76                      3.00   0.76     4.48
  SINCE JAN 1     10.95                      8.68   2.27    13.35

SNOWFALL (IN)
  YESTERDAY        0.0           1.7  1965   0.1   -0.1      0.0
  MONTH TO DATE    4.0                       2.7    1.3     15.2
  SINCE MAR 1      4.0                       2.7    1.3     15.2
  SINCE JUL 1     17.1                      21.7   -4.6     29.8
  SNOW DEPTH       0

DEGREE DAYS
 HEATING
  YESTERDAY       15                        19     -4       25
  MONTH TO DATE  591                       562     29      661
  SINCE MAR 1    591                       562     29      661
  SINCE JUL 1   3998                      4044    -46     3821

 COOLING
  YESTERDAY        0                         0      0        0
  MONTH TO DATE    2                         0      2        0
  SINCE MAR 1      2                         0      2        0
  SINCE JAN 1      2                         0      2        0
..................................................................


WIND (MPH)
  HIGHEST WIND SPEED    16   HIGHEST WIND DIRECTION     N (20)
  HIGHEST GUST SPEED    26   HIGHEST GUST DIRECTION     N (360)
  AVERAGE WIND SPEED     7.9


SKY COVER
  POSSIBLE SUNSHINE  MM
  AVERAGE SKY COVER 1.0


WEATHER CONDITIONS
 THE FOLLOWING WEATHER WAS RECORDED YESTERDAY.
  RAIN
  LIGHT RAIN


RELATIVE HUMIDITY (PERCENT)
 HIGHEST    82           600 PM
 LOWEST     36          1100 AM
 AVERAGE    59

..........................................................


THE PHILADELPHIA PA CLIMATE NORMALS FOR TODAY
                         NORMAL    RECORD    YEAR
 MAXIMUM TEMPERATURE (F)   56        80      1921
 MINIMUM TEMPERATURE (F)   37        21      1960


SUNRISE AND SUNSET
MARCH 26 2019.........SUNRISE   655 AM EDT   SUNSET   719 PM EDT
MARCH 27 2019.........SUNRISE   653 AM EDT   SUNSET   720 PM EDT


-  INDICATES NEGATIVE NUMBERS.
R  INDICATES RECORD WAS SET OR TIED.
MM INDICATES DATA IS MISSING.
T  INDICATES TRACE AMOUNT.




$$
