000
CDUS43 KUNR 260832
CLIPHP


CLIMATE REPORT
NATIONAL WEATHER SERVICE RAPID CITY SD
232 AM MDT SUN MAY 26 2019


...................................

...THE PHILIP SD CLIMATE SUMMARY FOR MAY 25 2019...

CLIMATE NORMAL PERIOD 1981 TO 2010
CLIMATE RECORD PERIOD 9999 TO 9999


WEATHER ITEM   OBSERVED TIME   NORMAL DEPARTURE LAST
                VALUE   (LST)  VALUE  FROM      YEAR
                                      NORMAL
......................................................
TEMPERATURE (F)
 YESTERDAY
  MAXIMUM         69    240 PM  73     -4       86
  MINIMUM         40    441 AM  47     -7       55
  AVERAGE         55            60     -5       71

PRECIPITATION (IN)
  YESTERDAY        0.00          0.10  -0.10     0.00
  MONTH TO DATE    6.15          2.45   3.70     2.03
  SINCE MAR 1      8.67          5.56   3.11     5.01
  SINCE JAN 1      9.71          6.34   3.37     6.44

DEGREE DAYS
 HEATING
  YESTERDAY       10             6      4        0
  MONTH TO DATE  400           238    162      154
  SINCE MAR 1   2174          1740    434     1933
  SINCE JUL 1   8005          7105    900     7473

 COOLING
  YESTERDAY        0             1     -1        6
  MONTH TO DATE    3            20    -17       31
  SINCE MAR 1      3            23    -20       31
  SINCE JAN 1      3            23    -20       31
......................................................


WIND (MPH)
  HIGHEST WIND SPEED    13   HIGHEST WIND DIRECTION    NW (310)
  HIGHEST GUST SPEED    17   HIGHEST GUST DIRECTION     W (280)
  AVERAGE WIND SPEED     6.6


SKY COVER
  AVERAGE SKY COVER 0.0


WEATHER CONDITIONS
 THE FOLLOWING WEATHER WAS RECORDED YESTERDAY.
  NO SIGNIFICANT WEATHER WAS OBSERVED.


RELATIVE HUMIDITY (PERCENT)
 HIGHEST    96           100 AM
 LOWEST     37          1200 PM
 AVERAGE    67

..........................................................




SUNRISE AND SUNSET
MAY 26 2019...........SUNRISE   510 AM MDT   SUNSET   817 PM MDT
MAY 27 2019...........SUNRISE   510 AM MDT   SUNSET   818 PM MDT


-  INDICATES NEGATIVE NUMBERS.
R  INDICATES RECORD WAS SET OR TIED.
MM INDICATES DATA IS MISSING.
T  INDICATES TRACE AMOUNT.




$$
