000
CDUS43 KUNR 240833
CLIPHP


CLIMATE REPORT
NATIONAL WEATHER SERVICE RAPID CITY SD
231 AM MDT TUE APR 24 2018


...................................

...THE PHILIP SD CLIMATE SUMMARY FOR APRIL 23 2018...

CLIMATE NORMAL PERIOD 1981 TO 2010
CLIMATE RECORD PERIOD 9999 TO 9999


WEATHER ITEM   OBSERVED TIME   NORMAL DEPARTURE LAST
                VALUE   (LST)  VALUE  FROM      YEAR
                                      NORMAL
......................................................
TEMPERATURE (F)
 YESTERDAY
  MAXIMUM         72    447 PM  63      9       77
  MINIMUM         35    507 AM  35      0       41
  AVERAGE         54            49      5       59

PRECIPITATION (IN)
  YESTERDAY        0.01          0.08  -0.07     0.00
  MONTH TO DATE    0.91          1.23  -0.32     1.50
  SINCE MAR 1      2.63          2.50   0.13     2.30
  SINCE JAN 1      4.06          3.28   0.78     3.37

DEGREE DAYS
 HEATING
  YESTERDAY       11            16     -5        6
  MONTH TO DATE  671           460    211      348
  SINCE MAR 1   1690          1398    292     1161
  SINCE JUL 1   7230          6763    467     6221

 COOLING
  YESTERDAY        0             0      0        0
  MONTH TO DATE    0             0      0        0
  SINCE MAR 1      0             0      0        0
  SINCE JAN 1      0             0      0        0
......................................................


WIND (MPH)
  HIGHEST WIND SPEED    35   HIGHEST WIND DIRECTION    NW (310)
  HIGHEST GUST SPEED    42   HIGHEST GUST DIRECTION    NW (310)
  AVERAGE WIND SPEED    11.4


SKY COVER
  AVERAGE SKY COVER 0.3


WEATHER CONDITIONS
 THE FOLLOWING WEATHER WAS RECORDED YESTERDAY.
  LIGHT RAIN


RELATIVE HUMIDITY (PERCENT)
 HIGHEST   100           800 PM
 LOWEST     31           200 PM
 AVERAGE    66

..........................................................




SUNRISE AND SUNSET
APRIL 24 2018.........SUNRISE   548 AM MDT   SUNSET   741 PM MDT
APRIL 25 2018.........SUNRISE   547 AM MDT   SUNSET   743 PM MDT


-  INDICATES NEGATIVE NUMBERS.
R  INDICATES RECORD WAS SET OR TIED.
MM INDICATES DATA IS MISSING.
T  INDICATES TRACE AMOUNT.




$$
