000
CDUS43 KUNR 180840
CLIPHP


CLIMATE REPORT
NATIONAL WEATHER SERVICE RAPID CITY SD
239 AM MDT MON MAR 18 2019


...................................

...THE PHILIP SD CLIMATE SUMMARY FOR MARCH 17 2019...

CLIMATE NORMAL PERIOD 1981 TO 2010
CLIMATE RECORD PERIOD 9999 TO 9999


WEATHER ITEM   OBSERVED TIME   NORMAL DEPARTURE LAST
                VALUE   (LST)  VALUE  FROM      YEAR
                                      NORMAL
......................................................
TEMPERATURE (F)
 YESTERDAY
  MAXIMUM         37    231 PM  48    -11       35
  MINIMUM         17    610 AM  22     -5       17
  AVERAGE         27            35     -8       26

PRECIPITATION (IN)
  YESTERDAY        0.00          0.04  -0.04     0.00
  MONTH TO DATE    0.68          0.70  -0.02     1.16
  SINCE MAR 1      0.68          0.70  -0.02     1.16
  SINCE JAN 1      1.72          1.48   0.24     2.59

DEGREE DAYS
 HEATING
  YESTERDAY       38            30      8       39
  MONTH TO DATE  814           559    255      613
  SINCE MAR 1    814           559    255      613
  SINCE JUL 1   6645          5924    721     6153

 COOLING
  YESTERDAY        0             0      0        0
  MONTH TO DATE    0             0      0        0
  SINCE MAR 1      0             0      0        0
  SINCE JAN 1      0             0      0        0
......................................................


WIND (MPH)
  HIGHEST WIND SPEED    13   HIGHEST WIND DIRECTION     N (340)
  HIGHEST GUST SPEED    16   HIGHEST GUST DIRECTION    NW (330)
  AVERAGE WIND SPEED     5.1


SKY COVER
  AVERAGE SKY COVER 0.1


WEATHER CONDITIONS
 THE FOLLOWING WEATHER WAS RECORDED YESTERDAY.
  NO SIGNIFICANT WEATHER WAS OBSERVED.


RELATIVE HUMIDITY (PERCENT)
 HIGHEST   100           900 PM
 LOWEST     54           200 PM
 AVERAGE    77

..........................................................




SUNRISE AND SUNSET
MARCH 18 2019.........SUNRISE   654 AM MDT   SUNSET   656 PM MDT
MARCH 19 2019.........SUNRISE   652 AM MDT   SUNSET   657 PM MDT


-  INDICATES NEGATIVE NUMBERS.
R  INDICATES RECORD WAS SET OR TIED.
MM INDICATES DATA IS MISSING.
T  INDICATES TRACE AMOUNT.




$$
