000
CDUS45 KPSR 220847
CLIPHX

CLIMATE REPORT
NATIONAL WEATHER SERVICE PHOENIX AZ
147 AM MST SUN APR 22 2018


...................................

...THE PHOENIX AZ CLIMATE SUMMARY FOR APRIL 21 2018...

CLIMATE NORMAL PERIOD 1981 TO 2010
CLIMATE RECORD PERIOD 1895 TO 2018


WEATHER ITEM   OBSERVED TIME   RECORD YEAR NORMAL DEPARTURE LAST
                VALUE   (LST)  VALUE       VALUE  FROM      YEAR
                                                  NORMAL
..................................................................
TEMPERATURE (F)
 YESTERDAY
  MAXIMUM         89    528 PM 103    2012  87      2       95
                                      1989
  MINIMUM         59    607 AM  42    1967  62     -3       62
  AVERAGE         74                        74      0       79

PRECIPITATION (IN)
  YESTERDAY        0.00          0.44 1925   0.00   0.00     0.00
  MONTH TO DATE    0.00                      0.24  -0.24      T
  SINCE OCT 1      1.00                      5.17  -4.17     4.23
  SINCE JAN 1      0.77                      3.06  -2.29     2.40

SNOWFALL (IN)
  YESTERDAY        0.0
  MONTH TO DATE    0.0
  SINCE JAN 1      0.0
  SINCE JUL 1      0.0
  SNOW DEPTH       0

DEGREE DAYS
 HEATING
  YESTERDAY        0                         0      0        0
  MONTH TO DATE    0                        17    -17        2
  SINCE MAR 1     35                        98    -63       25
  SINCE JUL 1    499                       931   -432      693

 COOLING
  YESTERDAY        9                        10     -1       14
  MONTH TO DATE  225                       151     74      204
  SINCE MAR 1    325                       238     87      409
  SINCE JAN 1    347                       255     92      429
..................................................................


WIND (MPH)
  HIGHEST WIND SPEED    14   HIGHEST WIND DIRECTION     W (270)
  HIGHEST GUST SPEED    20   HIGHEST GUST DIRECTION     N (350)
  AVERAGE WIND SPEED     5.2


SKY COVER
  AVERAGE SKY COVER 0.4


WEATHER CONDITIONS
 THE FOLLOWING WEATHER WAS RECORDED YESTERDAY.
  NO SIGNIFICANT WEATHER WAS OBSERVED.


RELATIVE HUMIDITY (PERCENT)
 HIGHEST    36           500 AM
 LOWEST     12           300 PM
 AVERAGE    24

..........................................................


THE PHOENIX AZ CLIMATE NORMALS FOR TODAY
                         NORMAL    RECORD    YEAR
 MAXIMUM TEMPERATURE (F)   87       105      2012
 MINIMUM TEMPERATURE (F)   62        39      1904


SUNRISE AND SUNSET
APRIL 22 2018.........SUNRISE   549 AM MST   SUNSET   704 PM MST
APRIL 23 2018.........SUNRISE   548 AM MST   SUNSET   705 PM MST


-  INDICATES NEGATIVE NUMBERS.
R  INDICATES RECORD WAS SET OR TIED.
MM INDICATES DATA IS MISSING.
T  INDICATES TRACE AMOUNT.

&&
.....................................................................

DEW POINT
  HIGHEST DEW POINT    37
   LOWEST DEW POINT    28
  AVERAGE DEW POINT    32
.....................................................................

$$
