475
CDUS45 KPSR 220824
CLIPHX

CLIMATE REPORT
NATIONAL WEATHER SERVICE PHOENIX AZ
119 AM MST WED MAY 22 2019


...................................

...THE PHOENIX AZ CLIMATE SUMMARY FOR MAY 21 2019...

CLIMATE NORMAL PERIOD 1981 TO 2010
CLIMATE RECORD PERIOD 1895 TO 2019


WEATHER ITEM   OBSERVED TIME   RECORD YEAR NORMAL DEPARTURE LAST
                VALUE   (LST)  VALUE       VALUE  FROM      YEAR
                                                  NORMAL
..................................................................
TEMPERATURE (F)
 YESTERDAY
  MAXIMUM         83    345 PM 109    2005  96    -13       97
  MINIMUM         57    606 AM  48    1902  71    -14       72
  AVERAGE         70                        84    -14       85

PRECIPITATION (IN)
  YESTERDAY        0.00          0.42 1920   0.00   0.00     0.00
  MONTH TO DATE    0.04                      0.08  -0.04     0.00
  SINCE OCT 1      8.85                      5.29   3.56     1.00
  SINCE JAN 1      2.96                      3.18  -0.22     0.77

SNOWFALL (IN)
  YESTERDAY        0.0
  MONTH TO DATE    0.0
  SINCE JAN 1      0.0
  SINCE JUL 1      0.0
  SNOW DEPTH       0

DEGREE DAYS
 HEATING
  YESTERDAY        0                         0      0        0
  MONTH TO DATE    0                         0      0        0
  SINCE MAR 1     59                       101    -42       35
  SINCE JUL 1    981                       934     47      499

 COOLING
  YESTERDAY        5                        19    -14       20
  MONTH TO DATE  253                       329    -76      378
  SINCE MAR 1    654                       667    -13      859
  SINCE JAN 1    654                       684    -30      881
..................................................................


WIND (MPH)
  HIGHEST WIND SPEED    28   HIGHEST WIND DIRECTION    SW (230)
  HIGHEST GUST SPEED    35   HIGHEST GUST DIRECTION    SW (230)
  AVERAGE WIND SPEED    12.0


SKY COVER
  AVERAGE SKY COVER 0.2


WEATHER CONDITIONS
 THE FOLLOWING WEATHER WAS RECORDED YESTERDAY.
  NO SIGNIFICANT WEATHER WAS OBSERVED.


RELATIVE HUMIDITY (PERCENT)
 HIGHEST    55           400 AM
 LOWEST     12           500 PM
 AVERAGE    34

..........................................................


THE PHOENIX AZ CLIMATE NORMALS FOR TODAY
                         NORMAL    RECORD    YEAR
 MAXIMUM TEMPERATURE (F)   97       109      2005
                                             2000
 MINIMUM TEMPERATURE (F)   71        48      1962


SUNRISE AND SUNSET
MAY 22 2019...........SUNRISE   524 AM MST   SUNSET   726 PM MST
MAY 23 2019...........SUNRISE   523 AM MST   SUNSET   727 PM MST


-  INDICATES NEGATIVE NUMBERS.
R  INDICATES RECORD WAS SET OR TIED.
MM INDICATES DATA IS MISSING.
T  INDICATES TRACE AMOUNT.

&&
.....................................................................

DEW POINT
  HIGHEST DEW POINT    43
   LOWEST DEW POINT    22
  AVERAGE DEW POINT    35
.....................................................................

$$
