000
CDUS45 KPSR 240818
CLIPHX

CLIMATE REPORT
NATIONAL WEATHER SERVICE PHOENIX AZ
117 AM MST SUN MAR 24 2019


...................................

...THE PHOENIX AZ CLIMATE SUMMARY FOR MARCH 23 2019...

CLIMATE NORMAL PERIOD 1981 TO 2010
CLIMATE RECORD PERIOD 1895 TO 2019


WEATHER ITEM   OBSERVED TIME   RECORD YEAR NORMAL DEPARTURE LAST
                VALUE   (LST)  VALUE       VALUE  FROM      YEAR
                                                  NORMAL
..................................................................
TEMPERATURE (F)
 YESTERDAY
  MAXIMUM         78    340 PM  93    1990  79     -1       84
  MINIMUM         54    729 AM  31    1897  55     -1       70
  AVERAGE         66                        67     -1       77

PRECIPITATION (IN)
  YESTERDAY        0.00          0.52 2010   0.03  -0.03     0.00
  MONTH TO DATE    0.30                      0.81  -0.51     0.04
  SINCE OCT 1      8.72                      4.75   3.97     1.00
  SINCE JAN 1      2.83                      2.64   0.19     0.77

SNOWFALL (IN)
  YESTERDAY        0.0
  MONTH TO DATE    0.0
  SINCE JAN 1      0.0
  SINCE JUL 1      0.0
  SNOW DEPTH       0

DEGREE DAYS
 HEATING
  YESTERDAY        0                         2     -2        0
  MONTH TO DATE   59                        68     -9       35
  SINCE MAR 1     59                        68     -9       35
  SINCE JUL 1    981                       901     80      499

 COOLING
  YESTERDAY        1                         4     -3       12
  MONTH TO DATE   44                        53     -9       63
  SINCE MAR 1     44                        53     -9       63
  SINCE JAN 1     44                        70    -26       85
..................................................................


WIND (MPH)
  HIGHEST WIND SPEED    15   HIGHEST WIND DIRECTION     W (290)
  HIGHEST GUST SPEED    19   HIGHEST GUST DIRECTION    NW (300)
  AVERAGE WIND SPEED     4.8


SKY COVER
  AVERAGE SKY COVER 0.5


WEATHER CONDITIONS
 THE FOLLOWING WEATHER WAS RECORDED YESTERDAY.
  NO SIGNIFICANT WEATHER WAS OBSERVED.


RELATIVE HUMIDITY (PERCENT)
 HIGHEST    64           700 AM
 LOWEST     19           500 PM
 AVERAGE    42

..........................................................


THE PHOENIX AZ CLIMATE NORMALS FOR TODAY
                         NORMAL    RECORD    YEAR
 MAXIMUM TEMPERATURE (F)   79        94      1990
 MINIMUM TEMPERATURE (F)   55        36      1962
                                             1917
                                             1898


SUNRISE AND SUNSET
MARCH 24 2019.........SUNRISE   627 AM MST   SUNSET   643 PM MST
MARCH 25 2019.........SUNRISE   625 AM MST   SUNSET   643 PM MST


-  INDICATES NEGATIVE NUMBERS.
R  INDICATES RECORD WAS SET OR TIED.
MM INDICATES DATA IS MISSING.
T  INDICATES TRACE AMOUNT.

&&
.....................................................................

DEW POINT
  HIGHEST DEW POINT    41
   LOWEST DEW POINT    28
  AVERAGE DEW POINT    35
.....................................................................

$$
