000
CDUS43 KILX 242141
CLIPIA


CLIMATE REPORT
NATIONAL WEATHER SERVICE LINCOLN IL
430 PM CDT SUN MAR 24 2019


...................................

...THE PEORIA IL CLIMATE SUMMARY FOR MARCH 24 2019...
VALID TODAY AS OF 0400 PM LOCAL TIME.

CLIMATE NORMAL PERIOD 1981 TO 2010
CLIMATE RECORD PERIOD 1883 TO 2019


WEATHER ITEM   OBSERVED TIME   RECORD YEAR NORMAL DEPARTURE LAST
                VALUE   (LST)  VALUE       VALUE  FROM      YEAR
                                                  NORMAL
..................................................................
TEMPERATURE (F)
 TODAY
  MAXIMUM         50    259 PM  81    1929  54     -4       37
  MINIMUM         44   1057 AM   6    1974  34     10       31
  AVERAGE         47                        44      3       34

PRECIPITATION (IN)
  TODAY            0.23          1.92 2009   0.09   0.14     1.21
  MONTH TO DATE    2.62                      2.09   0.53     3.05
  SINCE MAR 1      2.62                      2.09   0.53     3.05
  SINCE JAN 1      8.27                      5.66   2.61     9.47

SNOWFALL (IN)
  TODAY           MM             7.9  2018   0.0   MM        7.9
  MONTH TO DATE    0.8                       2.3   -1.5      9.3
  SINCE MAR 1      0.8                       2.3   -1.5      9.3
  SINCE JUL 1     31.4                      23.6    7.8     29.6
  SNOW DEPTH       0

DEGREE DAYS
 HEATING
  TODAY           18                        21     -3       31
  MONTH TO DATE  703                       619     84      654
  SINCE MAR 1    703                       619     84      654
  SINCE JUL 1   5362                      5135    227     5014

 COOLING
  TODAY            0                         0      0        0
  MONTH TO DATE    0                         0      0        0
  SINCE MAR 1      0                         0      0        0
  SINCE JAN 1      0                         0      0        0
..................................................................


WIND (MPH)
  HIGHEST WIND SPEED    10   HIGHEST WIND DIRECTION    SE (120)
  HIGHEST GUST SPEED    14   HIGHEST GUST DIRECTION    SE (130)
  AVERAGE WIND SPEED     5.9


SKY COVER
  POSSIBLE SUNSHINE  MM
  AVERAGE SKY COVER 1.0


WEATHER CONDITIONS
 THE FOLLOWING WEATHER WAS RECORDED TODAY.
  RAIN
  LIGHT RAIN
  FOG


RELATIVE HUMIDITY (PERCENT)
 HIGHEST    93           100 PM
 LOWEST     56          1200 AM
 AVERAGE    75

..........................................................


THE PEORIA IL CLIMATE NORMALS FOR TOMORROW
                         NORMAL    RECORD    YEAR
 MAXIMUM TEMPERATURE (F)   54        81      1907
 MINIMUM TEMPERATURE (F)   34         5      1960


SUNRISE AND SUNSET
MARCH 24 2019.........SUNRISE   656 AM CDT   SUNSET   715 PM CDT
MARCH 25 2019.........SUNRISE   654 AM CDT   SUNSET   716 PM CDT


-  INDICATES NEGATIVE NUMBERS.
R  INDICATES RECORD WAS SET OR TIED.
MM INDICATES DATA IS MISSING.
T  INDICATES TRACE AMOUNT.




$$
