819
CDUS43 KILX 252148
CLIPIA


CLIMATE REPORT
NATIONAL WEATHER SERVICE LINCOLN IL
438 PM CDT SAT MAY 25 2019


...................................

...THE PEORIA IL CLIMATE SUMMARY FOR MAY 25 2019...
VALID TODAY AS OF 0400 PM LOCAL TIME.

CLIMATE NORMAL PERIOD 1981 TO 2010
CLIMATE RECORD PERIOD 1883 TO 2019


WEATHER ITEM   OBSERVED TIME   RECORD YEAR NORMAL DEPARTURE LAST
                VALUE   (LST)  VALUE       VALUE  FROM      YEAR
                                                  NORMAL
..................................................................
TEMPERATURE (F)
 TODAY
  MAXIMUM         84    255 PM  93    1911  76      8       88
  MINIMUM         68    518 AM  30    1925  54     14       65
  AVERAGE         76                        65     11       77

PRECIPITATION (IN)
  TODAY            T             2.79 2011   0.14  -0.14     0.28
  MONTH TO DATE    5.94                      3.55   2.39     2.42
  SINCE MAR 1     14.63                      9.98   4.65     7.87
  SINCE JAN 1     20.28                     13.55   6.73    14.29

SNOWFALL (IN)
  TODAY            0.0           0.0    MM   0.0    0.0      0.0
  MONTH TO DATE    0.0                       0.0    0.0      0.0
  SINCE MAR 1      5.8                       3.3    2.5     11.8
  SINCE JUL 1     36.4                      24.6   11.8     32.1
  SNOW DEPTH       0

DEGREE DAYS
 HEATING
  TODAY            0                         3     -3        0
  MONTH TO DATE  150                       133     17        7
  SINCE MAR 1   1364                      1282     82     1409
  SINCE JUL 1   6023                      5798    225     5769

 COOLING
  TODAY           11                         3      8       12
  MONTH TO DATE   40                        45     -5      131
  SINCE MAR 1     47                        59    -12      133
  SINCE JAN 1     47                        59    -12      133
..................................................................


WIND (MPH)
  HIGHEST WIND SPEED    20   HIGHEST WIND DIRECTION     W (250)
  HIGHEST GUST SPEED    29   HIGHEST GUST DIRECTION    SW (230)
  AVERAGE WIND SPEED    10.8


SKY COVER
  POSSIBLE SUNSHINE  MM
  AVERAGE SKY COVER 0.3


WEATHER CONDITIONS
 THE FOLLOWING WEATHER WAS RECORDED TODAY.
  LIGHT RAIN


RELATIVE HUMIDITY (PERCENT)
 HIGHEST    84           300 AM
 LOWEST     55           300 PM
 AVERAGE    70

..........................................................


THE PEORIA IL CLIMATE NORMALS FOR TOMORROW
                         NORMAL    RECORD    YEAR
 MAXIMUM TEMPERATURE (F)   76        95      1911
 MINIMUM TEMPERATURE (F)   55        34      1979


SUNRISE AND SUNSET
MAY 25 2019...........SUNRISE   534 AM CDT   SUNSET   818 PM CDT
MAY 26 2019...........SUNRISE   533 AM CDT   SUNSET   819 PM CDT


-  INDICATES NEGATIVE NUMBERS.
R  INDICATES RECORD WAS SET OR TIED.
MM INDICATES DATA IS MISSING.
T  INDICATES TRACE AMOUNT.




$$
