000
CDUS43 KILX 210635
CLIPIA


CLIMATE REPORT
NATIONAL WEATHER SERVICE LINCOLN IL
134 AM CDT SAT APR 21 2018


...................................

...THE PEORIA IL CLIMATE SUMMARY FOR APRIL 20 2018...

CLIMATE NORMAL PERIOD 1981 TO 2010
CLIMATE RECORD PERIOD 1883 TO 2018


WEATHER ITEM   OBSERVED TIME   RECORD YEAR NORMAL DEPARTURE LAST
                VALUE   (LST)  VALUE       VALUE  FROM      YEAR
                                                  NORMAL
..................................................................
TEMPERATURE (F)
 YESTERDAY
  MAXIMUM         62    429 PM  89    1987  65     -3       71
  MINIMUM         28R   458 AM  28    1897  43    -15       52
  AVERAGE         45                        54     -9       62

PRECIPITATION (IN)
  YESTERDAY        0.00          2.60 1905   0.13  -0.13     0.03
  MONTH TO DATE    1.72                      2.36  -0.64     3.25
  SINCE MAR 1      5.44                      5.16   0.28     7.28
  SINCE JAN 1     11.86                      8.73   3.13     9.94

SNOWFALL (IN)
  YESTERDAY        0.0           T    1959   0.0    0.0      0.0
                                      1953
                                      1950
  MONTH TO DATE    2.5                       0.6    1.9      0.0
  SINCE MAR 1     11.8                       3.3    8.5      4.2
  SINCE JUL 1     32.1                      24.6    7.5     13.9
  SNOW DEPTH       0

DEGREE DAYS
 HEATING
  YESTERDAY       20                        12      8        3
  MONTH TO DATE  500                       297    203      153
  SINCE MAR 1   1311                      1053    258      845
  SINCE JUL 1   5671                      5569    102     4452

 COOLING
  YESTERDAY        0                         1     -1        0
  MONTH TO DATE    2                         3     -1       16
  SINCE MAR 1      2                         4     -2       16
  SINCE JAN 1      2                         4     -2       16
..................................................................


WIND (MPH)
  HIGHEST WIND SPEED    14   HIGHEST WIND DIRECTION    SE (140)
  HIGHEST GUST SPEED    19   HIGHEST GUST DIRECTION     S (160)
  AVERAGE WIND SPEED     3.7


SKY COVER
  POSSIBLE SUNSHINE  MM
  AVERAGE SKY COVER 0.0


WEATHER CONDITIONS
 THE FOLLOWING WEATHER WAS RECORDED YESTERDAY.
  NO SIGNIFICANT WEATHER WAS OBSERVED.


RELATIVE HUMIDITY (PERCENT)
 HIGHEST    85           500 AM
 LOWEST     20           200 PM
 AVERAGE    53

..........................................................


THE PEORIA IL CLIMATE NORMALS FOR TODAY
                         NORMAL    RECORD    YEAR
 MAXIMUM TEMPERATURE (F)   65        85      1985
 MINIMUM TEMPERATURE (F)   44        28      1943


SUNRISE AND SUNSET
APRIL 21 2018.........SUNRISE   611 AM CDT   SUNSET   744 PM CDT
APRIL 22 2018.........SUNRISE   610 AM CDT   SUNSET   745 PM CDT


-  INDICATES NEGATIVE NUMBERS.
R  INDICATES RECORD WAS SET OR TIED.
MM INDICATES DATA IS MISSING.
T  INDICATES TRACE AMOUNT.




$$
