000
CDUS45 KPIH 220729
CLIPIH


CLIMATE REPORT
NATIONAL WEATHER SERVICE POCATELLO ID
129 AM MDT WED MAY 22 2019


...................................

...THE POCATELLO ID CLIMATE SUMMARY FOR MAY 21 2019...

CLIMATE NORMAL PERIOD 1981 TO 2010
CLIMATE RECORD PERIOD 1939 TO 2019


WEATHER ITEM   OBSERVED TIME   RECORD YEAR NORMAL DEPARTURE LAST
                VALUE   (LST)  VALUE       VALUE  FROM      YEAR
                                                  NORMAL
..................................................................
TEMPERATURE (F)
 YESTERDAY
  MAXIMUM         54    556 PM  92    2012  69    -15       75
  MINIMUM         42   1046 AM  26    2001  41      1       45
  AVERAGE         48                        55     -7       60

PRECIPITATION (IN)
  YESTERDAY        0.33          1.29 1970   0.04   0.29      T
  MONTH TO DATE    1.06                      0.98   0.08     0.62
  SINCE OCT 1     10.82                      8.57   2.25     7.69
  SINCE JAN 1      7.93                      5.35   2.58     4.90

SNOWFALL (IN)
  YESTERDAY        0.0
  MONTH TO DATE    0.0
  SINCE MAR 1      3.7
  SINCE JUL 1     40.3
  SNOW DEPTH       0

DEGREE DAYS
 HEATING
  YESTERDAY       17                        10      7        5
  MONTH TO DATE  274                       266      8      186
  SINCE MAR 1   1671                      1687    -16     1503
  SINCE JUL 1   6935                      6960    -25     6211

 COOLING
  YESTERDAY        0                         0      0        0
  MONTH TO DATE    0                         0      0        1
  SINCE MAR 1      0                         0      0        1
  SINCE JAN 1      0                         0      0        1
..................................................................


WIND (MPH)
  HIGHEST WIND SPEED    22   HIGHEST WIND DIRECTION    SW (240)
  HIGHEST GUST SPEED    26   HIGHEST GUST DIRECTION     W (250)
  AVERAGE WIND SPEED     9.8


SKY COVER
  POSSIBLE SUNSHINE  MM
  AVERAGE SKY COVER 0.9


WEATHER CONDITIONS
 THE FOLLOWING WEATHER WAS RECORDED YESTERDAY.
  RAIN
  LIGHT RAIN
  FOG


RELATIVE HUMIDITY (PERCENT)
 HIGHEST    92           600 AM
 LOWEST     59           500 PM
 AVERAGE    76

..........................................................


THE POCATELLO ID CLIMATE NORMALS FOR TODAY
                         NORMAL    RECORD    YEAR
 MAXIMUM TEMPERATURE (F)   70        87      1967
 MINIMUM TEMPERATURE (F)   41        30      2010


SUNRISE AND SUNSET
MAY 22 2019...........SUNRISE   601 AM MDT   SUNSET   854 PM MDT
MAY 23 2019...........SUNRISE   600 AM MDT   SUNSET   855 PM MDT


-  INDICATES NEGATIVE NUMBERS.
R  INDICATES RECORD WAS SET OR TIED.
MM INDICATES DATA IS MISSING.
T  INDICATES TRACE AMOUNT.




$$
