000
CDUS45 KPIH 222324
CLIPIH


CLIMATE REPORT
NATIONAL WEATHER SERVICE POCATELLO ID
523 PM MDT FRI MAR 22 2019


...................................

...THE POCATELLO ID CLIMATE SUMMARY FOR MARCH 22 2019...
VALID TODAY AS OF 0500 PM LOCAL TIME.

CLIMATE NORMAL PERIOD 1981 TO 2010
CLIMATE RECORD PERIOD 1939 TO 2019


WEATHER ITEM   OBSERVED TIME   RECORD YEAR NORMAL DEPARTURE LAST
                VALUE   (LST)  VALUE       VALUE  FROM      YEAR
                                                  NORMAL
..................................................................
TEMPERATURE (F)
 TODAY
  MAXIMUM         45    352 AM  70    1972  51     -6       55
  MINIMUM         38   1002 AM   3    1952  29      9       40
  AVERAGE         42                        40      2       48

PRECIPITATION (IN)
  TODAY            0.25          0.63 2018   0.04   0.21     0.63
  MONTH TO DATE    0.71                      0.91  -0.20     1.78
  SINCE OCT 1      7.20                      6.09   1.11     5.90
  SINCE JAN 1      4.31                      2.87   1.44     3.11

SNOWFALL (IN)
  TODAY            0.0
  MONTH TO DATE    2.4
  SINCE MAR 1      2.4
  SINCE JUL 1     39.0
  SNOW DEPTH       0

DEGREE DAYS
 HEATING
  TODAY           23                        25     -2       17
  MONTH TO DATE  678                       623     55      616
  SINCE MAR 1    678                       623     55      616
  SINCE JUL 1   5942                      5896     46     5324

 COOLING
  TODAY            0                         0      0        0
  MONTH TO DATE    0                         0      0        0
  SINCE MAR 1      0                         0      0        0
  SINCE JAN 1      0                         0      0        0
..................................................................


WIND (MPH)
  HIGHEST WIND SPEED    16   HIGHEST WIND DIRECTION    SW (210)
  HIGHEST GUST SPEED    19   HIGHEST GUST DIRECTION     S (200)
  AVERAGE WIND SPEED     5.1


SKY COVER
  POSSIBLE SUNSHINE  MM
  AVERAGE SKY COVER 1.0


WEATHER CONDITIONS
 THE FOLLOWING WEATHER WAS RECORDED TODAY.
  RAIN
  LIGHT RAIN
  FOG


RELATIVE HUMIDITY (PERCENT)
 HIGHEST    92           600 AM
 LOWEST     58           400 AM
 AVERAGE    75

..........................................................


THE POCATELLO ID CLIMATE NORMALS FOR TOMORROW
                         NORMAL    RECORD    YEAR
 MAXIMUM TEMPERATURE (F)   52        71      2004
 MINIMUM TEMPERATURE (F)   29        12      1964


SUNRISE AND SUNSET
MARCH 22 2019.........SUNRISE   730 AM MDT   SUNSET   745 PM MDT
MARCH 23 2019.........SUNRISE   729 AM MDT   SUNSET   746 PM MDT


-  INDICATES NEGATIVE NUMBERS.
R  INDICATES RECORD WAS SET OR TIED.
MM INDICATES DATA IS MISSING.
T  INDICATES TRACE AMOUNT.




$$
