000
CDUS43 KABR 252236
CLIPIR


CLIMATE REPORT
NATIONAL WEATHER SERVICE ABERDEEN SD
535 PM CDT SAT MAY 25 2019


...................................

...THE PIERRE SD CLIMATE SUMMARY FOR MAY 25 2019...
VALID TODAY AS OF 0500 PM LOCAL TIME.

CLIMATE NORMAL PERIOD 1981 TO 2010
CLIMATE RECORD PERIOD 1892 TO 2019


WEATHER ITEM   OBSERVED TIME   RECORD YEAR NORMAL DEPARTURE
                VALUE   (LST)  VALUE       VALUE  FROM
                                                  NORMAL
...............................................................
TEMPERATURE (F)
 TODAY
  MAXIMUM         68    359 PM  95    1985  72     -4
  MINIMUM         44    524 AM  34    1992  49     -5
  AVERAGE         56                        61     -5

PRECIPITATION (IN)
  TODAY            0.00          1.22 1907   0.11  -0.11
  MONTH TO DATE    5.60                      2.46   3.14
  SINCE MAR 1     10.66                      5.50   5.16
  SINCE JAN 1     12.67                      6.51   6.16

SNOWFALL (IN)
  TODAY            0.0
  MONTH TO DATE    0.0
  SINCE OCT 1     66.3
  SINCE JUL 1     66.3
  SNOW DEPTH       0

DEGREE DAYS
 HEATING
  TODAY            9                                3
  MONTH TO DATE  375                              156
  SINCE MAR 1   2185                              474
  SINCE JUL 1   8103                              894

 COOLING
  TODAY            0                               -1
  MONTH TO DATE    5                              -18
  SINCE MAR 1      7                              -20
  SINCE JAN 1      7                              -20
...............................................................


WIND (MPH)
  HIGHEST GUST SPEED    24   HIGHEST GUST DIRECTION    NW (310)


SKY COVER
  AVERAGE SKY COVER 0.0


WEATHER CONDITIONS
 THE FOLLOWING WEATHER WAS RECORDED TODAY.
  NO SIGNIFICANT WEATHER WAS OBSERVED.


RELATIVE HUMIDITY (PERCENT)
 HIGHEST    89
 LOWEST     39
 AVERAGE    64

..........................................................


THE PIERRE SD CLIMATE NORMALS FOR TOMORROW
                         NORMAL    RECORD    YEAR
 MAXIMUM TEMPERATURE (F)   73        96      2006
 MINIMUM TEMPERATURE (F)   49        29      1992


SUNRISE AND SUNSET
MAY 25 2019...........SUNRISE   605 AM CDT   SUNSET   912 PM CDT
MAY 26 2019...........SUNRISE   604 AM CDT   SUNSET   913 PM CDT


-  INDICATES NEGATIVE NUMBERS.
R  INDICATES RECORD WAS SET OR TIED.
MM INDICATES DATA IS MISSING.
T  INDICATES TRACE AMOUNT.




$$
