000
CDUS43 KABR 240810
CLIPIR


CLIMATE REPORT
NATIONAL WEATHER SERVICE ABERDEEN SD
310 AM CDT SUN MAR 24 2019


...................................

...THE PIERRE SD CLIMATE SUMMARY FOR MARCH 23 2019...

CLIMATE NORMAL PERIOD 1981 TO 2010
CLIMATE RECORD PERIOD 1892 TO 2019


WEATHER ITEM   OBSERVED TIME   RECORD YEAR NORMAL DEPARTURE LAST
                VALUE   (LST)  VALUE       VALUE  FROM      YEAR
                                                  NORMAL
..................................................................
TEMPERATURE (F)
 YESTERDAY
  MAXIMUM         49    330 PM  84    1939  48      1
  MINIMUM         34    638 AM  -5    1965  26      8
  AVERAGE         42                        37      5

PRECIPITATION (IN)
  YESTERDAY        T             0.81 1931   0.04  -0.04
  MONTH TO DATE    1.79                      0.83   0.96
  SINCE MAR 1      1.79                      0.83   0.96
  SINCE JAN 1      3.80                      1.84   1.96

SNOWFALL (IN)
  YESTERDAY        0.0           7.8  1975   0.1   -0.1      0.0
  MONTH TO DATE   15.9                       4.7   11.2     11.0
  SINCE OCT 1     50.2                      26.5   23.7     32.0
  SINCE JUL 1     50.2                      26.5   23.7     32.0
  SNOW DEPTH       8

DEGREE DAYS
 HEATING
  YESTERDAY       23                               -5
  MONTH TO DATE 1010                              271
  SINCE MAR 1   1010                              271
  SINCE JUL 1   6928                              691

 COOLING
  YESTERDAY        0                                0
  MONTH TO DATE    0                                0
  SINCE MAR 1      0                                0
  SINCE JAN 1      0                                0
..................................................................


WIND (MPH)
  HIGHEST WIND SPEED    13   HIGHEST WIND DIRECTION    SE (150)
  HIGHEST GUST SPEED    18   HIGHEST GUST DIRECTION    SE (130)
  AVERAGE WIND SPEED     6.9


SKY COVER
  AVERAGE SKY COVER 0.7


WEATHER CONDITIONS
 THE FOLLOWING WEATHER WAS RECORDED YESTERDAY.
  LIGHT RAIN
  FOG


RELATIVE HUMIDITY (PERCENT)
 HIGHEST   100
 LOWEST     70
 AVERAGE    85

..........................................................


THE PIERRE SD CLIMATE NORMALS FOR TODAY
                         NORMAL    RECORD    YEAR
 MAXIMUM TEMPERATURE (F)   49        84      1939
 MINIMUM TEMPERATURE (F)   26        -3      1965


SUNRISE AND SUNSET
MARCH 24 2019.........SUNRISE   737 AM CDT   SUNSET   758 PM CDT
MARCH 25 2019.........SUNRISE   735 AM CDT   SUNSET   800 PM CDT


-  INDICATES NEGATIVE NUMBERS.
R  INDICATES RECORD WAS SET OR TIED.
MM INDICATES DATA IS MISSING.
T  INDICATES TRACE AMOUNT.




$$
