000
CDUS41 KPBZ 240702
CLIPIT

CLIMATE REPORT
NATIONAL WEATHER SERVICE PITTSBURGH PA
302 AM EDT SUN MAR 24 2019

...................................

...THE PITTSBURGH PA CLIMATE SUMMARY FOR MARCH 23 2019...

CLIMATE NORMAL PERIOD 1981 TO 2010
CLIMATE RECORD PERIOD 1871 TO 2019

WEATHER ITEM   OBSERVED TIME   RECORD YEAR NORMAL DEPARTURE LAST
                VALUE   (LST)  VALUE       VALUE  FROM      YEAR
                                                  NORMAL
..................................................................
TEMPERATURE (F)
 YESTERDAY
  MAXIMUM         46    524 PM  81    2012  52     -6       38
                                      1907
  MINIMUM         22    623 AM   9    1885  32    -10       20
  AVERAGE         34                        42     -8       29

PRECIPITATION (IN)
  YESTERDAY        0.00          1.32 1953   0.09  -0.09     0.00
  MONTH TO DATE    1.51                      2.13  -0.62     1.49
  SINCE JUN 1     44.99                     30.31  14.68    36.25
  SINCE JAN 1      8.70                      7.22   1.48    12.81

SNOWFALL (IN)
  YESTERDAY        0.0           5.2  1950   0.2   -0.2      0.0
  MONTH TO DATE    5.2                       6.3   -1.1     12.3
  SINCE OCT 1     36.6                      39.1   -2.5     52.5
  SINCE JUL 1     36.6                      39.1   -2.5     52.5
  SNOW DEPTH       0

DEGREE DAYS
 HEATING
  YESTERDAY       31                        23      8       36
  MONTH TO DATE  697                       619     78      739
  SINCE MAR 1    697                       619     78      739
  SINCE JUL 1   4913                      4876     37     4747

 COOLING
  YESTERDAY        0                         0      0        0
  MONTH TO DATE    0                         0      0        0
  SINCE MAR 1      0                         0      0        0
  SINCE JAN 1      0                         0      0        4
..................................................................

WIND (MPH)
  HIGHEST WIND SPEED    24   HIGHEST WIND DIRECTION    NW (320)
  HIGHEST GUST SPEED    28   HIGHEST GUST DIRECTION    NW (310)
  AVERAGE WIND SPEED     9.9


SKY COVER
  POSSIBLE SUNSHINE  MM
  AVERAGE SKY COVER 0.1


WEATHER CONDITIONS
 THE FOLLOWING WEATHER WAS RECORDED YESTERDAY.
  NO SIGNIFICANT WEATHER WAS OBSERVED.


RELATIVE HUMIDITY (PERCENT)
 HIGHEST    75          1200 AM
 LOWEST     25           500 PM
 AVERAGE    50

..........................................................


THE PITTSBURGH PA CLIMATE NORMALS FOR TODAY
                         NORMAL    RECORD    YEAR
 MAXIMUM TEMPERATURE (F)   53        83      1910
 MINIMUM TEMPERATURE (F)   33         9      1940


SUNRISE AND SUNSET
MARCH 24 2019.........SUNRISE   718 AM EDT   SUNSET   737 PM EDT
MARCH 25 2019.........SUNRISE   716 AM EDT   SUNSET   738 PM EDT


-  INDICATES NEGATIVE NUMBERS.
R  INDICATES RECORD WAS SET OR TIED.
MM INDICATES DATA IS MISSING.
T  INDICATES TRACE AMOUNT.

&&

SNOW DEPTH IS MEASURED AT 7 AM EST.

$$
