000
CDUS41 KRLX 240718
CLIPKB


CLIMATE REPORT
NATIONAL WEATHER SERVICE CHARLESTON WV
318 AM EDT TUE APR 24 2018


...................................

...THE PARKERSBURG WV CLIMATE SUMMARY FOR APRIL 23 2018...

CLIMATE NORMAL PERIOD 1981 TO 2010
CLIMATE RECORD PERIOD 1889 TO 2018


WEATHER ITEM   OBSERVED TIME   RECORD YEAR NORMAL DEPARTURE LAST
                VALUE   (LST)  VALUE       VALUE  FROM      YEAR
                                                  NORMAL
..................................................................
TEMPERATURE (F)
 YESTERDAY
  MAXIMUM         71   1133 AM  89    1960  69      2       67
  MINIMUM         46    601 AM  27    1982  44      2       42
  AVERAGE         59                        56      3       55

PRECIPITATION (IN)
  YESTERDAY        0.08          1.48 1968   0.11  -0.03     0.00
  MONTH TO DATE    4.02                      2.49   1.53     3.46
  SINCE JAN 1     17.81                     11.87   5.94    16.56

SNOWFALL (IN)
  YESTERDAY       MM
  MONTH TO DATE   MM
  SINCE SEP 1     MM
  SNOW DEPTH      MM

DEGREE DAYS
 HEATING
  YESTERDAY        6                         9     -3       10
  MONTH TO DATE  405                       287    118      172
  SINCE MAR 1   1183                       958    225      808
  SINCE JUL 1   4838                      4748     90     3839

 COOLING
  YESTERDAY        0                         1     -1        0
  MONTH TO DATE   20                        13      7       18
  SINCE MAR 1     20                        16      4       20
  SINCE JAN 1     26                        16     10       24
..................................................................


WIND (MPH)
  HIGHEST WIND SPEED    24   HIGHEST WIND DIRECTION     S (190)
  HIGHEST GUST SPEED    33   HIGHEST GUST DIRECTION     S (190)
  AVERAGE WIND SPEED     8.4


SKY COVER
  POSSIBLE SUNSHINE  MM
  AVERAGE SKY COVER 0.4


WEATHER CONDITIONS
 THE FOLLOWING WEATHER WAS RECORDED YESTERDAY.
  LIGHT RAIN


RELATIVE HUMIDITY (PERCENT)
 HIGHEST    83          1100 PM
 LOWEST     22           100 PM
 AVERAGE    53

..........................................................


THE PARKERSBURG WV CLIMATE NORMALS FOR TODAY
                         NORMAL    RECORD    YEAR
 MAXIMUM TEMPERATURE (F)   69        89      1960
 MINIMUM TEMPERATURE (F)   45        28      2015
                                             1986


SUNRISE AND SUNSET
APRIL 24 2018.........SUNRISE   636 AM EDT   SUNSET   812 PM EDT
APRIL 25 2018.........SUNRISE   635 AM EDT   SUNSET   813 PM EDT


-  INDICATES NEGATIVE NUMBERS.
R  INDICATES RECORD WAS SET OR TIED.
MM INDICATES DATA IS MISSING.
T  INDICATES TRACE AMOUNT.




$$
