000
CDUS43 KFGF 230643
CLIPKD


CLIMATE REPORT
NATIONAL WEATHER SERVICE EASTERN NORTH DAKOTA/GRAND FORKS
141 AM CDT THU MAY 23 2019


...................................

...THE PARK RAPIDS MN CLIMATE SUMMARY FOR MAY 22 2019...

CLIMATE NORMAL PERIOD 1981 TO 2010
CLIMATE RECORD PERIOD 1885 TO 2019


WEATHER ITEM   OBSERVED TIME   RECORD YEAR NORMAL DEPARTURE LAST
                VALUE   (LST)  VALUE       VALUE  FROM      YEAR
                                                  NORMAL
..................................................................
TEMPERATURE (F)
 YESTERDAY
  MAXIMUM         51    829 PM  95    1964  68    -17       76
  MINIMUM         45    427 AM  25    1963  43      2       53
  AVERAGE         48                        56     -8       65

PRECIPITATION (IN)
  YESTERDAY        0.76          0.92 1936   0.12   0.64     0.00
  MONTH TO DATE    2.50                      2.15   0.35     1.52
  SINCE MAR 1      5.66                      5.11   0.55     2.00
  SINCE JAN 1      5.93                      6.10  -0.17     2.00

DEGREE DAYS
 HEATING
  YESTERDAY       17                        10      7        0
  MONTH TO DATE  392                       282    110      201
  SINCE MAR 1   2501                      2213    288     2385
  SINCE JUL 1  10039                      9395    644     9542

 COOLING
  YESTERDAY        0                         0      0        0
  MONTH TO DATE    0                         0      0        5
  SINCE MAR 1      0                         1     -1        5
  SINCE JAN 1      0                         1     -1        5
..................................................................


WIND (MPH)
  HIGHEST WIND SPEED    24   HIGHEST WIND DIRECTION     E (100)
  HIGHEST GUST SPEED    37   HIGHEST GUST DIRECTION     E (100)
  AVERAGE WIND SPEED    10.8


SKY COVER
  POSSIBLE SUNSHINE  MM
  AVERAGE SKY COVER 1.0


WEATHER CONDITIONS
 THE FOLLOWING WEATHER WAS RECORDED YESTERDAY.
  RAIN
  LIGHT RAIN
  FOG


RELATIVE HUMIDITY (PERCENT)
 HIGHEST   100          1000 PM
 LOWEST     86          1200 AM
 AVERAGE    93

..........................................................


THE PARK RAPIDS MN CLIMATE NORMALS FOR TODAY
                         NORMAL    RECORD    YEAR
 MAXIMUM TEMPERATURE (F)   68        89      1925
 MINIMUM TEMPERATURE (F)   43        26      1963


SUNRISE AND SUNSET
MAY 23 2019...........SUNRISE   537 AM CDT   SUNSET   858 PM CDT
MAY 24 2019...........SUNRISE   536 AM CDT   SUNSET   859 PM CDT


-  INDICATES NEGATIVE NUMBERS.
R  INDICATES RECORD WAS SET OR TIED.
MM INDICATES DATA IS MISSING.
T  INDICATES TRACE AMOUNT.




$$
