000
CDUS46 KLOX 250922
CLIPMD


CLIMATE REPORT
NATIONAL WEATHER SERVICE LOS ANGELES/OXNARD CA
222 AM PDT SAT MAY 25 2019


...................................

...THE PALMDALE AIRPORT CA CLIMATE SUMMARY FOR MAY 24 2019...

CLIMATE NORMAL PERIOD 1981 TO 2010
CLIMATE RECORD PERIOD 1931 TO 2019


WEATHER ITEM   OBSERVED TIME   RECORD YEAR NORMAL DEPARTURE LAST
                VALUE   (LST)  VALUE       VALUE  FROM      YEAR
                                                  NORMAL
..................................................................
TEMPERATURE (F)
 YESTERDAY
  MAXIMUM         76    301 PM  98    2001  86    -10       79
  MINIMUM         44    511 AM  39    1980  54    -10       53
  AVERAGE         60                        70    -10       66

PRECIPITATION (IN)
  YESTERDAY        0.00          T    2002   0.00   0.00     0.00
  MONTH TO DATE    0.37                      0.22   0.15      T
  SINCE OCT 1      7.02                      7.65  -0.63     2.57
  SINCE JAN 1      5.14                      5.20  -0.06     2.57

SNOWFALL (IN)
  YESTERDAY        0.0          MM      MM  MM               0.0
  MONTH TO DATE    0.0                      MM               0.0
  SINCE MAR 1      0.0                      MM               0.0
  SINCE JUL 1      0.0                      MM               0.0
  SNOW DEPTH       0

DEGREE DAYS
 HEATING
  YESTERDAY        5                         1      4        0
  MONTH TO DATE  103                        61     42       32
  SINCE MAR 1    630                       666    -36      480
  SINCE JUL 1   2728                      2911   -183     2161

 COOLING
  YESTERDAY        0                         6     -6        1
  MONTH TO DATE   25                        97    -72       80
  SINCE MAR 1     81                       120    -39      137
  SINCE JAN 1     81                       120    -39      137
..................................................................


WIND (MPH)
  HIGHEST WIND SPEED    17   HIGHEST WIND DIRECTION    SW (230)
  HIGHEST GUST SPEED    20   HIGHEST GUST DIRECTION    SW (230)
  AVERAGE WIND SPEED     7.1


SKY COVER
  POSSIBLE SUNSHINE  MM
  AVERAGE SKY COVER 0.2


WEATHER CONDITIONS
 THE FOLLOWING WEATHER WAS RECORDED YESTERDAY.
  NO SIGNIFICANT WEATHER WAS OBSERVED.


RELATIVE HUMIDITY (PERCENT)
 HIGHEST    83           300 AM
 LOWEST     27           300 PM
 AVERAGE    55

..........................................................


THE PALMDALE AIRPORT CA CLIMATE NORMALS FOR TODAY
                         NORMAL    RECORD    YEAR
 MAXIMUM TEMPERATURE (F)   86       104      1951
 MINIMUM TEMPERATURE (F)   55        35      1980


SUNRISE AND SUNSET
MAY 25 2019...........SUNRISE   543 AM PDT   SUNSET   755 PM PDT
MAY 26 2019...........SUNRISE   543 AM PDT   SUNSET   756 PM PDT


-  INDICATES NEGATIVE NUMBERS.
R  INDICATES RECORD WAS SET OR TIED.
MM INDICATES DATA IS MISSING.
T  INDICATES TRACE AMOUNT.




$$
