000
CDUS46 KLOX 230120
CLIPMD


CLIMATE REPORT
NATIONAL WEATHER SERVICE LOS ANGELES/OXNARD CA
620 PM PDT FRI MAR 22 2019


...................................

...THE PALMDALE AIRPORT CA CLIMATE SUMMARY FOR MARCH 22 2019...
VALID TODAY AS OF 0600 PM LOCAL TIME.

CLIMATE NORMAL PERIOD 1981 TO 2010
CLIMATE RECORD PERIOD 1931 TO 2019


WEATHER ITEM   OBSERVED TIME   RECORD YEAR NORMAL DEPARTURE LAST
                VALUE   (LST)  VALUE       VALUE  FROM      YEAR
                                                  NORMAL
..................................................................
TEMPERATURE (F)
 TODAY
  MAXIMUM         64    259 PM  89    2004  68     -4       63
  MINIMUM         39    618 AM  25    1938  40     -1       50
  AVERAGE         52                        54     -2       57

PRECIPITATION (IN)
  TODAY            0.00          0.43 2018   0.02  -0.02     0.43
  MONTH TO DATE    0.99                      0.99   0.00     1.89
  SINCE OCT 1      6.65                      6.73  -0.08     2.56
  SINCE JAN 1      4.77                      4.28   0.49     2.56

SNOWFALL (IN)
  TODAY            0.0           T    1973  MM               0.0
  MONTH TO DATE    0.0                      MM               0.0
  SINCE MAR 1      0.0                      MM               0.0
  SINCE JUL 1      0.0                      MM               0.0
  SNOW DEPTH       0

DEGREE DAYS
 HEATING
  TODAY           13                        11      2        8
  MONTH TO DATE  308                       277     31      275
  SINCE MAR 1    308                       277     31      275
  SINCE JUL 1   2406                      2522   -116     1956

 COOLING
  TODAY            0                         0      0        0
  MONTH TO DATE    0                         0      0        0
  SINCE MAR 1      0                         0      0        0
  SINCE JAN 1      0                         0      0        0
..................................................................


WIND (MPH)
  HIGHEST WIND SPEED    24   HIGHEST WIND DIRECTION     W (290)
  HIGHEST GUST SPEED    30   HIGHEST GUST DIRECTION     W (280)
  AVERAGE WIND SPEED    10.7


SKY COVER
  POSSIBLE SUNSHINE  MM
  AVERAGE SKY COVER 0.0


WEATHER CONDITIONS
 THE FOLLOWING WEATHER WAS RECORDED TODAY.
  NO SIGNIFICANT WEATHER WAS OBSERVED.


RELATIVE HUMIDITY (PERCENT)
 HIGHEST    79           200 AM
 LOWEST     25           300 PM
 AVERAGE    52

..........................................................


THE PALMDALE AIRPORT CA CLIMATE NORMALS FOR TOMORROW
                         NORMAL    RECORD    YEAR
 MAXIMUM TEMPERATURE (F)   68        87      1990
 MINIMUM TEMPERATURE (F)   40        23      1936


SUNRISE AND SUNSET
MARCH 22 2019.........SUNRISE   653 AM PDT   SUNSET   706 PM PDT
MARCH 23 2019.........SUNRISE   652 AM PDT   SUNSET   706 PM PDT


-  INDICATES NEGATIVE NUMBERS.
R  INDICATES RECORD WAS SET OR TIED.
MM INDICATES DATA IS MISSING.
T  INDICATES TRACE AMOUNT.




$$
