000
CDUS44 KMOB 270645
CLIPNS


CLIMATE REPORT
NATIONAL WEATHER SERVICE MOBILE AL
145 AM CDT MON MAY 27 2019


...................................

...THE PENSACOLA CLIMATE SUMMARY FOR MAY 26 2019...

CLIMATE NORMAL PERIOD 1981 TO 2010
CLIMATE RECORD PERIOD 1879 TO 2019


WEATHER ITEM   OBSERVED TIME   RECORD YEAR NORMAL DEPARTURE LAST
                VALUE   (LST)  VALUE       VALUE  FROM      YEAR
                                                  NORMAL
..................................................................
TEMPERATURE (F)
 YESTERDAY
  MAXIMUM         94   1126 AM  98    2012  86      8       85
                                      1953
  MINIMUM         74    413 AM  48    1979  69      5       73
  AVERAGE         84                        77      7       79

PRECIPITATION (IN)
  YESTERDAY        0.00          2.92 1981   0.14  -0.14     0.02
  MONTH TO DATE    2.79                      3.46  -0.67     3.45
  SINCE MAR 1      9.78                     13.59  -3.81     9.46
  SINCE JAN 1     14.89                     23.28  -8.39    22.76

DEGREE DAYS
 COOLING
  YESTERDAY       19                        12      7       14
  MONTH TO DATE  312                       234     78      344
  SINCE MAR 1    469                       368    101      499
  SINCE JAN 1    533                       382    151      597
..................................................................


WIND (MPH)
  HIGHEST WIND SPEED    14   HIGHEST WIND DIRECTION     S (170)
  HIGHEST GUST SPEED    19   HIGHEST GUST DIRECTION     S (160)
  AVERAGE WIND SPEED     6.1


SKY COVER
  POSSIBLE SUNSHINE  MM
  AVERAGE SKY COVER 0.0


WEATHER CONDITIONS
 THE FOLLOWING WEATHER WAS RECORDED YESTERDAY.
  NO SIGNIFICANT WEATHER WAS OBSERVED.


RELATIVE HUMIDITY (PERCENT)
 HIGHEST    91           900 PM
 LOWEST     41          1000 AM
 AVERAGE    66

..........................................................


THE PENSACOLA CLIMATE NORMALS FOR TODAY
                         NORMAL    RECORD    YEAR
 MAXIMUM TEMPERATURE (F)   86       102      1953
 MINIMUM TEMPERATURE (F)   69        50      1961


SUNRISE AND SUNSET
MAY 27 2019...........SUNRISE   549 AM CDT   SUNSET   743 PM CDT
MAY 28 2019...........SUNRISE   548 AM CDT   SUNSET   744 PM CDT


-  INDICATES NEGATIVE NUMBERS.
R  INDICATES RECORD WAS SET OR TIED.
MM INDICATES DATA IS MISSING.
T  INDICATES TRACE AMOUNT.




$$
