811
CDUS44 KMOB 220645
CLIPNS


CLIMATE REPORT
NATIONAL WEATHER SERVICE MOBILE AL
145 AM CDT FRI MAR 22 2019


...................................

...THE PENSACOLA CLIMATE SUMMARY FOR MARCH 21 2019...

CLIMATE NORMAL PERIOD 1981 TO 2010
CLIMATE RECORD PERIOD 1879 TO 2019


WEATHER ITEM   OBSERVED TIME   RECORD YEAR NORMAL DEPARTURE LAST
                VALUE   (LST)  VALUE       VALUE  FROM      YEAR
                                                  NORMAL
..................................................................
TEMPERATURE (F)
 YESTERDAY
  MAXIMUM         72    353 PM  84    2017  71      1       69
                                      2006
                                      1962
  MINIMUM         50    617 AM  32    1965  52     -2       48
  AVERAGE         61                        61      0       59

PRECIPITATION (IN)
  YESTERDAY        0.00          2.23 1989   0.18  -0.18     0.00
  MONTH TO DATE    1.49                      4.01  -2.52     1.76
  SINCE MAR 1      1.49                      4.01  -2.52     1.76
  SINCE JAN 1      6.60                     13.70  -7.10    15.06

SNOWFALL (IN)
  YESTERDAY        0.0          MM      MM   0.0    0.0      0.0
  MONTH TO DATE    0.0                       0.0    0.0      0.0
  SINCE MAR 1      0.0                       0.0    0.0      0.0
  SINCE JUL 1      0.0                       0.0    0.0       T
  SNOW DEPTH       0

DEGREE DAYS
 HEATING
  YESTERDAY        4                         5     -1        6
  MONTH TO DATE  122                       136    -14      104
  SINCE MAR 1    122                       136    -14      104
  SINCE JUL 1   1070                      1444   -374     1127

 COOLING
  YESTERDAY        0                         1     -1        0
  MONTH TO DATE   47                        20     27       37
  SINCE MAR 1     47                        20     27       37
  SINCE JAN 1    111                        34     77      135
..................................................................


WIND (MPH)
  HIGHEST WIND SPEED    21   HIGHEST WIND DIRECTION    NW (330)
  HIGHEST GUST SPEED    28   HIGHEST GUST DIRECTION    NW (300)
  AVERAGE WIND SPEED    11.1


SKY COVER
  POSSIBLE SUNSHINE  MM
  AVERAGE SKY COVER 0.1


WEATHER CONDITIONS
 THE FOLLOWING WEATHER WAS RECORDED YESTERDAY.
  NO SIGNIFICANT WEATHER WAS OBSERVED.


RELATIVE HUMIDITY (PERCENT)
 HIGHEST    83           100 AM
 LOWEST     27           300 PM
 AVERAGE    55

..........................................................


THE PENSACOLA CLIMATE NORMALS FOR TODAY
                         NORMAL    RECORD    YEAR
 MAXIMUM TEMPERATURE (F)   71        90      2017
 MINIMUM TEMPERATURE (F)   52        31      1986


SUNRISE AND SUNSET
MARCH 22 2019.........SUNRISE   650 AM CDT   SUNSET   701 PM CDT
MARCH 23 2019.........SUNRISE   649 AM CDT   SUNSET   702 PM CDT


-  INDICATES NEGATIVE NUMBERS.
R  INDICATES RECORD WAS SET OR TIED.
MM INDICATES DATA IS MISSING.
T  INDICATES TRACE AMOUNT.




$$
