317
CDUS41 KALY 232057
CLIPOU


CLIMATE REPORT
NATIONAL WEATHER SERVICE ALBANY NY
456 PM EDT SAT MAR 23 2019


...................................

...THE POUGHKEEPSIE NY CLIMATE SUMMARY FOR MARCH 23 2019...
VALID TODAY AS OF 0400 PM LOCAL TIME.

CLIMATE NORMAL PERIOD 1981 TO 2010
CLIMATE RECORD PERIOD 1931 TO 2019


WEATHER ITEM   OBSERVED TIME   RECORD YEAR NORMAL DEPARTURE LAST
                VALUE   (LST)  VALUE       VALUE  FROM      YEAR
                                                  NORMAL
..................................................................
TEMPERATURE (F)
 TODAY
  MAXIMUM         47    257 PM  82    1938  51     -4       50
  MINIMUM         33    735 AM   9    2017  28      5       26
                                      1934
  AVERAGE         40                        39      1       38

PRECIPITATION (IN)
  TODAY            T             0.83 1944   0.12  -0.12     0.00
  MONTH TO DATE    1.38                      2.62  -1.24     2.06
  SINCE MAR 1      1.38                      2.62  -1.24     2.06
  SINCE JAN 1      7.35                      8.36  -1.01     9.42

DEGREE DAYS
 HEATING
  TODAY           25                        26     -1       27
  MONTH TO DATE  693                       682     11      652
  SINCE MAR 1    693                       682     11      652
  SINCE JUL 1   5033                      5253   -220     4964

 COOLING
  TODAY            0                         0      0        0
  MONTH TO DATE    0                         0      0        0
  SINCE MAR 1      0                         0      0        0
  SINCE JAN 1      0                         0      0        0
..................................................................


WIND (MPH)
  HIGHEST WIND SPEED    22   HIGHEST WIND DIRECTION     W (290)
  HIGHEST GUST SPEED    36   HIGHEST GUST DIRECTION     W (250)
  AVERAGE WIND SPEED    14.7


SKY COVER
  AVERAGE SKY COVER 0.7



RELATIVE HUMIDITY (PERCENT)
 HIGHEST    56           100 AM
 LOWEST     37           300 PM
 AVERAGE    47

..........................................................


THE POUGHKEEPSIE NY CLIMATE NORMALS FOR TOMORROW
                         NORMAL    RECORD    YEAR
 MAXIMUM TEMPERATURE (F)   51        73      1988
 MINIMUM TEMPERATURE (F)   28        10      1992


SUNRISE AND SUNSET
MARCH 23 2019.........SUNRISE   654 AM EDT   SUNSET   711 PM EDT
MARCH 24 2019.........SUNRISE   653 AM EDT   SUNSET   712 PM EDT


-  INDICATES NEGATIVE NUMBERS.
R  INDICATES RECORD WAS SET OR TIED.
MM INDICATES DATA IS MISSING.
T  INDICATES TRACE AMOUNT.




$$
