000
CDUS46 KLOX 250922
CLIPRB


CLIMATE REPORT
NATIONAL WEATHER SERVICE LOS ANGELES/OXNARD CA
222 AM PDT SAT MAY 25 2019


...................................

...THE PASO ROBLES AIRPORT CA CLIMATE SUMMARY FOR MAY 24 2019...

CLIMATE NORMAL PERIOD 1981 TO 2010
CLIMATE RECORD PERIOD 1948 TO 2019


WEATHER ITEM   OBSERVED TIME   RECORD YEAR NORMAL DEPARTURE LAST
                VALUE   (LST)  VALUE       VALUE  FROM      YEAR
                                                  NORMAL
..................................................................
TEMPERATURE (F)
 YESTERDAY
  MAXIMUM         82    415 PM  99    2001  83     -1       64
  MINIMUM         50    527 AM  35    1980  47      3       50
  AVERAGE         66                        65      1       57

PRECIPITATION (IN)
  YESTERDAY        0.02R         T    1993   0.00   0.02     0.00
  MONTH TO DATE    0.76                      0.23   0.53     0.00
  SINCE OCT 1     14.87                     12.40   2.47     9.62
  SINCE JAN 1     11.27                      8.74   2.53     9.35

SNOWFALL (IN)
  YESTERDAY        0.0
  MONTH TO DATE    0.0
  SINCE MAR 1      0.0
  SINCE JUL 1      0.0

DEGREE DAYS
 HEATING
  YESTERDAY        0                         3     -3        8
  MONTH TO DATE  105                        94     11       86
  SINCE MAR 1    631                       713    -82      623
  SINCE JUL 1   2503                      2806   -303     2324

 COOLING
  YESTERDAY        1                         2     -1        0
  MONTH TO DATE   15                        38    -23       25
  SINCE MAR 1     33                        47    -14       29
  SINCE JAN 1     33                        47    -14       29
..................................................................


WIND (MPH)
  HIGHEST WIND SPEED    18   HIGHEST WIND DIRECTION    NW (300)
  HIGHEST GUST SPEED    26   HIGHEST GUST DIRECTION    NW (300)
  AVERAGE WIND SPEED     6.0


SKY COVER
  POSSIBLE SUNSHINE  MM
  AVERAGE SKY COVER 0.5


WEATHER CONDITIONS
 THE FOLLOWING WEATHER WAS RECORDED YESTERDAY.
  NO SIGNIFICANT WEATHER WAS OBSERVED.


RELATIVE HUMIDITY (PERCENT)
 HIGHEST    96           300 AM
 LOWEST     33           200 PM
 AVERAGE    65

..........................................................


THE PASO ROBLES AIRPORT CA CLIMATE NORMALS FOR TODAY
                         NORMAL    RECORD    YEAR
 MAXIMUM TEMPERATURE (F)   83       100      1951
 MINIMUM TEMPERATURE (F)   47        33      1980


SUNRISE AND SUNSET
MAY 25 2019...........SUNRISE   551 AM PDT   SUNSET   808 PM PDT
MAY 26 2019...........SUNRISE   551 AM PDT   SUNSET   809 PM PDT


-  INDICATES NEGATIVE NUMBERS.
R  INDICATES RECORD WAS SET OR TIED.
MM INDICATES DATA IS MISSING.
T  INDICATES TRACE AMOUNT.




$$
