000
CDUS46 KLOX 240915
CLIPRB


CLIMATE REPORT
NATIONAL WEATHER SERVICE LOS ANGELES/OXNARD CA
214 AM PDT SUN MAR 24 2019


...................................

...THE PASO ROBLES AIRPORT CA CLIMATE SUMMARY FOR MARCH 23 2019...

CLIMATE NORMAL PERIOD 1981 TO 2010
CLIMATE RECORD PERIOD 1948 TO 2019


WEATHER ITEM   OBSERVED TIME   RECORD YEAR NORMAL DEPARTURE LAST
                VALUE   (LST)  VALUE       VALUE  FROM      YEAR
                                                  NORMAL
..................................................................
TEMPERATURE (F)
 YESTERDAY
  MAXIMUM         63    306 PM  82    1953  67     -4       61
  MINIMUM         43   1159 PM  28    1994  40      3       37
  AVERAGE         53                        54     -1       49

PRECIPITATION (IN)
  YESTERDAY        0.07          0.36 1983   0.07   0.00     0.00
  MONTH TO DATE    2.09                      2.05   0.04     6.76
  SINCE OCT 1     13.77                     11.05   2.72     9.42
  SINCE JAN 1     10.17                      7.39   2.78     9.15

SNOWFALL (IN)
  YESTERDAY       MM
  MONTH TO DATE    0.0
  SINCE MAR 1      0.0
  SINCE JUL 1      0.0

DEGREE DAYS
 HEATING
  YESTERDAY       12                        11      1       16
  MONTH TO DATE  299                       279     20      288
  SINCE MAR 1    299                       279     20      288
  SINCE JUL 1   2171                      2372   -201     1989

 COOLING
  YESTERDAY        0                         0      0        0
  MONTH TO DATE    0                         0      0        0
  SINCE MAR 1      0                         0      0        0
  SINCE JAN 1      0                         0      0        0
..................................................................


WIND (MPH)
  HIGHEST WIND SPEED    15   HIGHEST WIND DIRECTION    NW (320)
  HIGHEST GUST SPEED    19   HIGHEST GUST DIRECTION    NW (320)
  AVERAGE WIND SPEED     5.2


SKY COVER
  POSSIBLE SUNSHINE  MM
  AVERAGE SKY COVER 0.7


WEATHER CONDITIONS
 THE FOLLOWING WEATHER WAS RECORDED YESTERDAY.
  LIGHT RAIN
  FOG


RELATIVE HUMIDITY (PERCENT)
 HIGHEST   100           400 AM
 LOWEST     64           400 PM
 AVERAGE    82

..........................................................


THE PASO ROBLES AIRPORT CA CLIMATE NORMALS FOR TODAY
                         NORMAL    RECORD    YEAR
 MAXIMUM TEMPERATURE (F)   68        99      2015
 MINIMUM TEMPERATURE (F)   40        30      2009


SUNRISE AND SUNSET
MARCH 24 2019.........SUNRISE   701 AM PDT   SUNSET   718 PM PDT
MARCH 25 2019.........SUNRISE   659 AM PDT   SUNSET   718 PM PDT


-  INDICATES NEGATIVE NUMBERS.
R  INDICATES RECORD WAS SET OR TIED.
MM INDICATES DATA IS MISSING.
T  INDICATES TRACE AMOUNT.




$$
