000
CDUS45 KFGZ 200054
CLIPRC


CLIMATE REPORT
NATIONAL WEATHER SERVICE FLAGSTAFF, AZ
552 PM MST SUN MAY 19 2019


...................................

...THE PRESCOTT AZ AIRPORT CLIMATE SUMMARY FOR MAY 19 2019...
VALID TODAY AS OF 0500 PM LOCAL TIME.

CLIMATE NORMAL PERIOD 1981 TO 2010
CLIMATE RECORD PERIOD 1948 TO 2019


WEATHER ITEM   OBSERVED TIME   RECORD YEAR NORMAL DEPARTURE LAST
                VALUE   (LST)  VALUE       VALUE  FROM      YEAR
                                                  NORMAL
..................................................................
TEMPERATURE (F)
 TODAY
  MAXIMUM         62    308 PM  93    2008  78    -16       82
  MINIMUM         49    459 PM  33    1971  48      1       48
  AVERAGE         56                        63     -7

PRECIPITATION (IN)
  TODAY            0.03          1.03 1997   0.01   0.02
  MONTH TO DATE    0.84                      0.28   0.56
  SINCE OCT 1      8.87                      7.16   1.71
  SINCE JAN 1      6.36                      4.36   2.00

DEGREE DAYS
 HEATING
  TODAY            9                         4      5
  SINCE JUL 1   4186                      4231    -45

 COOLING
  TODAY            0                         1     -1
  SINCE JAN 1      1                        16    -15
..................................................................


WIND (MPH)
  HIGHEST WIND SPEED    33   HIGHEST WIND DIRECTION     S (200)
  HIGHEST GUST SPEED    43   HIGHEST GUST DIRECTION     S (200)
  AVERAGE WIND SPEED    12.2


SKY COVER
  POSSIBLE SUNSHINE  MM
  AVERAGE SKY COVER 0.4


WEATHER CONDITIONS
 THE FOLLOWING WEATHER WAS RECORDED TODAY.
  LIGHT RAIN
  FOG


RELATIVE HUMIDITY (PERCENT)
 HIGHEST    38           600 AM
 LOWEST     24          1200 AM

..........................................................


THE PRESCOTT AZ AIRPORT CLIMATE NORMALS FOR TOMORROW
                         NORMAL    RECORD    YEAR
 MAXIMUM TEMPERATURE (F)   78        92      2008
 MINIMUM TEMPERATURE (F)   48        30      1974


SUNRISE AND SUNSET
MAY 19 2019...........SUNRISE   524 AM MST   SUNSET   729 PM MST
MAY 20 2019...........SUNRISE   524 AM MST   SUNSET   729 PM MST


-  INDICATES NEGATIVE NUMBERS.
R  INDICATES RECORD WAS SET OR TIED.
MM INDICATES DATA IS MISSING.
T  INDICATES TRACE AMOUNT.




$$
