000
CDUS45 KFGZ 210745
CLIPRC


CLIMATE REPORT
NATIONAL WEATHER SERVICE FLAGSTAFF, AZ
1244 AM MST THU MAR 21 2019


...................................

...THE PRESCOTT AZ AIRPORT CLIMATE SUMMARY FOR MARCH 20 2019...

CLIMATE NORMAL PERIOD 1981 TO 2010
CLIMATE RECORD PERIOD 1948 TO 2019


WEATHER ITEM   OBSERVED TIME   RECORD YEAR NORMAL DEPARTURE LAST
                VALUE   (LST)  VALUE       VALUE  FROM      YEAR
                                                  NORMAL
..................................................................
TEMPERATURE (F)
 YESTERDAY
  MAXIMUM         66    218 PM  82    2004  61      5       66
  MINIMUM         38    637 AM  19    2012  33      5       27
                                      1982
  AVERAGE         52                        47      5       47

PRECIPITATION (IN)
  YESTERDAY        0.00          0.26 1979   0.03  -0.03     0.00
  MONTH TO DATE    0.90                      0.75   0.15     0.32
  SINCE OCT 1      7.73                      6.06   1.67     1.43
  SINCE JAN 1      5.22                      3.26   1.96     1.43

DEGREE DAYS
 HEATING
  YESTERDAY       13                               -5
  MONTH TO DATE  377                              -13
  SINCE JUL 1   3609                               47

 COOLING
  YESTERDAY        0                                0
  MONTH TO DATE    0                                0
  SINCE JAN 1      0                                0
..................................................................


WIND (MPH)
  HIGHEST WIND SPEED    28   HIGHEST WIND DIRECTION    SE (140)
  HIGHEST GUST SPEED    37   HIGHEST GUST DIRECTION    SE (140)
  AVERAGE WIND SPEED    10.9


SKY COVER
  AVERAGE SKY COVER 0.1


WEATHER CONDITIONS
 THE FOLLOWING WEATHER WAS RECORDED YESTERDAY.
  NO SIGNIFICANT WEATHER WAS OBSERVED.


RELATIVE HUMIDITY (PERCENT)
 HIGHEST    76
 LOWEST     21

..........................................................


THE PRESCOTT AZ AIRPORT CLIMATE NORMALS FOR TODAY
                         NORMAL    RECORD    YEAR
 MAXIMUM TEMPERATURE (F)   61        81      2004
 MINIMUM TEMPERATURE (F)   33        17      1955


SUNRISE AND SUNSET
MARCH 21 2019.........SUNRISE   632 AM MST   SUNSET   642 PM MST
MARCH 22 2019.........SUNRISE   631 AM MST   SUNSET   643 PM MST


-  INDICATES NEGATIVE NUMBERS.
R  INDICATES RECORD WAS SET OR TIED.
MM INDICATES DATA IS MISSING.
T  INDICATES TRACE AMOUNT.




$$
