000
CDUS46 KPDT 250829
CLIPSC

CLIMATE REPORT
NATIONAL WEATHER SERVICE PENDLETON OR
130 AM PDT SUN MAR 24 2019


...................................

...THE PASCO WA CLIMATE SUMMARY FOR MARCH 23 2019...

CLIMATE NORMAL PERIOD 1981 TO 2010
CLIMATE RECORD PERIOD 1948 TO 2019


WEATHER ITEM   OBSERVED TIME   RECORD YEAR NORMAL DEPARTURE LAST
                VALUE   (LST)  VALUE       VALUE  FROM      YEAR
                                                  NORMAL
..................................................................
TEMPERATURE (F)
 YESTERDAY
  MAXIMUM         65    307 PM  78    1939  61      4       57
  MINIMUM         48    641 AM  20    2013  36     12       27
  AVERAGE         57                        48      9       42

PRECIPITATION (IN)
  YESTERDAY        0.00          0.25 1990   0.02  -0.02     0.08
  MONTH TO DATE    0.33                      0.58  -0.25     0.41
  SINCE OCT 1      5.61                      5.61   0.00     4.50
  SINCE JAN 1      3.08                      2.66   0.42     1.78

DEGREE DAYS
 HEATING
  YESTERDAY        8                        17     -9       23
  MONTH TO DATE  770                       455    315      496
  SINCE MAR 1    770                       455    315      496
  SINCE JUL 1   4857                      4338    519     4199

 COOLING
  YESTERDAY        0                         0      0        0
  MONTH TO DATE    0                         0      0        0
  SINCE MAR 1      0                         0      0        0
  SINCE JAN 1      0                         0      0        0
..................................................................


WIND (MPH)
  RESULTANT WIND SPEED   3   RESULTANT WIND DIRECTION   S (190)
  HIGHEST WIND SPEED    17   HIGHEST WIND DIRECTION     S (190)
  HIGHEST GUST SPEED    18   HIGHEST GUST DIRECTION     S (200)


SKY COVER
  POSSIBLE SUNSHINE  MM
  AVERAGE SKY COVER 0.8


WEATHER CONDITIONS
 THE FOLLOWING WEATHER WAS RECORDED YESTERDAY.
  NO SIGNIFICANT WEATHER WAS OBSERVED.


RELATIVE HUMIDITY (PERCENT)
 HIGHEST    71
 LOWEST     34
 AVERAGE    53

..........................................................


THE PASCO WA CLIMATE NORMALS FOR TODAY
                         NORMAL    RECORD    YEAR
 MAXIMUM TEMPERATURE (F)   62        80      1939
 MINIMUM TEMPERATURE (F)   36        18      2013
                                             1965


SUNRISE AND SUNSET
MARCH 24 2019.........SUNRISE   652 AM PDT   SUNSET   714 PM PDT
MARCH 25 2019.........SUNRISE   650 AM PDT   SUNSET   716 PM PDT


-  INDICATES NEGATIVE NUMBERS.
R  INDICATES RECORD WAS SET OR TIED.
MM INDICATES DATA IS MISSING.
T  INDICATES TRACE AMOUNT.




$$
