000
CDUS46 KPDT 250051
CLIPSC

CLIMATE REPORT
NATIONAL WEATHER SERVICE PENDLETON OR
532 PM PDT FRI MAY 24 2019


...................................

...THE PASCO WA CLIMATE SUMMARY FOR MAY 24 2019...
VALID TODAY AS OF 0500 PM LOCAL TIME.

CLIMATE NORMAL PERIOD 1981 TO 2010
CLIMATE RECORD PERIOD 1948 TO 2019


WEATHER ITEM   OBSERVED TIME   RECORD YEAR NORMAL DEPARTURE LAST
                VALUE   (LST)  VALUE       VALUE  FROM      YEAR
                                                  NORMAL
..................................................................
TEMPERATURE (F)
 TODAY
  MAXIMUM         73    201 PM  98    1938  78     -5       91
                                      1894
  MINIMUM         63    236 PM  32    1922  49     14       60
  AVERAGE         68                        63      5       76

PRECIPITATION (IN)
  TODAY            0.16          0.50 1962   0.03   0.13     0.00
  MONTH TO DATE    0.62                      0.51   0.11     0.76
  SINCE OCT 1      7.22                      6.98   0.24     6.69
  SINCE JAN 1      4.69                      4.03   0.66     3.97

DEGREE DAYS
 HEATING
  TODAY            0                         3     -3        0
  MONTH TO DATE   56                       145    -89       30
  SINCE MAR 1   1203                      1086    117     1001
  SINCE JUL 1   5290                      4969    321     4704

 COOLING
  TODAY            3                         2      1       11
  MONTH TO DATE   43                        18     25       75
  SINCE MAR 1     51                        19     32       76
  SINCE JAN 1     51                        19     32       76
..................................................................


WIND (MPH)
  RESULTANT WIND SPEED   8   RESULTANT WIND DIRECTION   S (200)
  HIGHEST WIND SPEED    24   HIGHEST WIND DIRECTION     W (280)
  HIGHEST GUST SPEED    29   HIGHEST GUST DIRECTION     W (280)


SKY COVER
  POSSIBLE SUNSHINE  MM
  AVERAGE SKY COVER 0.7


WEATHER CONDITIONS
THE FOLLOWING WEATHER WAS RECORDED TODAY.
  LIGHT RAIN


RELATIVE HUMIDITY (PERCENT)
 HIGHEST    60
 LOWEST     38
 AVERAGE    49

..........................................................


THE PASCO WA CLIMATE NORMALS FOR TOMORROW
                         NORMAL    RECORD    YEAR
 MAXIMUM TEMPERATURE (F)   78        98      1938
 MINIMUM TEMPERATURE (F)   49        32      1904


SUNRISE AND SUNSET
MAY 24 2019...........SUNRISE   514 AM PDT   SUNSET   833 PM PDT
MAY 25 2019...........SUNRISE   513 AM PDT   SUNSET   834 PM PDT


-  INDICATES NEGATIVE NUMBERS.
R  INDICATES RECORD WAS SET OR TIED.
MM INDICATES DATA IS MISSING.
T  INDICATES TRACE AMOUNT.




$$
