000
CDUS46 KSGX 202328
CLIPSP


CLIMATE REPORT
NATIONAL WEATHER SERVICE SAN DIEGO, CA
427 PM PDT SUN MAY 20 2018


...................................

...THE PALM SPRINGS INTL AIRPORT CA CLIMATE SUMMARY FOR MAY 20 2018...
VALID TODAY AS OF 0400 PM LOCAL TIME.

CLIMATE NORMAL PERIOD 1981 TO 2010
CLIMATE RECORD PERIOD 1893 TO 2018


WEATHER ITEM   OBSERVED TIME   RECORD YEAR NORMAL DEPARTURE LAST
                VALUE   (LST)  VALUE       VALUE  FROM      YEAR
                                                  NORMAL
..................................................................
TEMPERATURE (F)
 TODAY
  MAXIMUM         94    101 PM 113    1967  95     -1      100
  MINIMUM         65    448 AM  47    1975  66     -1       69
  AVERAGE         80                        80      0       85

PRECIPITATION (IN)
  TODAY            0.00          0.05 1997   0.00   0.00     0.00
  MONTH TO DATE    T                         0.11  -0.11      T
  SINCE OCT 1      1.69                      4.71  -3.02     6.97
  SINCE JAN 1      1.69                      2.86  -1.17     5.18

DEGREE DAYS
 HEATING
  TODAY            0                         0      0        0
  MONTH TO DATE    0                         0      0        5
  SINCE MAR 1     42                        94    -52       24
  SINCE JUL 1    335                       872   -537      684

 COOLING
  TODAY           15                        15      0       20
  MONTH TO DATE  297                       256     41      248
  SINCE MAR 1    784                       549    235      843
  SINCE JAN 1    897                       576    321      888
..................................................................


WIND (MPH)
  RESULTANT WIND SPEED   1   RESULTANT WIND DIRECTION   E (80)
  HIGHEST WIND SPEED    21   HIGHEST WIND DIRECTION     N (340)
  HIGHEST GUST SPEED    26   HIGHEST GUST DIRECTION     N (340)
  AVERAGE WIND SPEED     4.2


SKY COVER
  POSSIBLE SUNSHINE  MM
  AVERAGE SKY COVER 0.0


WEATHER CONDITIONS
 THE FOLLOWING WEATHER WAS RECORDED TODAY.
  NO SIGNIFICANT WEATHER WAS OBSERVED.


RELATIVE HUMIDITY (PERCENT)
 HIGHEST    63           400 AM
 LOWEST     21           300 PM
 AVERAGE    42

..........................................................


THE PALM SPRINGS INTL AIRPORT CA CLIMATE NORMALS FOR TOMORROW
                         NORMAL    RECORD    YEAR
 MAXIMUM TEMPERATURE (F)   95       111      1967
 MINIMUM TEMPERATURE (F)   66        48      1975


SUNRISE AND SUNSET
MAY 20 2018...........SUNRISE   542 AM PDT   SUNSET   744 PM PDT
MAY 21 2018...........SUNRISE   541 AM PDT   SUNSET   745 PM PDT


-  INDICATES NEGATIVE NUMBERS.
R  INDICATES RECORD WAS SET OR TIED.
MM INDICATES DATA IS MISSING.
T  INDICATES TRACE AMOUNT.




$$
