000
CDUS46 KSGX 190018
CLIPSP


CLIMATE REPORT
NATIONAL WEATHER SERVICE SAN DIEGO, CA
517 PM PDT MON MAR 18 2019


...................................

...THE PALM SPRINGS INTL AIRPORT CA CLIMATE SUMMARY FOR MARCH 18 2019...
VALID TODAY AS OF 0500 PM LOCAL TIME.

CLIMATE NORMAL PERIOD 1981 TO 2010
CLIMATE RECORD PERIOD 1893 TO 2019


WEATHER ITEM   OBSERVED TIME   RECORD YEAR NORMAL DEPARTURE LAST
                VALUE   (LST)  VALUE       VALUE  FROM      YEAR
                                                  NORMAL
..................................................................
TEMPERATURE (F)
 TODAY
  MAXIMUM         87    305 PM  95    1990  79      8       73
                                      1939
  MINIMUM         58    555 AM  37    1963  53      5       47
                                      1955
                                      1954
  AVERAGE         73                        66      7       60

PRECIPITATION (IN)
  TODAY            0.00          0.13 1937   0.01  -0.01     0.00
  MONTH TO DATE    0.42                      0.52  -0.10     0.22
  SINCE OCT 1      7.76                      4.40   3.36     1.67
  SINCE JAN 1      6.25                      2.55   3.70     1.67

DEGREE DAYS
 HEATING
  TODAY            0                         2     -2        5
  MONTH TO DATE   49                        52     -3       39
  SINCE MAR 1     49                        52     -3       39
  SINCE JUL 1    792                       830    -38      332

 COOLING
  TODAY            8                         3      5        0
  MONTH TO DATE   30                        43    -13       43
  SINCE MAR 1     30                        43    -13       43
  SINCE JAN 1     34                        70    -36      156
..................................................................


WIND (MPH)
  RESULTANT WIND SPEED   2   RESULTANT WIND DIRECTION  NE (50)
  HIGHEST WIND SPEED    16   HIGHEST WIND DIRECTION    SE (120)
  HIGHEST GUST SPEED    21   HIGHEST GUST DIRECTION    SE (130)
  AVERAGE WIND SPEED     7.0


SKY COVER
  POSSIBLE SUNSHINE  MM
  AVERAGE SKY COVER 0.0


WEATHER CONDITIONS
 THE FOLLOWING WEATHER WAS RECORDED TODAY.
  NO SIGNIFICANT WEATHER WAS OBSERVED.


RELATIVE HUMIDITY (PERCENT)
 HIGHEST    51           400 AM
 LOWEST     17          1100 AM
 AVERAGE    34

..........................................................


THE PALM SPRINGS INTL AIRPORT CA CLIMATE NORMALS FOR TOMORROW
                         NORMAL    RECORD    YEAR
 MAXIMUM TEMPERATURE (F)   79        97      1997
 MINIMUM TEMPERATURE (F)   53        36      1955


SUNRISE AND SUNSET
MARCH 18 2019.........SUNRISE   653 AM PDT   SUNSET   656 PM PDT
MARCH 19 2019.........SUNRISE   651 AM PDT   SUNSET   657 PM PDT


-  INDICATES NEGATIVE NUMBERS.
R  INDICATES RECORD WAS SET OR TIED.
MM INDICATES DATA IS MISSING.
T  INDICATES TRACE AMOUNT.




$$
