000
CDUS45 KPUB 220055
CLIPUB


CLIMATE REPORT
NATIONAL WEATHER SERVICE PUEBLO
654 PM MDT THU MAR 21 2019


...................................

...THE PUEBLO CO CLIMATE SUMMARY FOR MARCH 21 2019...
VALID TODAY AS OF 0500 PM LOCAL TIME.

CLIMATE NORMAL PERIOD 1981 TO 2010
CLIMATE RECORD PERIOD 1888 TO 2019


WEATHER ITEM   OBSERVED TIME   RECORD YEAR NORMAL DEPARTURE LAST
                VALUE   (LST)  VALUE       VALUE  FROM      YEAR
                                                  NORMAL
..................................................................
TEMPERATURE (F)
 TODAY
  MAXIMUM         64    255 PM  82    2016  61      3       68
  MINIMUM         23    424 AM   9    1965  27     -4       19
  AVERAGE         44                        44      0       44

PRECIPITATION (IN)
  TODAY            0.00          0.59 1952   0.03  -0.03     0.00
  MONTH TO DATE    1.03                      0.59   0.44      T
  SINCE MAR 1      1.03                      0.59   0.44      T
  SINCE JAN 1      1.77                      1.24   0.53     0.81

SNOWFALL (IN)
  TODAY            0.0           6.2  1952   0.2   -0.2      0.0
  MONTH TO DATE    2.2                       3.7   -1.5      0.0
  SINCE MAR 1      2.2                       3.7   -1.5      0.0
  SINCE JUL 1     17.0                      25.5   -8.5     13.7
  SNOW DEPTH      MM

DEGREE DAYS
 HEATING
  TODAY           21                        21      0       21
  MONTH TO DATE  568                       502     66      439
  SINCE MAR 1    568                       502     66      439
  SINCE JUL 1   4648                      4805   -157     4255

 COOLING
  TODAY            0                         0      0        0
  MONTH TO DATE    0                         0      0        0
  SINCE MAR 1      0                         0      0        0
  SINCE JAN 1      0                         0      0        0
..................................................................


WIND (MPH)
  HIGHEST WIND SPEED    23   HIGHEST WIND DIRECTION    SE (130)
  HIGHEST GUST SPEED    28   HIGHEST GUST DIRECTION    SE (130)
  AVERAGE WIND SPEED     6.0


SKY COVER
  POSSIBLE SUNSHINE  MM
  AVERAGE SKY COVER 0.0


WEATHER CONDITIONS
 THE FOLLOWING WEATHER WAS RECORDED TODAY.
  NO SIGNIFICANT WEATHER WAS OBSERVED.


RELATIVE HUMIDITY (PERCENT)
 HIGHEST    75           300 AM
 LOWEST     19           300 PM
 AVERAGE    47

..........................................................


THE PUEBLO CO CLIMATE NORMALS FOR TOMORROW
                         NORMAL    RECORD    YEAR
 MAXIMUM TEMPERATURE (F)   61        81      1910
 MINIMUM TEMPERATURE (F)   27         8      1898


SUNRISE AND SUNSET
MARCH 21 2019.........SUNRISE   700 AM MDT   SUNSET   711 PM MDT
MARCH 22 2019.........SUNRISE   659 AM MDT   SUNSET   712 PM MDT


-  INDICATES NEGATIVE NUMBERS.
R  INDICATES RECORD WAS SET OR TIED.
MM INDICATES DATA IS MISSING.
T  INDICATES TRACE AMOUNT.




$$
