000
CDUS45 KPUB 231036
CLIPUB


CLIMATE REPORT
NATIONAL WEATHER SERVICE PUEBLO
436 AM MDT MON APR 23 2018


...................................

...THE PUEBLO CO CLIMATE SUMMARY FOR APRIL 22 2018...

CLIMATE NORMAL PERIOD 1981 TO 2010
CLIMATE RECORD PERIOD 1888 TO 2018


WEATHER ITEM   OBSERVED TIME   RECORD YEAR NORMAL DEPARTURE LAST
                VALUE   (LST)  VALUE       VALUE  FROM      YEAR
                                                  NORMAL
..................................................................
TEMPERATURE (F)
 YESTERDAY
  MAXIMUM         67    310 PM  88    1965  69     -2       56
  MINIMUM         34    213 AM  22    1982  36     -2       39
  AVERAGE         51                        52     -1       48

PRECIPITATION (IN)
  YESTERDAY        0.00          1.44 2004   0.05  -0.05     0.10
  MONTH TO DATE    0.37                      0.96  -0.59     2.34
  SINCE MAR 1      0.43                      1.89  -1.46     3.29
  SINCE JAN 1      1.24                      2.54  -1.30     4.21

SNOWFALL (IN)
  YESTERDAY        0.0           4.2  1909   0.2   -0.2      0.0
  MONTH TO DATE    T                         3.1   -3.1      5.6
  SINCE MAR 1      T                         8.8   -8.8      5.6
  SINCE JUL 1     13.7                      30.6  -16.9     19.8
  SNOW DEPTH       0

DEGREE DAYS
 HEATING
  YESTERDAY       14                        13      1       17
  MONTH TO DATE  336                       347    -11      242
  SINCE MAR 1    934                      1049   -115      718
  SINCE JUL 1   4750                      5352   -602     4218

 COOLING
  YESTERDAY        0                         0      0        0
  MONTH TO DATE    0                         0      0        0
  SINCE MAR 1      0                         0      0        0
  SINCE JAN 1      0                         0      0        0
..................................................................


WIND (MPH)
  HIGHEST WIND SPEED    21   HIGHEST WIND DIRECTION     E (110)
  HIGHEST GUST SPEED    26   HIGHEST GUST DIRECTION     E (110)
  AVERAGE WIND SPEED     8.2


SKY COVER
  POSSIBLE SUNSHINE  MM
  AVERAGE SKY COVER 0.4


WEATHER CONDITIONS
 THE FOLLOWING WEATHER WAS RECORDED YESTERDAY.
  FOG


RELATIVE HUMIDITY (PERCENT)
 HIGHEST    92           200 AM
 LOWEST     34           100 PM
 AVERAGE    63

..........................................................


THE PUEBLO CO CLIMATE NORMALS FOR TODAY
                         NORMAL    RECORD    YEAR
 MAXIMUM TEMPERATURE (F)   70        90      1989
 MINIMUM TEMPERATURE (F)   36        20      2013


SUNRISE AND SUNSET
APRIL 23 2018.........SUNRISE   611 AM MDT   SUNSET   742 PM MDT
APRIL 24 2018.........SUNRISE   610 AM MDT   SUNSET   743 PM MDT


-  INDICATES NEGATIVE NUMBERS.
R  INDICATES RECORD WAS SET OR TIED.
MM INDICATES DATA IS MISSING.
T  INDICATES TRACE AMOUNT.




$$
