000
CDUS46 KOTX 270849
CLIPUW


CLIMATE REPORT
NATIONAL WEATHER SERVICE SPOKANE, WA
137 AM PDT MON MAY 27 2019


...................................

...THE PULLMAN-MOSCOW  AIRPORT CLIMATE SUMMARY FOR MAY 26 2019...

CLIMATE NORMAL PERIOD 1981 TO 2010
CLIMATE RECORD PERIOD 9999 TO 9999


WEATHER ITEM   OBSERVED TIME   RECORD YEAR NORMAL DEPARTURE LAST
                VALUE   (LST)  VALUE       VALUE  FROM      YEAR
                                                  NORMAL
..................................................................
TEMPERATURE (F)
 YESTERDAY
  MAXIMUM         67    302 PM  91    1936  67      0       66
  MINIMUM         49   1155 PM  33    1967  44      5       50
  AVERAGE         58                        55      3       58

PRECIPITATION (IN)
  YESTERDAY        0.07                      0.05   0.02     0.07
  MONTH TO DATE    1.20                      1.36  -0.16     1.93
  SINCE OCT 1     16.60                     13.51   3.09    19.02
  SINCE JAN 1     10.30                      8.31   1.99    10.16

DEGREE DAYS
 HEATING
  YESTERDAY        7                        10     -3        7
  MONTH TO DATE  237                       324    -87      140
  SINCE MAR 1   1729                      1648     81     1441
  SINCE JUL 1   6373                      6351     22     5825

 COOLING
  YESTERDAY        0                         0      0        0
  MONTH TO DATE    0                         0      0        8
  SINCE MAR 1      0                         0      0        8
  SINCE JAN 1      0                         0      0        8
..................................................................


WIND (MPH)
  HIGHEST WIND SPEED    23   HIGHEST WIND DIRECTION    NE (40)
  HIGHEST GUST SPEED    27   HIGHEST GUST DIRECTION    NE (30)
  AVERAGE WIND SPEED     8.2


SKY COVER
  POSSIBLE SUNSHINE  MM
  AVERAGE SKY COVER 0.4


WEATHER CONDITIONS
 THE FOLLOWING WEATHER WAS RECORDED YESTERDAY.
  RAIN
  LIGHT RAIN
  FOG


RELATIVE HUMIDITY (PERCENT)
 HIGHEST    96           200 AM
 LOWEST     58          1200 PM
 AVERAGE    77

..........................................................


THE PULLMAN-MOSCOW  AIRPORT CLIMATE NORMALS FOR TODAY
                         NORMAL    RECORD    YEAR
 MAXIMUM TEMPERATURE (F)   67        90      1934
 MINIMUM TEMPERATURE (F)   44        31      1973


SUNRISE AND SUNSET
MAY 27 2019...........SUNRISE   502 AM PDT   SUNSET   830 PM PDT
MAY 28 2019...........SUNRISE   501 AM PDT   SUNSET   831 PM PDT


-  INDICATES NEGATIVE NUMBERS.
R  INDICATES RECORD WAS SET OR TIED.
MM INDICATES DATA IS MISSING.
T  INDICATES TRACE AMOUNT.




$$
