000
CDUS41 KBOX 180532
CLIPVD


CLIMATE REPORT
NATIONAL WEATHER SERVICE BOSTON/NORTON MA
131 AM EDT MON MAR 18 2019


...................................

...THE PROVIDENCE RI CLIMATE SUMMARY FOR MARCH 17 2019...

CLIMATE NORMAL PERIOD 1981 TO 2010
CLIMATE RECORD PERIOD 1904 TO 2019


WEATHER ITEM   OBSERVED TIME   RECORD YEAR NORMAL DEPARTURE LAST
                VALUE   (LST)  VALUE       VALUE  FROM      YEAR
                                                  NORMAL
..................................................................
TEMPERATURE (F)
 YESTERDAY
  MAXIMUM         43    152 PM  68    2003  48     -5       46
  MINIMUM         29   1159 PM   7    1916  30     -1       24
  AVERAGE         36                        39     -3       35

PRECIPITATION (IN)
  YESTERDAY        0.00          2.78 1968   0.17  -0.17     0.00
  MONTH TO DATE    2.26                      2.57  -0.31     4.68
  SINCE MAR 1      2.26                      2.57  -0.31     4.68
  SINCE JAN 1     12.68                      9.72   2.96    16.62

SNOWFALL (IN)
  YESTERDAY        0.0           3.3  1982   0.1   -0.1      0.0
  MONTH TO DATE   11.6                       3.8    7.8     12.0
  SINCE MAR 1     11.6                       3.8    7.8     12.0
  SINCE JUL 1     29.2                      31.5   -2.3     45.9
  SNOW DEPTH       0

DEGREE DAYS
 HEATING
  YESTERDAY       29                        26      3       30
  MONTH TO DATE  539                       480     59      461
  SINCE MAR 1    539                       480     59      461
  SINCE JUL 1   4586                      4542     44     4124

 COOLING
  YESTERDAY        0                         0      0        0
  MONTH TO DATE    0                         0      0        0
  SINCE MAR 1      0                         0      0        0
  SINCE JAN 1      0                         0      0        0
..................................................................


WIND (MPH)
  RESULTANT WIND SPEED   8   RESULTANT WIND DIRECTION   W (290)
  HIGHEST WIND SPEED    22   HIGHEST WIND DIRECTION    NW (310)
  HIGHEST GUST SPEED    31   HIGHEST GUST DIRECTION    NW (320)
  AVERAGE WIND SPEED     9.8


SKY COVER
  POSSIBLE SUNSHINE  MM
  AVERAGE SKY COVER 0.2


WEATHER CONDITIONS
 THE FOLLOWING WEATHER WAS RECORDED YESTERDAY.
  NO SIGNIFICANT WEATHER WAS OBSERVED.


RELATIVE HUMIDITY (PERCENT)
 HIGHEST    63           200 AM
 LOWEST     28           400 PM
 AVERAGE    46

..........................................................


THE PROVIDENCE RI CLIMATE NORMALS FOR TODAY
                         NORMAL    RECORD    YEAR
 MAXIMUM TEMPERATURE (F)   48        73      2011
 MINIMUM TEMPERATURE (F)   30         3      1967


SUNRISE AND SUNSET
MARCH 18 2019.........SUNRISE   653 AM EDT   SUNSET   655 PM EDT
MARCH 19 2019.........SUNRISE   651 AM EDT   SUNSET   657 PM EDT


-  INDICATES NEGATIVE NUMBERS.
R  INDICATES RECORD WAS SET OR TIED.
MM INDICATES DATA IS MISSING.
T  INDICATES TRACE AMOUNT.




$$
