000
CDUS41 KBOX 250627
CLIPVD


CLIMATE REPORT
NATIONAL WEATHER SERVICE BOSTON/NORTON MA
217 AM EDT SAT MAY 25 2019


...................................

...THE PROVIDENCE RI CLIMATE SUMMARY FOR MAY 24 2019...

CLIMATE NORMAL PERIOD 1981 TO 2010
CLIMATE RECORD PERIOD 1904 TO 2019


WEATHER ITEM   OBSERVED TIME   RECORD YEAR NORMAL DEPARTURE LAST
                VALUE   (LST)  VALUE       VALUE  FROM      YEAR
                                                  NORMAL
..................................................................
TEMPERATURE (F)
 YESTERDAY
  MAXIMUM         76   1259 PM  92    1964  71      5       77
                                      1936
  MINIMUM         52   1159 PM  38    1967  51      1       51
  AVERAGE         64                        61      3       64

PRECIPITATION (IN)
  YESTERDAY        0.09          1.70 2001   0.14  -0.05     0.00
  MONTH TO DATE    2.32                      2.68  -0.36     1.88
  SINCE MAR 1     12.51                     12.05   0.46    12.57
  SINCE JAN 1     22.93                     19.20   3.73    24.51

SNOWFALL (IN)
  YESTERDAY        0.0           0.0  2001   0.0    0.0      0.0
                                      2000
  MONTH TO DATE    0.0                       0.0    0.0      0.0
  SINCE MAR 1     11.8                       6.1    5.7     16.7
  SINCE JUL 1     29.4                      33.8   -4.4     50.6
  SNOW DEPTH      MM

DEGREE DAYS
 HEATING
  YESTERDAY        1                         5     -4        1
  MONTH TO DATE  215                       194     21      106
  SINCE MAR 1   1508                      1482     26     1481
  SINCE JUL 1   5555                      5544     11     5144

 COOLING
  YESTERDAY        0                         1     -1        0
  MONTH TO DATE    9                        11     -2       39
  SINCE MAR 1     11                        13     -2       39
  SINCE JAN 1     11                        13     -2       39
..................................................................


WIND (MPH)
  RESULTANT WIND SPEED  10   RESULTANT WIND DIRECTION   N (340)
  HIGHEST WIND SPEED    30   HIGHEST WIND DIRECTION    NW (300)
  HIGHEST GUST SPEED    41   HIGHEST GUST DIRECTION     W (290)
  AVERAGE WIND SPEED    14.1


SKY COVER
  POSSIBLE SUNSHINE  MM
  AVERAGE SKY COVER 0.7


WEATHER CONDITIONS
 THE FOLLOWING WEATHER WAS RECORDED YESTERDAY.
  LIGHT RAIN
  FOG


RELATIVE HUMIDITY (PERCENT)
 HIGHEST    90          1200 AM
 LOWEST     41           100 PM
 AVERAGE    66

..........................................................


THE PROVIDENCE RI CLIMATE NORMALS FOR TODAY
                         NORMAL    RECORD    YEAR
 MAXIMUM TEMPERATURE (F)   71        93      2007
 MINIMUM TEMPERATURE (F)   51        33      1956


SUNRISE AND SUNSET
MAY 25 2019...........SUNRISE   518 AM EDT   SUNSET   808 PM EDT
MAY 26 2019...........SUNRISE   517 AM EDT   SUNSET   809 PM EDT


-  INDICATES NEGATIVE NUMBERS.
R  INDICATES RECORD WAS SET OR TIED.
MM INDICATES DATA IS MISSING.
T  INDICATES TRACE AMOUNT.




$$
