000
CDUS43 KLOT 230637
CLIPWK


CLIMATE REPORT
NATIONAL WEATHER SERVICE CHICAGO IL
137 AM CDT THU MAY 23 2019


...................................

...THE CHICAGO EXECUTIVE CLIMATE SUMMARY FOR MAY 22 2019...

CLIMATE NORMAL PERIOD 1981 TO 2010
CLIMATE RECORD PERIOD 1996 TO 2019


WEATHER ITEM   OBSERVED TIME   RECORD YEAR NORMAL DEPARTURE LAST
                VALUE   (LST)  VALUE       VALUE  FROM      YEAR
                                                  NORMAL
..................................................................
TEMPERATURE (F)
 YESTERDAY
  MAXIMUM         84    345 PM  88    2011  71     13       66
  MINIMUM         50    200 AM  37    2006  49      1       53
                                      1997
  AVERAGE         67                        60      7       60

PRECIPITATION (IN)
  YESTERDAY        0.43          1.32 2013   0.13   0.30      T
  MONTH TO DATE    4.29                      2.71   1.58     7.73
  SINCE MAR 1     10.28                      7.93   2.35    11.55
  SINCE JAN 1     12.51                     10.51   2.00    14.71

DEGREE DAYS
 HEATING
  YESTERDAY        0                         6     -6        5
  MONTH TO DATE  220                       200     20      121
  SINCE MAR 1   1593                      1575     18     1737
  SINCE JUL 1   6308                      6313     -5     6199

 COOLING
  YESTERDAY        2                         2      0        0
  MONTH TO DATE    5                        19    -14       36
  SINCE MAR 1      9                        23    -14       36
  SINCE JAN 1      9                        23    -14       36
..................................................................


WIND (MPH)
  RESULTANT WIND SPEED  13   RESULTANT WIND DIRECTION   S (180)
  HIGHEST WIND SPEED    29   HIGHEST WIND DIRECTION     S (190)
  HIGHEST GUST SPEED    43   HIGHEST GUST DIRECTION     S (200)
  AVERAGE WIND SPEED    14.5



WEATHER CONDITIONS
 THE FOLLOWING WEATHER WAS RECORDED YESTERDAY.
  HEAVY RAIN
  RAIN
  LIGHT RAIN
  FOG


..........................................................


THE CHICAGO EXECUTIVE CLIMATE NORMALS FOR TODAY
                         NORMAL    RECORD    YEAR
 MAXIMUM TEMPERATURE (F)   72        89      2010
                                             2007
 MINIMUM TEMPERATURE (F)   50        39      2006


SUNRISE AND SUNSET
MAY 23 2019...........SUNRISE   524 AM CDT   SUNSET   813 PM CDT
MAY 24 2019...........SUNRISE   523 AM CDT   SUNSET   814 PM CDT


-  INDICATES NEGATIVE NUMBERS.
R  INDICATES RECORD WAS SET OR TIED.
MM INDICATES DATA IS MISSING.
T  INDICATES TRACE AMOUNT.




$$
