000
CDUS41 KGYX 262044
CLIPWM


CLIMATE REPORT
NATIONAL WEATHER SERVICE GRAY ME
444 PM EDT TUE MAR 26 2019


...................................

...THE PORTLAND ME CLIMATE SUMMARY FOR MARCH 26 2019...
VALID TODAY AS OF 0400 PM LOCAL TIME.

CLIMATE NORMAL PERIOD 1981 TO 2010
CLIMATE RECORD PERIOD 1941 TO 2019


WEATHER ITEM   OBSERVED TIME   RECORD YEAR NORMAL DEPARTURE LAST
                VALUE   (LST)  VALUE       VALUE  FROM      YEAR
                                                  NORMAL
..................................................................
TEMPERATURE (F)
 TODAY
  MAXIMUM         41    259 PM  74    1986  45     -4       41
  MINIMUM         19    404 AM  -5    1960  28     -9       24
  AVERAGE         30                        37     -7       33

PRECIPITATION (IN)
  TODAY            0.00          1.50 1876   0.15  -0.15     0.00
  MONTH TO DATE    2.40                      3.53  -1.13     2.93
  SINCE MAR 1      2.40                      3.53  -1.13     2.93
  SINCE JAN 1     11.88                     10.16   1.72    10.56

SNOWFALL (IN)
  TODAY            T             3.0  1888   0.3   -0.3      0.0
  MONTH TO DATE   10.9                      11.4   -0.5     33.0
  SINCE MAR 1     10.9                      11.4   -0.5     33.0
  SINCE JUL 1     62.0                      57.8    4.2     91.2
  SNOW DEPTH       0

DEGREE DAYS
 HEATING
  TODAY           35                        28      7       32
  MONTH TO DATE  889                       840     49      839
  SINCE MAR 1    889                       840     49      839
  SINCE JUL 1   5881                      5882     -1     5543

 COOLING
  TODAY            0                         0      0        0
  MONTH TO DATE    0                         0      0        0
  SINCE MAR 1      0                         0      0        0
  SINCE JAN 1      0                         0      0        0
..................................................................


WIND (MPH)
  HIGHEST WIND SPEED    20   HIGHEST WIND DIRECTION    NW (300)
  HIGHEST GUST SPEED    24   HIGHEST GUST DIRECTION     N (360)
  AVERAGE WIND SPEED     6.3


SKY COVER
  POSSIBLE SUNSHINE  MM
  AVERAGE SKY COVER 0.1


WEATHER CONDITIONS
 THE FOLLOWING WEATHER WAS RECORDED TODAY.
  NO SIGNIFICANT WEATHER WAS OBSERVED.


RELATIVE HUMIDITY (PERCENT)
 HIGHEST    68           400 AM
 LOWEST     22           300 PM
 AVERAGE    45

..........................................................


THE PORTLAND ME CLIMATE NORMALS FOR TOMORROW
                         NORMAL    RECORD    YEAR
 MAXIMUM TEMPERATURE (F)   46        74      1998
 MINIMUM TEMPERATURE (F)   28        10      1956


SUNRISE AND SUNSET
MARCH 26 2019.........SUNRISE   634 AM EDT   SUNSET   701 PM EDT
MARCH 27 2019.........SUNRISE   632 AM EDT   SUNSET   702 PM EDT


-  INDICATES NEGATIVE NUMBERS.
R  INDICATES RECORD WAS SET OR TIED.
MM INDICATES DATA IS MISSING.
T  INDICATES TRACE AMOUNT.




$$
