000
CDUS46 KSGX 261219
CLIRAL


CLIMATE REPORT
NATIONAL WEATHER SERVICE SAN DIEGO, CA
519 AM PDT TUE MAR 26 2019


...................................

...THE RIVERSIDE MUNI AIRPORT CA CLIMATE SUMMARY FOR MARCH 25 2019...

CLIMATE NORMAL PERIOD 1981 TO 2010
CLIMATE RECORD PERIOD 1893 TO 2019


WEATHER ITEM   OBSERVED TIME   RECORD YEAR NORMAL DEPARTURE LAST
                VALUE   (LST)  VALUE       VALUE  FROM      YEAR
                                                  NORMAL
..................................................................
TEMPERATURE (F)
 YESTERDAY
  MAXIMUM         79    138 PM  96    1988  72      7       64
  MINIMUM         46    554 AM  29    1913  47     -1       45
  AVERAGE         63                        60      3       55

PRECIPITATION (IN)
  YESTERDAY        0.00          1.30 1903   0.03  -0.03     0.00
  MONTH TO DATE    1.43                      1.85  -0.42     1.65
  SINCE OCT 1     12.64                     10.64   2.00     4.08
  SINCE JAN 1      9.66                      7.83   1.83     4.05

DEGREE DAYS
 HEATING
  YESTERDAY        2                         6     -4       10
  MONTH TO DATE  190                       174     16      170
  SINCE MAR 1    190                       174     16      170
  SINCE JUL 1   1269                      1282    -13      730

 COOLING
  YESTERDAY        0                         0      0        0
  MONTH TO DATE    1                         4     -3        1
  SINCE MAR 1      1                         4     -3        1
  SINCE JAN 1      4                        13     -9       37
..................................................................


WIND (MPH)
  RESULTANT WIND SPEED   3   RESULTANT WIND DIRECTION   W (270)
  HIGHEST WIND SPEED    17   HIGHEST WIND DIRECTION     W (270)
  HIGHEST GUST SPEED    21   HIGHEST GUST DIRECTION     W (270)
  AVERAGE WIND SPEED     4.3


SKY COVER
  POSSIBLE SUNSHINE  MM
  AVERAGE SKY COVER 0.0


WEATHER CONDITIONS
 THE FOLLOWING WEATHER WAS RECORDED YESTERDAY.
  FOG


RELATIVE HUMIDITY (PERCENT)
 HIGHEST    93           400 AM
 LOWEST     14          1200 PM
 AVERAGE    54

..........................................................


THE RIVERSIDE MUNI AIRPORT CA CLIMATE NORMALS FOR TODAY
                         NORMAL    RECORD    YEAR
 MAXIMUM TEMPERATURE (F)   72        99      1988
 MINIMUM TEMPERATURE (F)   48        30      1933


SUNRISE AND SUNSET
MARCH 26 2019.........SUNRISE   646 AM PDT   SUNSET   706 PM PDT
MARCH 27 2019.........SUNRISE   644 AM PDT   SUNSET   707 PM PDT


-  INDICATES NEGATIVE NUMBERS.
R  INDICATES RECORD WAS SET OR TIED.
MM INDICATES DATA IS MISSING.
T  INDICATES TRACE AMOUNT.




$$
