000
CDUS43 KUNR 230831
CLIRAP


CLIMATE REPORT
NATIONAL WEATHER SERVICE RAPID CITY SD
230 AM MDT MON APR 23 2018


...................................

...THE RAPID CITY AIRPORT SD CLIMATE SUMMARY FOR APRIL 22 2018...

CLIMATE NORMAL PERIOD 1981 TO 2010
CLIMATE RECORD PERIOD 1942 TO 2018


WEATHER ITEM   OBSERVED TIME   RECORD YEAR NORMAL DEPARTURE LAST
                VALUE   (LST)  VALUE       VALUE  FROM      YEAR
                                                  NORMAL
..................................................................
TEMPERATURE (F)
 YESTERDAY
  MAXIMUM         67    246 PM  93    1989  61      6       67
  MINIMUM         30    506 AM  13    1951  34     -4       33
  AVERAGE         49                        47      2       50

PRECIPITATION (IN)
  YESTERDAY        0.00          0.65 2001   0.07  -0.07     0.00
  MONTH TO DATE    1.36                      1.15   0.21     1.44
  SINCE MAR 1      2.71                      2.08   0.63     1.97
  SINCE JAN 1      3.67                      2.82   0.85     2.78

SNOWFALL (IN)
  YESTERDAY        0.0          18.0  2001   0.2   -0.2      0.0
  MONTH TO DATE   17.1                       6.3   10.8      2.5
  SINCE MAR 1     30.3                      15.0   15.3      3.0
  SINCE JUL 1     60.1                      38.4   21.7     33.5
  SNOW DEPTH       0

DEGREE DAYS
 HEATING
  YESTERDAY       16                        18     -2       15
  MONTH TO DATE  670                       470    200      388
  SINCE MAR 1   1673                      1388    285     1177
  SINCE JUL 1   7193                      6598    595     6233

 COOLING
  YESTERDAY        0                         0      0        0
  MONTH TO DATE    0                         0      0        0
  SINCE MAR 1      0                         0      0        0
  SINCE JAN 1      0                         0      0        0
..................................................................


WIND (MPH)
  HIGHEST WIND SPEED    13   HIGHEST WIND DIRECTION     E (110)
  HIGHEST GUST SPEED    16   HIGHEST GUST DIRECTION    SE (130)
  AVERAGE WIND SPEED     4.9


SKY COVER
  AVERAGE SKY COVER 0.0


WEATHER CONDITIONS
 THE FOLLOWING WEATHER WAS RECORDED YESTERDAY.
  NO SIGNIFICANT WEATHER WAS OBSERVED.


RELATIVE HUMIDITY (PERCENT)
 HIGHEST    92           200 AM
 LOWEST     34           200 PM
 AVERAGE    63

..........................................................


THE RAPID CITY AIRPORT SD CLIMATE NORMALS FOR TODAY
                         NORMAL    RECORD    YEAR
 MAXIMUM TEMPERATURE (F)   61        85      2012
                                             2009
 MINIMUM TEMPERATURE (F)   34        12      2013


SUNRISE AND SUNSET
APRIL 23 2018.........SUNRISE   556 AM MDT   SUNSET   746 PM MDT
APRIL 24 2018.........SUNRISE   554 AM MDT   SUNSET   747 PM MDT


-  INDICATES NEGATIVE NUMBERS.
R  INDICATES RECORD WAS SET OR TIED.
MM INDICATES DATA IS MISSING.
T  INDICATES TRACE AMOUNT.




$$
