000
CDUS43 KUNR 230844
CLIRAP


CLIMATE REPORT
NATIONAL WEATHER SERVICE RAPID CITY SD
241 AM MDT SAT MAR 23 2019


...................................

...THE RAPID CITY AIRPORT SD CLIMATE SUMMARY FOR MARCH 22 2019...

CLIMATE NORMAL PERIOD 1981 TO 2010
CLIMATE RECORD PERIOD 1942 TO 2019


WEATHER ITEM   OBSERVED TIME   RECORD YEAR NORMAL DEPARTURE LAST
                VALUE   (LST)  VALUE       VALUE  FROM      YEAR
                                                  NORMAL
..................................................................
TEMPERATURE (F)
 YESTERDAY
  MAXIMUM         54    325 PM  77    2009  50      4       55
  MINIMUM         25    529 AM  -4    2002  25      0       26
  AVERAGE         40                        37      3       41

PRECIPITATION (IN)
  YESTERDAY        0.03          0.69 1966   0.03   0.00     0.03
  MONTH TO DATE    0.60                      0.62  -0.02     0.91
  SINCE MAR 1      0.60                      0.62  -0.02     0.91
  SINCE JAN 1      1.88                      1.36   0.52     1.87

DEGREE DAYS
 HEATING
  YESTERDAY       25                        28     -3       24
  MONTH TO DATE  894                       682    212      747
  SINCE MAR 1    894                       682    212      747
  SINCE JUL 1   6664                      5892    772     6267

 COOLING
  YESTERDAY        0                         0      0        0
  MONTH TO DATE    0                         0      0        0
  SINCE MAR 1      0                         0      0        0
  SINCE JAN 1      0                         0      0        0
..................................................................


WIND (MPH)
  HIGHEST WIND SPEED    17   HIGHEST WIND DIRECTION    SE (130)
  HIGHEST GUST SPEED    22   HIGHEST GUST DIRECTION    SE (130)
  AVERAGE WIND SPEED     8.3


SKY COVER
  AVERAGE SKY COVER 0.4


WEATHER CONDITIONS
 THE FOLLOWING WEATHER WAS RECORDED YESTERDAY.
  LIGHT RAIN
  FOG


RELATIVE HUMIDITY (PERCENT)
 HIGHEST    96           900 PM
 LOWEST     54           300 PM
 AVERAGE    75

..........................................................


THE RAPID CITY AIRPORT SD CLIMATE NORMALS FOR TODAY
                         NORMAL    RECORD    YEAR
 MAXIMUM TEMPERATURE (F)   50        76      1967
 MINIMUM TEMPERATURE (F)   25        -3      1965


SUNRISE AND SUNSET
MARCH 23 2019.........SUNRISE   650 AM MDT   SUNSET   708 PM MDT
MARCH 24 2019.........SUNRISE   648 AM MDT   SUNSET   709 PM MDT


-  INDICATES NEGATIVE NUMBERS.
R  INDICATES RECORD WAS SET OR TIED.
MM INDICATES DATA IS MISSING.
T  INDICATES TRACE AMOUNT.




$$
