000
CDUS43 KUNR 221834
CLIRAP


CLIMATE REPORT
NATIONAL WEATHER SERVICE RAPID CITY SD
1233 PM MDT WED MAY 22 2019


...................................

...THE RAPID CITY AIRPORT SD CLIMATE SUMMARY FOR MAY 22 2019...
VALID AS OF 1100 AM LOCAL TIME.

CLIMATE NORMAL PERIOD 1981 TO 2010
CLIMATE RECORD PERIOD 1942 TO 2019


WEATHER ITEM   OBSERVED TIME   RECORD YEAR NORMAL DEPARTURE LAST
                VALUE   (LST)  VALUE       VALUE  FROM      YEAR
                                                  NORMAL
..................................................................
TEMPERATURE (F)
 TODAY
  MAXIMUM         40   1059 AM  91    2012  69    -29       79
                                      2006
  MINIMUM         32    251 AM  28    1963  44    -12       48
  AVERAGE         36                        57    -21       64

PRECIPITATION (IN)
  TODAY            0.46          2.09 2008   0.11   0.35     0.27
  MONTH TO DATE    5.34                      2.24   3.10     2.06
  SINCE MAR 1      7.92                      4.97   2.95     5.11
  SINCE JAN 1      9.20                      5.71   3.49     6.07

DEGREE DAYS
 HEATING
  TODAY           29                         9     20        1
  MONTH TO DATE  448                       259    189      203
  SINCE MAR 1   2195                      1778    417     1984
  SINCE JUL 1   7965                      6988    977     7504

 COOLING
  TODAY            0                         0      0        0
  MONTH TO DATE    0                         0      0        5
  SINCE MAR 1      0                         2     -2        6
  SINCE JAN 1      0                         2     -2        6
..................................................................


WIND (MPH)
  HIGHEST WIND SPEED    28   HIGHEST WIND DIRECTION    NW (330)
  HIGHEST GUST SPEED    36   HIGHEST GUST DIRECTION    NW (330)
  AVERAGE WIND SPEED    20.4


SKY COVER
  AVERAGE SKY COVER 1.0


WEATHER CONDITIONS
 THE FOLLOWING WEATHER WAS RECORDED TODAY.
  LIGHT RAIN
  LIGHT SNOW
  FOG


RELATIVE HUMIDITY (PERCENT)
 HIGHEST   100           500 AM
 LOWEST     85          1000 AM
 AVERAGE    93

..........................................................


THE RAPID CITY AIRPORT SD CLIMATE NORMALS FOR TOMORROW
                         NORMAL    RECORD    YEAR
 MAXIMUM TEMPERATURE (F)   70        87      1960
                                             1951
 MINIMUM TEMPERATURE (F)   45        24      2002


SUNRISE AND SUNSET
MAY 22 2019...........SUNRISE   519 AM MDT   SUNSET   819 PM MDT
MAY 23 2019...........SUNRISE   519 AM MDT   SUNSET   820 PM MDT


-  INDICATES NEGATIVE NUMBERS.
R  INDICATES RECORD WAS SET OR TIED.
MM INDICATES DATA IS MISSING.
T  INDICATES TRACE AMOUNT.




$$
