000
CDUS46 KMFR 180036
CLIRBG


CLIMATE REPORT
NATIONAL WEATHER SERVICE MEDFORD, OR
536 PM PDT MON JUN 17 2019


...................................

...THE ROSEBURG OR CLIMATE SUMMARY FOR JUNE 17 2019...
VALID TODAY AS OF 0500 PM LOCAL TIME.

CLIMATE NORMAL PERIOD 1981 TO 2010
CLIMATE RECORD PERIOD 1931 TO 2019


WEATHER ITEM   OBSERVED TIME   RECORD YEAR NORMAL DEPARTURE LAST
                VALUE   (LST)  VALUE       VALUE  FROM      YEAR
                                                  NORMAL
..................................................................
TEMPERATURE (F)
 TODAY
  MAXIMUM         88    358 PM 102    1961  76     12       87
                                      1985
  MINIMUM         58    543 AM  39    1954  52      6       52
  AVERAGE         73                        64      9       70

PRECIPITATION (IN)
  TODAY            0.00          1.20 1931   0.04  -0.04
  MONTH TO DATE    0.14                      0.95  -0.81
  SINCE OCT 1     30.07                     34.23  -4.16
  SINCE JAN 1     21.07                     18.58   2.49

SNOWFALL (IN)
  TODAY           MM                        MM     MM       MM
  MONTH TO DATE    0.0                      MM     MM       MM
  SINCE JUL 1      0.0                      MM     MM        0.0
  SNOW DEPTH      MM

DEGREE DAYS
 HEATING
  TODAY            0                         2     -2        0
  MONTH TO DATE   21                        61    -40       46
  SINCE JUN 1     21                        61    -40       46
  SINCE JUL 1   3696                      4044   -348     3768

 COOLING
  TODAY            8                         1      7        5
  MONTH TO DATE   99                        17     82       10
  SINCE JUN 1     99                        17     82       10
  SINCE JAN 1    128                        37     91       33
..................................................................







THE ROSEBURG OR CLIMATE NORMALS FOR TOMORROW
                         NORMAL    RECORD    YEAR
 MAXIMUM TEMPERATURE (F)   76        96      1945
 MINIMUM TEMPERATURE (F)   52        37      1954


SUNRISE AND SUNSET
JUNE 17 2019..........SUNRISE   533 AM PDT   SUNSET   856 PM PDT
JUNE 18 2019..........SUNRISE   533 AM PDT   SUNSET   856 PM PDT


-  INDICATES NEGATIVE NUMBERS.
R  INDICATES RECORD WAS SET OR TIED.
MM INDICATES DATA IS MISSING.
T  INDICATES TRACE AMOUNT.




$$
