970
CDUS46 KMFR 230037
CLIRBG


CLIMATE REPORT
NATIONAL WEATHER SERVICE MEDFORD, OR
537 PM PDT TUE MAY 22 2018


...................................

...THE ROSEBURG OR CLIMATE SUMMARY FOR MAY 22 2018...
VALID TODAY AS OF 0500 PM LOCAL TIME.

CLIMATE NORMAL PERIOD 1981 TO 2010
CLIMATE RECORD PERIOD 1931 TO 2018


WEATHER ITEM   OBSERVED TIME   RECORD YEAR NORMAL DEPARTURE LAST
                VALUE   (LST)  VALUE       VALUE  FROM      YEAR
                                                  NORMAL
..................................................................
TEMPERATURE (F)
 TODAY
  MAXIMUM         86    359 PM  99    2001  71     15       94
  MINIMUM         50    539 AM  34    1960  48      2       56
  AVERAGE         68                        60      8       75

PRECIPITATION (IN)
  TODAY            0.00          0.60 1996   0.08  -0.08
  MONTH TO DATE    0.27                      1.69  -1.42
  SINCE OCT 1     21.04                     32.70 -11.66
  SINCE JAN 1     12.67                     17.05  -4.38

SNOWFALL (IN)
  TODAY           MM                        MM     MM       MM
  MONTH TO DATE    0.0                      MM     MM       MM
  SINCE JUL 1      0.0                      MM     MM       MM
  SNOW DEPTH      MM

DEGREE DAYS
 HEATING
  TODAY            0                         6     -6        0
  MONTH TO DATE   60                       169   -109      145
  SINCE MAR 1    928                      1064   -136      958
  SINCE JUL 1   3682                      3933   -251     3674

 COOLING
  TODAY            3                         1      2       10
  MONTH TO DATE   13                        10      3       25
  SINCE MAR 1     19                        11      8       25
  SINCE JAN 1     19                        11      8       25
..................................................................







THE ROSEBURG OR CLIMATE NORMALS FOR TOMORROW
                         NORMAL    RECORD    YEAR
 MAXIMUM TEMPERATURE (F)   71        94      1997
 MINIMUM TEMPERATURE (F)   48        36      1964
                                             1955


SUNRISE AND SUNSET
MAY 22 2018...........SUNRISE   543 AM PDT   SUNSET   838 PM PDT
MAY 23 2018...........SUNRISE   542 AM PDT   SUNSET   839 PM PDT


-  INDICATES NEGATIVE NUMBERS.
R  INDICATES RECORD WAS SET OR TIED.
MM INDICATES DATA IS MISSING.
T  INDICATES TRACE AMOUNT.




$$
