831
CDUS46 KSTO 230951
CLIRDD

CLIMATE REPORT
NATIONAL WEATHER SERVICE SACRAMENTO, CA
154 AM PDT THU MAY 23 2019


.........................................................

...THE REDDING AIRPORT CA CLIMATE SUMMARY FOR MAY 22 2019...

CLIMATE NORMAL PERIOD 1981 TO 2010
CLIMATE RECORD PERIOD 1986 TO 2019


WEATHER ITEM   OBSERVED RECORD YEAR NORMAL DEPARTURE LAST
                VALUE   VALUE       VALUE  FROM      YEAR
                                           NORMAL
...........................................................
TEMPERATURE (F)
 YESTERDAY
  MAXIMUM         81    102    2017  83     -2       89
                               1941
  MINIMUM         47     34    2010  56     -9       60
  AVERAGE         64

PRECIPITATION (IN)
  YESTERDAY        0.00   2.52 1896   0.06  -0.06      T
  MONTH TO DATE    2.76               1.33   1.43      T
  SINCE OCT 1     41.31              32.50   8.81    19.00
  SINCE JAN 1     29.97              19.65  10.32    13.33

SNOWFALL (IN)
  YESTERDAY        0.0   MM      MM  MM               0.0
  MONTH TO DATE    0.0               MM               0.0
  SINCE MAR 1      0.0               MM               0.0
  SINCE JUL 1      9.0               MM               0.0

DEGREE DAYS
 HEATING
  YESTERDAY        1

 COOLING
  YESTERDAY        0
...........................................................


WIND (MPH)
  RESULTANT WIND SPEED   6   RESULTANT WIND DIRECTION   N (10)
  HIGHEST WIND SPEED    22   HIGHEST WIND DIRECTION     N (20)
  HIGHEST GUST SPEED    26   HIGHEST GUST DIRECTION     N (20)


SKY COVER
  POSSIBLE SUNSHINE  MM
  AVERAGE SKY COVER 0.3


WEATHER CONDITIONS
 THE FOLLOWING WEATHER WAS RECORDED YESTERDAY.
  NO SIGNIFICANT WEATHER WAS OBSERVED.


RELATIVE HUMIDITY (PERCENT)
 HIGHEST   100
 LOWEST     28
 AVERAGE    64

..........................................................


THE REDDING AIRPORT CA CLIMATE NORMALS FOR TODAY
                         NORMAL    RECORD    YEAR
 MAXIMUM TEMPERATURE (F)   83       101      2017
                                             2000
 MINIMUM TEMPERATURE (F)   56        40      2010


SUNRISE AND SUNSET
MAY 23 2019...........SUNRISE   546 AM PDT   SUNSET   826 PM PDT
MAY 24 2019...........SUNRISE   545 AM PDT   SUNSET   827 PM PDT


-  INDICATES NEGATIVE NUMBERS.
R  INDICATES RECORD WAS SET OR TIED.
MM INDICATES DATA IS MISSING.
T  INDICATES TRACE AMOUNT.


&&
....................................................................

REDDING CITY CLIMATE DATA FOR MAY 22

CLIMATE RECORD PERIOD 1897-1986

RECORD HIGH..............    102 IN 1941
RECORD LOW...............     39 IN 1960

RECORD RAINFALL..........   2.52 IN 1896

$$

NNNN
