000
CDUS46 KSTO 190042 RRA
CLIRDD

CLIMATE REPORT
NATIONAL WEATHER SERVICE SACRAMENTO, CA
540 PM PDT MON MAR 18 2019


...................................

...THE REDDING AIRPORT CA CLIMATE SUMMARY FOR MARCH 18 2019...
VALID TODAY AS OF 0500 PM LOCAL TIME.

CLIMATE NORMAL PERIOD 1981 TO 2010
CLIMATE RECORD PERIOD 1986 TO 2019


WEATHER ITEM   OBSERVED RECORD YEAR NORMAL DEPARTURE LAST
                VALUE   VALUE       VALUE  FROM      YEAR
                                           NORMAL
...........................................................
TEMPERATURE (F)
 TODAY
  MAXIMUM         76     88    1914  65     11       59
  MINIMUM         40     31    2002  43     -3       37
                               1982
  AVERAGE         58

PRECIPITATION (IN)
  TODAY            0.00   4.34 1975   0.13  -0.13     0.00
  MONTH TO DATE    4.55               2.98   1.57     2.77
  SINCE OCT 1     31.68              27.30   4.38    13.64
  SINCE JAN 1     20.34              14.45   5.89     7.97

SNOWFALL (IN)
  TODAY            0.0   MM      MM  MM               0.0
  MONTH TO DATE    0.0               MM               0.0
  SINCE MAR 1      0.0               MM               0.0
  SINCE JUL 1      9.0               MM               0.0

DEGREE DAYS
 HEATING
  TODAY            7

 COOLING
  TODAY            0
...........................................................


WIND (MPH)
  RESULTANT WIND SPEED   1   RESULTANT WIND DIRECTION  SE (130)
  HIGHEST WIND SPEED    10   HIGHEST WIND DIRECTION     S (190)
  HIGHEST GUST SPEED    13   HIGHEST GUST DIRECTION    SE (150)


SKY COVER
  POSSIBLE SUNSHINE  MM
  AVERAGE SKY COVER 0.0


WEATHER CONDITIONS
 THE FOLLOWING WEATHER WAS RECORDED TODAY.
  NO SIGNIFICANT WEATHER WAS OBSERVED.


RELATIVE HUMIDITY (PERCENT)
 HIGHEST    89
 LOWEST     21
 AVERAGE    55

..........................................................


THE REDDING AIRPORT CA CLIMATE NORMALS FOR TOMORROW
                         NORMAL    RECORD    YEAR
 MAXIMUM TEMPERATURE (F)   65        85      1914
 MINIMUM TEMPERATURE (F)   43        31      1909


SUNRISE AND SUNSET
MARCH 18 2019.........SUNRISE   716 AM PDT   SUNSET   719 PM PDT
MARCH 19 2019.........SUNRISE   714 AM PDT   SUNSET   720 PM PDT


-  INDICATES NEGATIVE NUMBERS.
R  INDICATES RECORD WAS SET OR TIED.
MM INDICATES DATA IS MISSING.
T  INDICATES TRACE AMOUNT.

&&
....................................................................

REDDING CITY CLIMATE DATA FOR MARCH 18

CLIMATE RECORD PERIOD 1897-1986

RECORD HIGH..............     88 IN 1914
RECORD LOW...............     31 IN 1982

RECORD RAINFALL..........   4.33 IN 1975

$$

NNNN
