000
CDUS41 KPHI 262133
CLIRDG


CLIMATE REPORT
NATIONAL WEATHER SERVICE MOUNT HOLLY NJ
532 PM EDT SUN MAY 26 2019


...................................

...THE READING PA CLIMATE SUMMARY FOR MAY 26 2019...
VALID TODAY AS OF 0500 PM LOCAL TIME.

CLIMATE NORMAL PERIOD 1981 TO 2010
CLIMATE RECORD PERIOD 1869 TO 2019


WEATHER ITEM   OBSERVED TIME   RECORD YEAR NORMAL DEPARTURE LAST
                VALUE   (LST)  VALUE       VALUE  FROM      YEAR
                                                  NORMAL
..................................................................
TEMPERATURE (F)
 TODAY
  MAXIMUM         87    115 PM  95    1914  75     12       90
  MINIMUM         63    125 AM  38    1972  53     10       66
                                      1917
  AVERAGE         75                        64     11       78

PRECIPITATION (IN)
  TODAY            0.20          1.52 1953   0.18   0.02      T
  MONTH TO DATE    7.30                      3.42   3.88     4.62
  SINCE MAR 1     14.90                     10.67   4.23    11.00
  SINCE JAN 1     20.98                     16.20   4.78    19.78

DEGREE DAYS
 HEATING
  TODAY            0                         3     -3        0
  MONTH TO DATE   95                       156    -61       52
  SINCE MAR 1   1139                      1312   -173     1390
  SINCE JUL 1   4969                      5354   -385     5179

 COOLING
  TODAY           10                         3      7       13
  MONTH TO DATE   55                        38     17       75
  SINCE MAR 1     67                        47     20       85
  SINCE JAN 1     67                        47     20       86
..................................................................


WIND (MPH)
  HIGHEST WIND SPEED    29   HIGHEST WIND DIRECTION    NW (310)
  HIGHEST GUST SPEED    35   HIGHEST GUST DIRECTION    NW (310)
  AVERAGE WIND SPEED     5.5


SKY COVER
  POSSIBLE SUNSHINE  MM
  AVERAGE SKY COVER 0.6


WEATHER CONDITIONS
 THE FOLLOWING WEATHER WAS RECORDED TODAY.
  THUNDERSTORM
  HEAVY RAIN
  LIGHT RAIN


RELATIVE HUMIDITY (PERCENT)
 HIGHEST   100           500 AM
 LOWEST     50           100 PM
 AVERAGE    75

..........................................................


THE READING PA CLIMATE NORMALS FOR TOMORROW
                         NORMAL    RECORD    YEAR
 MAXIMUM TEMPERATURE (F)   76        96      1914
 MINIMUM TEMPERATURE (F)   54        35      1972


SUNRISE AND SUNSET
MAY 26 2019...........SUNRISE   539 AM EDT   SUNSET   823 PM EDT
MAY 27 2019...........SUNRISE   539 AM EDT   SUNSET   824 PM EDT


-  INDICATES NEGATIVE NUMBERS.
R  INDICATES RECORD WAS SET OR TIED.
MM INDICATES DATA IS MISSING.
T  INDICATES TRACE AMOUNT.




$$
