462
CDUS46 KPDT 200030 RRA
CLIRDM

CLIMATE REPORT
NATIONAL WEATHER SERVICE PENDLETON OR
529 PM PDT THU APR 19 2018


...................................

...THE REDMOND OR CLIMATE SUMMARY FOR APRIL 19 2018...
VALID TODAY AS OF 0500 PM LOCAL TIME.

CLIMATE NORMAL PERIOD 1981 TO 2010
CLIMATE RECORD PERIOD 1949 TO 2018


WEATHER ITEM   OBSERVED TIME   RECORD YEAR NORMAL DEPARTURE LAST
                VALUE   (LST)  VALUE       VALUE  FROM      YEAR
                                                  NORMAL
..................................................................
TEMPERATURE (F)
 TODAY
  MAXIMUM         61    337 PM  83    2016  60      1       59
  MINIMUM         38    559 AM  13    2008  29      9       30
                                      1964
  AVERAGE         50                        45      5       45

PRECIPITATION (IN)
  TODAY            T             0.21 1981   0.03  -0.03     0.04
  MONTH TO DATE    0.52                      0.44   0.08     0.72
  SINCE OCT 1      2.84                      5.48  -2.64     7.80
  SINCE JAN 1      1.73                      2.72  -0.99     4.05

DEGREE DAYS
 HEATING
  TODAY           15                        20     -5       20
  MONTH TO DATE  386                       411    -25      418
  SINCE MAR 1   1157                      1189    -32     1095
  SINCE JUL 1   5587                      5862   -275     5972

 COOLING
  TODAY            0                         0      0        0
  MONTH TO DATE    0                         0      0        0
  SINCE MAR 1      0                         0      0        0
  SINCE JAN 1      0                         0      0        0
..................................................................


WIND (MPH)
  RESULTANT WIND SPEED   9   RESULTANT WIND DIRECTION  NW (330)
  HIGHEST WIND SPEED    21   HIGHEST WIND DIRECTION    NW (330)
  HIGHEST GUST SPEED    26   HIGHEST GUST DIRECTION    NW (320)
  AVERAGE WIND SPEED     9.8


SKY COVER
  POSSIBLE SUNSHINE  MM
  AVERAGE SKY COVER 0.5


WEATHER CONDITIONS
 THE FOLLOWING WEATHER WAS RECORDED TODAY.
  NO SIGNIFICANT WEATHER WAS OBSERVED.


RELATIVE HUMIDITY (PERCENT)
 HIGHEST   100           200 AM
 LOWEST     32           400 PM
 AVERAGE    66

..........................................................


THE REDMOND OR CLIMATE NORMALS FOR TOMORROW
                         NORMAL    RECORD    YEAR
 MAXIMUM TEMPERATURE (F)   60        83      2009
                                             1986
 MINIMUM TEMPERATURE (F)   30        12      2008


SUNRISE AND SUNSET
APRIL 19 2018.........SUNRISE   614 AM PDT   SUNSET   754 PM PDT
APRIL 20 2018.........SUNRISE   612 AM PDT   SUNSET   755 PM PDT


-  INDICATES NEGATIVE NUMBERS.
R  INDICATES RECORD WAS SET OR TIED.
MM INDICATES DATA IS MISSING.
T  INDICATES TRACE AMOUNT.




$$
