000
CDUS46 KPDT 210848 RRA
CLIRDM

CLIMATE REPORT
NATIONAL WEATHER SERVICE PENDLETON OR
147 AM PDT TUE MAY 21 2019


...................................

...THE REDMOND OR CLIMATE SUMMARY FOR MAY 20 2019...

CLIMATE NORMAL PERIOD 1981 TO 2010
CLIMATE RECORD PERIOD 1949 TO 2019


WEATHER ITEM   OBSERVED TIME   RECORD YEAR NORMAL DEPARTURE LAST
                VALUE   (LST)  VALUE       VALUE  FROM      YEAR
                                                  NORMAL
..................................................................
TEMPERATURE (F)
 YESTERDAY
  MAXIMUM         55    112 PM  87    1967  69    -14       73
  MINIMUM         41   1159 PM  22    1975  37      4       53
  AVERAGE         48                        53     -5       63

PRECIPITATION (IN)
  YESTERDAY        0.10          0.51 1998   0.03   0.07      T
  MONTH TO DATE    0.73                      0.61   0.12     0.54
  SINCE OCT 1      7.37                      6.38   0.99     3.55
  SINCE JAN 1      6.00                      3.62   2.38     2.44

DEGREE DAYS
 HEATING
  YESTERDAY       17                        13      4        2
  MONTH TO DATE  210                       302    -92      140
  SINCE MAR 1   1653                      1700    -47     1474
  SINCE JUL 1   6086                      6373   -287     5904

 COOLING
  YESTERDAY        0                         0      0        0
  MONTH TO DATE    0                         0      0        3
  SINCE MAR 1      0                         0      0        3
  SINCE JAN 1      0                         0      0        3
..................................................................


WIND (MPH)
  RESULTANT WIND SPEED   4   RESULTANT WIND DIRECTION  NW (310)
  HIGHEST WIND SPEED    15   HIGHEST WIND DIRECTION    NW (300)
  HIGHEST GUST SPEED    19   HIGHEST GUST DIRECTION    NW (310)
  AVERAGE WIND SPEED     5.6


SKY COVER
  POSSIBLE SUNSHINE  MM
  AVERAGE SKY COVER 0.8


WEATHER CONDITIONS
 THE FOLLOWING WEATHER WAS RECORDED YESTERDAY.
  LIGHT RAIN


RELATIVE HUMIDITY (PERCENT)
 HIGHEST    89           800 PM
 LOWEST     54          1200 PM
 AVERAGE    72

..........................................................


THE REDMOND OR CLIMATE NORMALS FOR TODAY
                         NORMAL    RECORD    YEAR
 MAXIMUM TEMPERATURE (F)   69        89      1958
 MINIMUM TEMPERATURE (F)   37        26      1960


SUNRISE AND SUNSET
MAY 21 2019...........SUNRISE   532 AM PDT   SUNSET   831 PM PDT
MAY 22 2019...........SUNRISE   531 AM PDT   SUNSET   832 PM PDT


-  INDICATES NEGATIVE NUMBERS.
R  INDICATES RECORD WAS SET OR TIED.
MM INDICATES DATA IS MISSING.
T  INDICATES TRACE AMOUNT.




$$
