000
CDUS46 KPDT 240029
CLIRDM

CLIMATE REPORT
NATIONAL WEATHER SERVICE PENDLETON OR
528 PM PDT SAT MAR 23 2019


...................................

...THE REDMOND OR CLIMATE SUMMARY FOR MARCH 23 2019...
VALID TODAY AS OF 0500 PM LOCAL TIME.

CLIMATE NORMAL PERIOD 1981 TO 2010
CLIMATE RECORD PERIOD 1949 TO 2019


WEATHER ITEM   OBSERVED TIME   RECORD YEAR NORMAL DEPARTURE LAST
                VALUE   (LST)  VALUE       VALUE  FROM      YEAR
                                                  NORMAL
..................................................................
TEMPERATURE (F)
 TODAY
  MAXIMUM         51    340 PM  76    1960  55     -4       43
  MINIMUM         34    508 AM  16    2014  27      7       31
                                      2009
                                      1973
  AVERAGE         43                        41      2       37

PRECIPITATION (IN)
  TODAY            0.00          0.31 2002   0.02  -0.02     0.03
  MONTH TO DATE    0.20                      0.48  -0.28     0.73
  SINCE OCT 1      4.91                      4.86   0.05     2.32
  SINCE JAN 1      3.54                      2.10   1.44     1.21

DEGREE DAYS
 HEATING
  TODAY           22                        24     -2       28
  MONTH TO DATE  776                       591    185      581
  SINCE MAR 1    776                       591    185      581
  SINCE JUL 1   5209                      5264    -55     5011

 COOLING
  TODAY            0                         0      0        0
  MONTH TO DATE    0                         0      0        0
  SINCE MAR 1      0                         0      0        0
  SINCE JAN 1      0                         0      0        0
..................................................................


WIND (MPH)
  RESULTANT WIND SPEED   2   RESULTANT WIND DIRECTION  NW (330)
  HIGHEST WIND SPEED    12   HIGHEST WIND DIRECTION     N (360)
  HIGHEST GUST SPEED    15   HIGHEST GUST DIRECTION    NW (330)
  AVERAGE WIND SPEED     3.7


SKY COVER
  POSSIBLE SUNSHINE  MM
  AVERAGE SKY COVER 0.6


WEATHER CONDITIONS
 THE FOLLOWING WEATHER WAS RECORDED TODAY.
  NO SIGNIFICANT WEATHER WAS OBSERVED.


RELATIVE HUMIDITY (PERCENT)
 HIGHEST    92           100 AM
 LOWEST     48           300 PM
 AVERAGE    70

..........................................................


THE REDMOND OR CLIMATE NORMALS FOR TOMORROW
                         NORMAL    RECORD    YEAR
 MAXIMUM TEMPERATURE (F)   56        76      1960
 MINIMUM TEMPERATURE (F)   27        15      1969


SUNRISE AND SUNSET
MARCH 23 2019.........SUNRISE   702 AM PDT   SUNSET   721 PM PDT
MARCH 24 2019.........SUNRISE   701 AM PDT   SUNSET   722 PM PDT


-  INDICATES NEGATIVE NUMBERS.
R  INDICATES RECORD WAS SET OR TIED.
MM INDICATES DATA IS MISSING.
T  INDICATES TRACE AMOUNT.




$$
