000
CDUS42 KRAH 262101
CLIRDU


CLIMATE REPORT
NATIONAL WEATHER SERVICE RALEIGH NC
459 PM EDT TUE MAR 26 2019


...................................

...THE RALEIGH-DURHAM INTL AIRPORT NC CLIMATE SUMMARY FOR MARCH 26 2019...
VALID TODAY AS OF 0459 PM LOCAL TIME.

CLIMATE NORMAL PERIOD 1981 TO 2010
CLIMATE RECORD PERIOD 1887 TO 2019


WEATHER ITEM   OBSERVED TIME   RECORD YEAR NORMAL DEPARTURE LAST
                VALUE   (LST)  VALUE       VALUE  FROM      YEAR
                                                  NORMAL
..................................................................
TEMPERATURE (F)
 TODAY
  MAXIMUM         56    241 PM  87    1929  67    -11       53
  MINIMUM         44    554 AM  22    1940  43      1       32
  AVERAGE         50                        54     -4       43

PRECIPITATION (IN)
  TODAY            0.06          1.18 1888   0.14  -0.08     0.00
  MONTH TO DATE    3.16                      3.46  -0.30     4.76
  SINCE MAR 1      3.16                      3.46  -0.30     4.76
  SINCE JAN 1     10.85                     10.19   0.66    10.38

SNOWFALL (IN)
  TODAY           MM             5.2  1971   0.0   MM        0.0
  MONTH TO DATE    0.0                       0.5   -0.5      1.6
  SINCE MAR 1      0.0                       0.5   -0.5      1.6
  SINCE JUL 1      8.9                       6.0    2.9      8.9
  SNOW DEPTH       0

DEGREE DAYS
 HEATING
  TODAY           15                        11      4       22
  MONTH TO DATE  429                       374     55      543
  SINCE MAR 1    429                       374     55      543
  SINCE JUL 1   2919                      2946    -27     3056

 COOLING
  TODAY            0                         0      0        0
  MONTH TO DATE    1                         0      1        0
  SINCE MAR 1      1                         0      1        0
  SINCE JAN 1      6                         1      5       22
..................................................................


WIND (MPH)
  HIGHEST WIND SPEED    21   HIGHEST WIND DIRECTION    NE (40)
  HIGHEST GUST SPEED    26   HIGHEST GUST DIRECTION    NE (30)
  AVERAGE WIND SPEED    11.2


SKY COVER
  POSSIBLE SUNSHINE  MM
  AVERAGE SKY COVER 0.6


WEATHER CONDITIONS
 THE FOLLOWING WEATHER WAS RECORDED TODAY.
  LIGHT RAIN
  FOG


RELATIVE HUMIDITY (PERCENT)
 HIGHEST   100           200 AM
 LOWEST     43           300 PM
 AVERAGE    72

..........................................................


THE RALEIGH-DURHAM INTL AIRPORT NC CLIMATE NORMALS FOR TOMORROW
                         NORMAL    RECORD    YEAR
 MAXIMUM TEMPERATURE (F)   67        87      2007
 MINIMUM TEMPERATURE (F)   43        20      1955


SUNRISE AND SUNSET
MARCH 26 2019.........SUNRISE   710 AM EDT   SUNSET   732 PM EDT
MARCH 27 2019.........SUNRISE   709 AM EDT   SUNSET   733 PM EDT


-  INDICATES NEGATIVE NUMBERS.
R  INDICATES RECORD WAS SET OR TIED.
MM INDICATES DATA IS MISSING.
T  INDICATES TRACE AMOUNT.


&&
CLIMATE REPORT NWS FORECAST OFFICE
NCSU CENTENNIAL CAMPUS
RALEIGH, NC

MAXIMUM TEMPERATURE... 55

MINIMUM TEMPERATURE... 44

PRECIPITATION... 0.05

$$
