000
CDUS42 KRAH 250645
CLIRDU


CLIMATE REPORT
NATIONAL WEATHER SERVICE RALEIGH NC
242 AM EDT TUE JUN 25 2019


...................................

...THE RALEIGH-DURHAM INTL AIRPORT NC CLIMATE SUMMARY FOR JUNE 24 2019...

CLIMATE NORMAL PERIOD 1981 TO 2010
CLIMATE RECORD PERIOD 1887 TO 2019


WEATHER ITEM   OBSERVED TIME   RECORD YEAR NORMAL DEPARTURE LAST
                VALUE   (LST)  VALUE       VALUE  FROM      YEAR
                                                  NORMAL
..................................................................
TEMPERATURE (F)
 YESTERDAY
  MAXIMUM         95    209 PM  99    2010  89      6       96
                                      1996
                                      1930
  MINIMUM         64    454 AM  51    1947  68     -4       73
  AVERAGE         80                        78      2       85

PRECIPITATION (IN)
  YESTERDAY        0.00          2.90 1973   0.11  -0.11     0.07
  MONTH TO DATE    2.48                      2.81  -0.33     1.20
  SINCE JUN 1      2.48                      2.81  -0.33     1.20
  SINCE JAN 1     22.91                     19.84   3.07    22.09

DEGREE DAYS
 HEATING
  YESTERDAY        0                         0      0        0
  MONTH TO DATE    0                         0      0        0
  SINCE JUN 1      0                         0      0        0
  SINCE JUL 1   3129                      3243   -114     3344

 COOLING
  YESTERDAY       15                        14      1       20
  MONTH TO DATE  240                       263    -23      328
  SINCE JUN 1    240                       263    -23      328
  SINCE JAN 1    585                       472    113      663
..................................................................


WIND (MPH)
  HIGHEST WIND SPEED    21   HIGHEST WIND DIRECTION    SW (240)
  HIGHEST GUST SPEED    25   HIGHEST GUST DIRECTION    SW (240)
  AVERAGE WIND SPEED     7.3


SKY COVER
  POSSIBLE SUNSHINE  MM
  AVERAGE SKY COVER 0.5


WEATHER CONDITIONS
 THE FOLLOWING WEATHER WAS RECORDED YESTERDAY.
  NO SIGNIFICANT WEATHER WAS OBSERVED.


RELATIVE HUMIDITY (PERCENT)
 HIGHEST   100           500 AM
 LOWEST     41           500 PM
 AVERAGE    71

..........................................................


THE RALEIGH-DURHAM INTL AIRPORT NC CLIMATE NORMALS FOR TODAY
                         NORMAL    RECORD    YEAR
 MAXIMUM TEMPERATURE (F)   89       100      1952
                                             1914
 MINIMUM TEMPERATURE (F)   68        54      1936


SUNRISE AND SUNSET
JUNE 25 2019..........SUNRISE   600 AM EDT   SUNSET   835 PM EDT
JUNE 26 2019..........SUNRISE   600 AM EDT   SUNSET   835 PM EDT


-  INDICATES NEGATIVE NUMBERS.
R  INDICATES RECORD WAS SET OR TIED.
MM INDICATES DATA IS MISSING.
T  INDICATES TRACE AMOUNT.


&&

CLIMATE REPORT NWS FORECAST OFFICE
NCSU CENTENNIAL CAMPUS
RALEIGH, NC

MAXIMUM TEMPERATURE...92

MINIMUM TEMPERATURE...67

PRECIPITATION...0.00

$$
