000
CDUS46 KBOI 230931
CLIREO


CLIMATE REPORT
NATIONAL WEATHER SERVICE BOISE ID
331 AM MDT THU MAY 23 2019


...................................

...THE ROME OR CLIMATE SUMMARY FOR MAY 22 2019...

CLIMATE NORMAL PERIOD 1981 TO 2010
CLIMATE RECORD PERIOD 9999 TO 9999


WEATHER ITEM   OBSERVED TIME   NORMAL DEPARTURE LAST
                VALUE   (LST)  VALUE  FROM      YEAR
                                      NORMAL
......................................................
TEMPERATURE (F)
 YESTERDAY
  MAXIMUM         57    118 PM  71    -14       77
  MINIMUM         43    604 AM  39      4       48
  AVERAGE         50            55     -5       63

PRECIPITATION (IN)
  YESTERDAY        0.05          0.05   0.00     0.00
  MONTH TO DATE    1.34          1.00   0.34     0.37
  SINCE OCT 1      7.50          6.56   0.94     3.79
  SINCE JAN 1      5.68          4.37   1.31     1.91

DEGREE DAYS
 HEATING
  YESTERDAY       15            10      5        2
  MONTH TO DATE  251           280    -29      150
  SINCE MAR 1   1469          1640   -171     1350
  SINCE JUL 1   5915          6374   -459     5698

 COOLING
  YESTERDAY        0             0      0        0
  MONTH TO DATE    5             0      5        3
  SINCE MAR 1      5             0      5        3
  SINCE JAN 1      5             0      5        3
......................................................


WIND (MPH)
  RESULTANT WIND SPEED   4   RESULTANT WIND DIRECTION  NE (30)
  HIGHEST WIND SPEED    20   HIGHEST WIND DIRECTION     E (80)
  HIGHEST GUST SPEED    26   HIGHEST GUST DIRECTION    NE (30)
  AVERAGE WIND SPEED     8.8


SKY COVER
  AVERAGE SKY COVER 0.0


WEATHER CONDITIONS
 THE FOLLOWING WEATHER WAS RECORDED YESTERDAY.
  NO SIGNIFICANT WEATHER WAS OBSERVED.


RELATIVE HUMIDITY (PERCENT)
 HIGHEST    96           300 AM
 LOWEST     59           200 PM
 AVERAGE    78

..........................................................


THE ROME OR CLIMATE NORMALS FOR TODAY
                         NORMAL    RECORD    YEAR
 MAXIMUM TEMPERATURE (F)   72        MM        MM
 MINIMUM TEMPERATURE (F)   39        MM        MM


SUNRISE AND SUNSET
MAY 23 2019...........SUNRISE   522 AM PDT   SUNSET   815 PM PDT
MAY 24 2019...........SUNRISE   522 AM PDT   SUNSET   816 PM PDT


-  INDICATES NEGATIVE NUMBERS.
R  INDICATES RECORD WAS SET OR TIED.
MM INDICATES DATA IS MISSING.
T  INDICATES TRACE AMOUNT.




$$
