000
CDUS43 KLOT 230638
CLIRFD


CLIMATE REPORT
NATIONAL WEATHER SERVICE CHICAGO IL
135 AM CDT SAT MAR 23 2019


...................................

...THE ROCKFORD IL CLIMATE SUMMARY FOR MARCH 22 2019...

CLIMATE NORMAL PERIOD 1981 TO 2010
CLIMATE RECORD PERIOD 1905 TO 2019


WEATHER ITEM   OBSERVED TIME   RECORD YEAR NORMAL DEPARTURE LAST
                VALUE   (LST)  VALUE       VALUE  FROM      YEAR
                                                  NORMAL
..................................................................
TEMPERATURE (F)
 YESTERDAY
  MAXIMUM         52    348 PM  79    2012  50      2       50
  MINIMUM         30   1159 PM   4    1912  30      0       19
  AVERAGE         41                        40      1       35

PRECIPITATION (IN)
  YESTERDAY        0.00          1.55 1993   0.08  -0.08     0.00
  MONTH TO DATE    1.62                      1.53   0.09     0.62
  SINCE MAR 1      1.62                      1.53   0.09     0.62
  SINCE JAN 1      7.92                      4.31   3.61     5.57

SNOWFALL (IN)
  YESTERDAY        0.0           5.0  1916   0.1   -0.1      0.0
  MONTH TO DATE    0.1                       3.9   -3.8      2.4
  SINCE MAR 1      0.1                       3.9   -3.8      2.4
  SINCE JUL 1     51.2                      34.9   16.3     30.7
  SNOW DEPTH       0

DEGREE DAYS
 HEATING
  YESTERDAY       24                        25     -1       30
  MONTH TO DATE  746                       653     93      661
  SINCE MAR 1    746                       653     93      661
  SINCE JUL 1   5990                      5655    335     5602

 COOLING
  YESTERDAY        0                         0      0        0
  MONTH TO DATE    0                         0      0        0
  SINCE MAR 1      0                         0      0        0
  SINCE JAN 1      0                         0      0        0
..................................................................


WIND (MPH)
  HIGHEST WIND SPEED    22   HIGHEST WIND DIRECTION     N (10)
  HIGHEST GUST SPEED    31   HIGHEST GUST DIRECTION     N (360)
  AVERAGE WIND SPEED     8.8


SKY COVER
  POSSIBLE SUNSHINE  MM
  AVERAGE SKY COVER 0.1


WEATHER CONDITIONS
 THE FOLLOWING WEATHER WAS RECORDED YESTERDAY.
  NO SIGNIFICANT WEATHER WAS OBSERVED.


RELATIVE HUMIDITY (PERCENT)
 HIGHEST    82           100 AM
 LOWEST     30           200 PM
 AVERAGE    56

..........................................................


THE ROCKFORD IL CLIMATE NORMALS FOR TODAY
                         NORMAL    RECORD    YEAR
 MAXIMUM TEMPERATURE (F)   50        82      1939
 MINIMUM TEMPERATURE (F)   30         5      1965


SUNRISE AND SUNSET
MARCH 23 2019.........SUNRISE   655 AM CDT   SUNSET   712 PM CDT
MARCH 24 2019.........SUNRISE   653 AM CDT   SUNSET   713 PM CDT


-  INDICATES NEGATIVE NUMBERS.
R  INDICATES RECORD WAS SET OR TIED.
MM INDICATES DATA IS MISSING.
T  INDICATES TRACE AMOUNT.




$$
