000
CDUS43 KGRB 240650
CLIRHI

CLIMATE REPORT
NATIONAL WEATHER SERVICE GREEN BAY
146 AM CDT SUN MAR 24 2019

...................................

...THE RHINELANDER WI CLIMATE SUMMARY FOR MARCH 23 2019...

CLIMATE NORMAL PERIOD 1981 TO 2010
CLIMATE RECORD PERIOD 1908 TO 2019

WEATHER ITEM   OBSERVED TIME   RECORD YEAR NORMAL DEPARTURE LAST
                VALUE   (LST)  VALUE       VALUE  FROM      YEAR
                                                  NORMAL
..................................................................
TEMPERATURE (F)
 YESTERDAY
  MAXIMUM         50    352 PM  70    1910  40     10       38
  MINIMUM         14    553 AM -10    1974  20     -6       10
                                      1965
  AVERAGE         32                        30      2       24

PRECIPITATION (IN)
  YESTERDAY        0.00          1.27 1979   0.05  -0.05     0.00
  MONTH TO DATE    1.03                      1.10  -0.07     0.30
  SINCE MAR 1      1.03                      1.10  -0.07     0.30
  SINCE JAN 1      7.03                      3.14   3.89     2.59

SNOWFALL (IN)
  YESTERDAY        0.0          11.0  2011  MM     MM        0.0
  MONTH TO DATE    7.3                      MM     MM        5.7
  SINCE MAR 1      7.3                      MM     MM        5.7
  SINCE JUL 1    104.4                      MM     MM       61.3
  SNOW DEPTH      15

DEGREE DAYS
 HEATING
  YESTERDAY       33                        35     -2       41
  MONTH TO DATE 1012                       912    100      945
  SINCE MAR 1   1012                       912    100      945
  SINCE JUL 1   7529                      7534     -5     7520

COOLING
  YESTERDAY        0                         0      0        0
  MONTH TO DATE    0                         0      0        0
  SINCE MAR 1      0                         0      0        0
  SINCE JAN 1      0                         0      0        0
..................................................................

WIND (MPH)
  HIGHEST WIND SPEED    14   HIGHEST WIND DIRECTION    SW (220)
  HIGHEST GUST SPEED    21   HIGHEST GUST DIRECTION     W (270)
  AVERAGE WIND SPEED     6.2

SKY COVER
  POSSIBLE SUNSHINE  MM
  AVERAGE SKY COVER 0.0

WEATHER CONDITIONS
 THE FOLLOWING WEATHER WAS RECORDED YESTERDAY.
  NO SIGNIFICANT WEATHER WAS OBSERVED.

RELATIVE HUMIDITY (PERCENT)
 HIGHEST    88           600 AM
 LOWEST     31           200 PM
 AVERAGE    60
..........................................................

THE RHINELANDER WI CLIMATE NORMALS FOR TODAY
                         NORMAL    RECORD    YEAR
 MAXIMUM TEMPERATURE (F)   41        69      1945
 MINIMUM TEMPERATURE (F)   21       -19      1965

SUNRISE AND SUNSET
MARCH 24 2019.........SUNRISE   654 AM CDT   SUNSET   715 PM CDT
MARCH 25 2019.........SUNRISE   652 AM CDT   SUNSET   717 PM CDT

-  INDICATES NEGATIVE NUMBERS.
R  INDICATES RECORD WAS SET OR TIED.
MM INDICATES DATA IS MISSING.
T  INDICATES TRACE AMOUNT.

$$
