000
CDUS43 KGRB 260638
CLIRHI


CLIMATE REPORT
NATIONAL WEATHER SERVICE GREEN BAY
137 AM CDT SUN MAY 26 2019


...................................

...THE RHINELANDER WI CLIMATE SUMMARY FOR MAY 25 2019...

CLIMATE NORMAL PERIOD 1981 TO 2010
CLIMATE RECORD PERIOD 1908 TO 2019


WEATHER ITEM   OBSERVED TIME   RECORD YEAR NORMAL DEPARTURE LAST
                VALUE   (LST)  VALUE       VALUE  FROM      YEAR
                                                  NORMAL
..................................................................
TEMPERATURE (F)
 YESTERDAY
  MAXIMUM         81   1233 PM  89    1911  68     13       85
  MINIMUM         51   1001 PM  25    1913  43      8       63
  AVERAGE         66                        56     10       74

PRECIPITATION (IN)
  YESTERDAY        0.00          1.42 1971   0.11  -0.11      T
  MONTH TO DATE    3.82                      2.77   1.05     0.78
  SINCE MAR 1      8.45                      6.92   1.53     5.21
  SINCE JAN 1     14.45                      8.96   5.49     7.50

SNOWFALL (IN)
  YESTERDAY        0.0           T    1961  MM     MM        0.0
  MONTH TO DATE    T                        MM     MM        0.0
  SINCE MAR 1     19.2                      MM     MM       44.3
  SINCE JUL 1    116.3                      MM     MM       99.9
  SNOW DEPTH       0

DEGREE DAYS
 HEATING
  YESTERDAY        0                        10    -10        0
  MONTH TO DATE  366                       333     33      149
  SINCE MAR 1   2375                      2211    164     2383
  SINCE JUL 1   8892                      8833     59     8958

 COOLING
  YESTERDAY        1                         1      0        9
  MONTH TO DATE    1                         3     -2       27
  SINCE MAR 1      1                         4     -3       27
  SINCE JAN 1      1                         4     -3       27
..................................................................


WIND (MPH)
  HIGHEST WIND SPEED    31   HIGHEST WIND DIRECTION    SW (230)
  HIGHEST GUST SPEED    44   HIGHEST GUST DIRECTION    SW (220)
  AVERAGE WIND SPEED    12.6


SKY COVER
  POSSIBLE SUNSHINE  MM
  AVERAGE SKY COVER 0.4


WEATHER CONDITIONS
 THE FOLLOWING WEATHER WAS RECORDED YESTERDAY.
  FOG
  FOG W/VISIBILITY <= 1/4 MILE
  HAZE


RELATIVE HUMIDITY (PERCENT)
 HIGHEST    93           200 AM
 LOWEST     25           100 PM
 AVERAGE    59

..........................................................


THE RHINELANDER WI CLIMATE NORMALS FOR TODAY
                         NORMAL    RECORD    YEAR
 MAXIMUM TEMPERATURE (F)   68        94      2018
 MINIMUM TEMPERATURE (F)   44        27      1925


SUNRISE AND SUNSET
MAY 26 2019...........SUNRISE   516 AM CDT   SUNSET   834 PM CDT
MAY 27 2019...........SUNRISE   515 AM CDT   SUNSET   835 PM CDT


-  INDICATES NEGATIVE NUMBERS.
R  INDICATES RECORD WAS SET OR TIED.
MM INDICATES DATA IS MISSING.
T  INDICATES TRACE AMOUNT.




$$
