000
CDUS43 KGRB 242137
CLIRHI


CLIMATE REPORT
NATIONAL WEATHER SERVICE GREEN BAY
437 PM CDT TUE APR 24 2018


...................................

...THE RHINELANDER WI CLIMATE SUMMARY FOR APRIL 24 2018...
VALID TODAY AS OF 0400 PM LOCAL TIME.

CLIMATE NORMAL PERIOD 1981 TO 2010
CLIMATE RECORD PERIOD 1908 TO 2018


WEATHER ITEM   OBSERVED TIME   RECORD YEAR NORMAL DEPARTURE LAST
                VALUE   (LST)  VALUE       VALUE  FROM      YEAR
                                                  NORMAL
..................................................................
TEMPERATURE (F)
 TODAY
  MAXIMUM         62    200 PM  85    1915  58      4       67
  MINIMUM         30    507 AM  15    1909  33     -3       32
  AVERAGE         46                        46      0       50

PRECIPITATION (IN)
  TODAY            0.00          1.13 2009   0.10  -0.10     0.00
  MONTH TO DATE    2.52                      1.98   0.54     4.98
  SINCE MAR 1      4.37                      3.55   0.82     6.19
  SINCE JAN 1      6.66                      5.59   1.07     9.55

SNOWFALL (IN)
  TODAY            0.0           1.4  2014  MM     MM        0.0
  MONTH TO DATE   27.8                      MM     MM        5.4
  SINCE MAR 1     44.3                      MM     MM       11.2
  SINCE JUL 1     99.9                      MM     MM       62.7
  SNOW DEPTH      MM

DEGREE DAYS
 HEATING
  TODAY           19                        20     -1       15
  MONTH TO DATE  866                       594    272      482
  SINCE MAR 1   2106                      1767    339     1634
  SINCE JUL 1   8681                      8389    292     7145

 COOLING
  TODAY            0                         0      0        0
  MONTH TO DATE    0                         0      0        0
  SINCE MAR 1      0                         0      0        0
  SINCE JAN 1      0                         0      0        0
..................................................................


WIND (MPH)
  HIGHEST WIND SPEED    13   HIGHEST WIND DIRECTION     N (340)
  HIGHEST GUST SPEED    20   HIGHEST GUST DIRECTION    NW (330)
  AVERAGE WIND SPEED     3.5


SKY COVER
  POSSIBLE SUNSHINE  MM
  AVERAGE SKY COVER 0.0


WEATHER CONDITIONS
 THE FOLLOWING WEATHER WAS RECORDED TODAY.
  NO SIGNIFICANT WEATHER WAS OBSERVED.


RELATIVE HUMIDITY (PERCENT)
 HIGHEST    85           500 AM
 LOWEST     32          1200 PM
 AVERAGE    59

..........................................................


THE RHINELANDER WI CLIMATE NORMALS FOR TOMORROW
                         NORMAL    RECORD    YEAR
 MAXIMUM TEMPERATURE (F)   58        84      1990
 MINIMUM TEMPERATURE (F)   34        19      1972
                                             1926


SUNRISE AND SUNSET
APRIL 24 2018.........SUNRISE   557 AM CDT   SUNSET   756 PM CDT
APRIL 25 2018.........SUNRISE   555 AM CDT   SUNSET   757 PM CDT


-  INDICATES NEGATIVE NUMBERS.
R  INDICATES RECORD WAS SET OR TIED.
MM INDICATES DATA IS MISSING.
T  INDICATES TRACE AMOUNT.




$$
