000
CDUS41 KAKQ 172128
CLIRIC


CLIMATE REPORT
NATIONAL WEATHER SERVICE WAKEFIELD, VA
527 PM EDT MON JUN 17 2019


...................................

...THE RICHMOND VA CLIMATE SUMMARY FOR JUNE 17 2019...
VALID TODAY AS OF 0500 PM LOCAL TIME.

CLIMATE NORMAL PERIOD 1981 TO 2010
CLIMATE RECORD PERIOD 1871 TO 2019


WEATHER ITEM   OBSERVED TIME   RECORD YEAR NORMAL DEPARTURE LAST
                VALUE   (LST)  VALUE       VALUE  FROM      YEAR
                                                  NORMAL
..................................................................
TEMPERATURE (F)
 TODAY
  MAXIMUM         93    351 PM  99    1944  87      6       91
  MINIMUM         70    427 AM  48    1961  65      5       70
  AVERAGE         82

PRECIPITATION (IN)
  TODAY            0.00          2.22 1930   0.14  -0.14     0.00
  MONTH TO DATE    5.05                      2.28   2.77     3.56
  SINCE JUN 1      5.05                      2.28   2.77     3.56
  SINCE JAN 1     24.13                     19.17   4.96    25.27

SNOWFALL (IN)
  TODAY            0.0
  MONTH TO DATE    0.0
  SINCE NOV 1     13.1
  SINCE JUL 1     13.1
  SNOW DEPTH       0

DEGREE DAYS
 HEATING
  TODAY            0                         0      0        0
  MONTH TO DATE    0                         5     -5        0
  SINCE JUN 1      0                         5     -5        0
  SINCE JUL 1   3492                      3771   -279     3711

 COOLING
  TODAY           17                        11      6       16
  MONTH TO DATE  137                       152    -15      160
  SINCE JUN 1    137                       152    -15      160
  SINCE JAN 1    466                       313    153      461
..................................................................


WIND (MPH)
  RESULTANT WIND SPEED   7   RESULTANT WIND DIRECTION  SW (210)
  HIGHEST WIND SPEED    15   HIGHEST WIND DIRECTION    SW (220)
  HIGHEST GUST SPEED    19   HIGHEST GUST DIRECTION    SW (220)


SKY COVER
  POSSIBLE SUNSHINE  MM
  AVERAGE SKY COVER 0.6


WEATHER CONDITIONS
 THE FOLLOWING WEATHER WAS RECORDED TODAY.
  NO SIGNIFICANT WEATHER WAS OBSERVED.


RELATIVE HUMIDITY (PERCENT)
 HIGHEST    84
 LOWEST     49
 AVERAGE    67

..........................................................


THE RICHMOND VA CLIMATE NORMALS FOR TOMORROW
                         NORMAL    RECORD    YEAR
 MAXIMUM TEMPERATURE (F)   87       100      1970
                                             1944
 MINIMUM TEMPERATURE (F)   65        48      1961


SUNRISE AND SUNSET
JUNE 17 2019..........SUNRISE   548 AM EDT   SUNSET   833 PM EDT
JUNE 18 2019..........SUNRISE   548 AM EDT   SUNSET   833 PM EDT


-  INDICATES NEGATIVE NUMBERS.
R  INDICATES RECORD WAS SET OR TIED.
MM INDICATES DATA IS MISSING.
T  INDICATES TRACE AMOUNT.




$$
