000
CDUS41 KAKQ 262132
CLIRIC


CLIMATE REPORT
NATIONAL WEATHER SERVICE WAKEFIELD, VA
531 PM EDT TUE MAR 26 2019


...................................

...THE RICHMOND VA CLIMATE SUMMARY FOR MARCH 26 2019...
VALID TODAY AS OF 0500 PM LOCAL TIME.

CLIMATE NORMAL PERIOD 1981 TO 2010
CLIMATE RECORD PERIOD 1871 TO 2019


WEATHER ITEM   OBSERVED TIME   RECORD YEAR NORMAL DEPARTURE LAST
                VALUE   (LST)  VALUE       VALUE  FROM      YEAR
                                                  NORMAL
..................................................................
TEMPERATURE (F)
 TODAY
  MAXIMUM         54    340 PM  85    1939  64    -10       51
  MINIMUM         43    737 AM  15    1940  40      3       29
  AVERAGE         49

PRECIPITATION (IN)
  TODAY            0.00          1.78 1978   0.14  -0.14     0.00
  MONTH TO DATE    3.84                      3.37   0.47     2.31
  SINCE MAR 1      3.84                      3.37   0.47     2.31
  SINCE JAN 1     10.15                      9.17   0.98     7.76

SNOWFALL (IN)
  TODAY            0.0
  MONTH TO DATE    0.0
  SINCE NOV 1     13.1
  SINCE JUL 1     13.1
  SNOW DEPTH       0

DEGREE DAYS
 HEATING
  TODAY           16                        13      3       25
  MONTH TO DATE  490                       452     38      597
  SINCE MAR 1    490                       452     38      597
  SINCE JUL 1   3280                      3388   -108     3361

 COOLING
  TODAY            0                         0      0        0
  MONTH TO DATE    5                         0      5        0
  SINCE MAR 1      5                         0      5        0
  SINCE JAN 1      5                         0      5        6
..................................................................


WIND (MPH)
  RESULTANT WIND SPEED  14   RESULTANT WIND DIRECTION   N (20)
  HIGHEST WIND SPEED    22   HIGHEST WIND DIRECTION     N (20)
  HIGHEST GUST SPEED    29   HIGHEST GUST DIRECTION     N (10)


SKY COVER
  POSSIBLE SUNSHINE  MM
  AVERAGE SKY COVER 0.6


WEATHER CONDITIONS
 THE FOLLOWING WEATHER WAS RECORDED TODAY.
  NO SIGNIFICANT WEATHER WAS OBSERVED.


RELATIVE HUMIDITY (PERCENT)
 HIGHEST    83
 LOWEST     19
 AVERAGE    51

..........................................................


THE RICHMOND VA CLIMATE NORMALS FOR TOMORROW
                         NORMAL    RECORD    YEAR
 MAXIMUM TEMPERATURE (F)   64        87      1907
 MINIMUM TEMPERATURE (F)   40        21      2014
                                             1955


SUNRISE AND SUNSET
MARCH 26 2019.........SUNRISE   704 AM EDT   SUNSET   726 PM EDT
MARCH 27 2019.........SUNRISE   703 AM EDT   SUNSET   727 PM EDT


-  INDICATES NEGATIVE NUMBERS.
R  INDICATES RECORD WAS SET OR TIED.
MM INDICATES DATA IS MISSING.
T  INDICATES TRACE AMOUNT.




$$
