000
CDUS45 KRIW 230758
CLIRIW


CLIMATE REPORT
NATIONAL WEATHER SERVICE RIVERTON WY
155 AM MDT THU MAY 23 2019


...................................

...THE RIVERTON WY CLIMATE SUMMARY FOR MAY 22 2019...

CLIMATE NORMAL PERIOD 1981 TO 2010
CLIMATE RECORD PERIOD 1995 TO 2019


WEATHER ITEM   OBSERVED TIME   RECORD YEAR NORMAL DEPARTURE LAST
                VALUE   (LST)  VALUE       VALUE  FROM      YEAR
                                                  NORMAL
..................................................................
TEMPERATURE (F)
 YESTERDAY
  MAXIMUM         48    401 PM  82    2000  69    -21       71
  MINIMUM         32R   626 AM  33    2008  42    -10       47
  AVERAGE         40                        56    -16       59

PRECIPITATION (IN)
  YESTERDAY        0.28          1.55 2008   0.06   0.22     0.16
  MONTH TO DATE    1.91                      1.28   0.63     2.03
  SINCE MAR 1      4.80                      3.13   1.67     4.02
  SINCE JAN 1      5.21                      3.64   1.57     5.18

SNOWFALL (IN)
  YESTERDAY        1.2                                       0.0
  MONTH TO DATE    7.0                                       0.0
  SINCE MAR 1     25.9                                      11.7
  SINCE JUL 1     49.1                                      48.3
  SNOW DEPTH       1

DEGREE DAYS
 HEATING
  YESTERDAY       25                         9     16        6
  MONTH TO DATE  387                       278    109      236
  SINCE MAR 1   2029                      1820    209     1771
  SINCE JUL 1   8251                      7674    577     7567

 COOLING
  YESTERDAY        0                         0      0        0
  MONTH TO DATE    0                         0      0        0
  SINCE MAR 1      0                         0      0        0
  SINCE JAN 1      0                         0      0        0
..................................................................


WIND (MPH)
  HIGHEST WIND SPEED    23   HIGHEST WIND DIRECTION     N (20)
  HIGHEST GUST SPEED    28   HIGHEST GUST DIRECTION     N (20)
  AVERAGE WIND SPEED     9.9


SKY COVER
  POSSIBLE SUNSHINE  MM
  AVERAGE SKY COVER 0.9


WEATHER CONDITIONS
 THE FOLLOWING WEATHER WAS RECORDED YESTERDAY.
  RAIN
  LIGHT RAIN
  LIGHT SNOW
  FOG


RELATIVE HUMIDITY (PERCENT)
 HIGHEST    96           800 AM
 LOWEST     60           300 PM
 AVERAGE    78

..........................................................


THE RIVERTON WY CLIMATE NORMALS FOR TODAY
                         NORMAL    RECORD    YEAR
 MAXIMUM TEMPERATURE (F)   70        84      2003
 MINIMUM TEMPERATURE (F)   43        28      2002


SUNRISE AND SUNSET
MAY 23 2019...........SUNRISE   543 AM MDT   SUNSET   838 PM MDT
MAY 24 2019...........SUNRISE   542 AM MDT   SUNSET   839 PM MDT


-  INDICATES NEGATIVE NUMBERS.
R  INDICATES RECORD WAS SET OR TIED.
MM INDICATES DATA IS MISSING.
T  INDICATES TRACE AMOUNT.




$$
