000
CDUS45 KRIW 200738
CLIRIW


CLIMATE REPORT
NATIONAL WEATHER SERVICE RIVERTON WY
137 AM MDT WED MAR 20 2019


...................................

...THE RIVERTON WY CLIMATE SUMMARY FOR MARCH 19 2019...

CLIMATE NORMAL PERIOD 1981 TO 2010
CLIMATE RECORD PERIOD 1995 TO 2019


WEATHER ITEM   OBSERVED TIME   RECORD YEAR NORMAL DEPARTURE LAST
                VALUE   (LST)  VALUE       VALUE  FROM      YEAR
                                                  NORMAL
..................................................................
TEMPERATURE (F)
 YESTERDAY
  MAXIMUM         49    351 PM  72    1997  49      0       46
  MINIMUM         24    643 AM  13    2016  25     -1       27
                                      1998
  AVERAGE         37                        37      0       37

PRECIPITATION (IN)
  YESTERDAY        0.00          0.18 2010   0.02  -0.02     0.00
  MONTH TO DATE    0.31                      0.27   0.04     0.02
  SINCE MAR 1      0.31                      0.27   0.04     0.02
  SINCE JAN 1      0.72                      0.78  -0.06     1.18

SNOWFALL (IN)
  YESTERDAY        0.0                                       0.0
  MONTH TO DATE    4.1                                       0.3
  SINCE MAR 1      4.1                                       0.3
  SINCE JUL 1     27.3                                      36.9
  SNOW DEPTH       0

DEGREE DAYS
 HEATING
  YESTERDAY       28                        28      0       28
  MONTH TO DATE  758                       601    157      572
  SINCE MAR 1    758                       601    157      572
  SINCE JUL 1   6980                      6455    525     6368

 COOLING
  YESTERDAY        0                         0      0        0
  MONTH TO DATE    0                         0      0        0
  SINCE MAR 1      0                         0      0        0
  SINCE JAN 1      0                         0      0        0
..................................................................


WIND (MPH)
  HIGHEST WIND SPEED    13   HIGHEST WIND DIRECTION    NE (30)
  HIGHEST GUST SPEED    17   HIGHEST GUST DIRECTION     N (20)
  AVERAGE WIND SPEED     5.6


SKY COVER
  POSSIBLE SUNSHINE  MM
  AVERAGE SKY COVER 0.1


WEATHER CONDITIONS
 THE FOLLOWING WEATHER WAS RECORDED YESTERDAY.
  NO SIGNIFICANT WEATHER WAS OBSERVED.


RELATIVE HUMIDITY (PERCENT)
 HIGHEST    74           600 AM
 LOWEST     21           400 PM
 AVERAGE    48

..........................................................


THE RIVERTON WY CLIMATE NORMALS FOR TODAY
                         NORMAL    RECORD    YEAR
 MAXIMUM TEMPERATURE (F)   49        71      1997
 MINIMUM TEMPERATURE (F)   25         7      1998


SUNRISE AND SUNSET
MARCH 20 2019.........SUNRISE   717 AM MDT   SUNSET   726 PM MDT
MARCH 21 2019.........SUNRISE   716 AM MDT   SUNSET   727 PM MDT


-  INDICATES NEGATIVE NUMBERS.
R  INDICATES RECORD WAS SET OR TIED.
MM INDICATES DATA IS MISSING.
T  INDICATES TRACE AMOUNT.




$$
