000
CDUS45 KRIW 230733
CLIRKS


CLIMATE REPORT
NATIONAL WEATHER SERVICE RIVERTON WY
130 AM MDT SAT MAR 23 2019


...................................

...THE ROCK SPRINGS WY CLIMATE SUMMARY FOR MARCH 22 2019...

CLIMATE NORMAL PERIOD 1981 TO 2010
CLIMATE RECORD PERIOD 1948 TO 2019


WEATHER ITEM   OBSERVED TIME   RECORD YEAR NORMAL DEPARTURE LAST
                VALUE   (LST)  VALUE       VALUE  FROM      YEAR
                                                  NORMAL
..................................................................
TEMPERATURE (F)
 YESTERDAY
  MAXIMUM         43    300 PM  71    2004  46     -3       58
  MINIMUM         28    636 AM   2    1952  25      3       29
  AVERAGE         36                        36      0       44

PRECIPITATION (IN)
  YESTERDAY        0.00          0.25 1996   0.03  -0.03     0.00
  MONTH TO DATE    0.03                      0.45  -0.42     0.14
  SINCE MAR 1      0.03                      0.45  -0.42     0.14
  SINCE JAN 1      0.41                      1.38  -0.97     0.33

DEGREE DAYS
 HEATING
  YESTERDAY       29                        29      0       21
  MONTH TO DATE  915                       723    192      677
  SINCE MAR 1    915                       723    192      677
  SINCE JUL 1   7037                      6575    462     5943

 COOLING
  YESTERDAY        0                         0      0        0
  MONTH TO DATE    0                         0      0        0
  SINCE MAR 1      0                         0      0        0
  SINCE JAN 1      0                         0      0        0
..................................................................


WIND (MPH)
  HIGHEST WIND SPEED    22   HIGHEST WIND DIRECTION    SE (150)
  HIGHEST GUST SPEED    27   HIGHEST GUST DIRECTION    SE (150)
  AVERAGE WIND SPEED     9.8


SKY COVER
  POSSIBLE SUNSHINE  MM
  AVERAGE SKY COVER 0.3


WEATHER CONDITIONS
 THE FOLLOWING WEATHER WAS RECORDED YESTERDAY.
  NO SIGNIFICANT WEATHER WAS OBSERVED.


RELATIVE HUMIDITY (PERCENT)
 HIGHEST    92          1200 AM
 LOWEST     45           300 PM
 AVERAGE    69

..........................................................


THE ROCK SPRINGS WY CLIMATE NORMALS FOR TODAY
                         NORMAL    RECORD    YEAR
 MAXIMUM TEMPERATURE (F)   47        68      2004
 MINIMUM TEMPERATURE (F)   25         1      1964


SUNRISE AND SUNSET
MARCH 23 2019.........SUNRISE   715 AM MDT   SUNSET   732 PM MDT
MARCH 24 2019.........SUNRISE   713 AM MDT   SUNSET   733 PM MDT


-  INDICATES NEGATIVE NUMBERS.
R  INDICATES RECORD WAS SET OR TIED.
MM INDICATES DATA IS MISSING.
T  INDICATES TRACE AMOUNT.




$$
