000
CDUS45 KRIW 250757
CLIRKS


CLIMATE REPORT
NATIONAL WEATHER SERVICE RIVERTON WY
156 AM MDT SAT MAY 25 2019


...................................

...THE ROCK SPRINGS WY CLIMATE SUMMARY FOR MAY 24 2019...

CLIMATE NORMAL PERIOD 1981 TO 2010
CLIMATE RECORD PERIOD 1948 TO 2019


WEATHER ITEM   OBSERVED TIME   RECORD YEAR NORMAL DEPARTURE LAST
                VALUE   (LST)  VALUE       VALUE  FROM      YEAR
                                                  NORMAL
..................................................................
TEMPERATURE (F)
 YESTERDAY
  MAXIMUM         52    425 PM  80    2003  67    -15       74
                                      2001
  MINIMUM         33    405 AM  30    2007  40     -7       43
  AVERAGE         43                        53    -10       59

PRECIPITATION (IN)
  YESTERDAY        0.04          0.94 1957   0.03   0.01     0.00
  MONTH TO DATE    0.72                      0.94  -0.22     1.10
  SINCE MAR 1      1.93                      2.53  -0.60     1.60
  SINCE JAN 1      2.31                      3.46  -1.15     1.79

DEGREE DAYS
 HEATING
  YESTERDAY       22                        12     10        6
  MONTH TO DATE  470                       368    102      289
  SINCE MAR 1   2333                      2048    285     1873
  SINCE JUL 1   8455                      7900    555     7139

 COOLING
  YESTERDAY        0                         0      0        0
  MONTH TO DATE    0                         0      0        0
  SINCE MAR 1      0                         0      0        0
  SINCE JAN 1      0                         0      0        0
..................................................................


WIND (MPH)
  HIGHEST WIND SPEED    35   HIGHEST WIND DIRECTION     W (250)
  HIGHEST GUST SPEED    43   HIGHEST GUST DIRECTION     W (250)
  AVERAGE WIND SPEED    12.8


SKY COVER
  POSSIBLE SUNSHINE  MM
  AVERAGE SKY COVER 0.7


WEATHER CONDITIONS
 THE FOLLOWING WEATHER WAS RECORDED YESTERDAY.
  LIGHT RAIN
  FOG


RELATIVE HUMIDITY (PERCENT)
 HIGHEST    92          1200 AM
 LOWEST     54           500 PM
 AVERAGE    73

..........................................................


THE ROCK SPRINGS WY CLIMATE NORMALS FOR TODAY
                         NORMAL    RECORD    YEAR
 MAXIMUM TEMPERATURE (F)   67        82      2003
 MINIMUM TEMPERATURE (F)   40        26      1975


SUNRISE AND SUNSET
MAY 25 2019...........SUNRISE   549 AM MDT   SUNSET   838 PM MDT
MAY 26 2019...........SUNRISE   548 AM MDT   SUNSET   839 PM MDT


-  INDICATES NEGATIVE NUMBERS.
R  INDICATES RECORD WAS SET OR TIED.
MM INDICATES DATA IS MISSING.
T  INDICATES TRACE AMOUNT.




$$
