000
CDUS41 KRNK 181937
CLIRNK

CLIMATE REPORT...CORRECTED
NATIONAL WEATHER SERVICE BLACKSBURG VA
526 AM EDT SAT MAR 16 2019


...................................

...THE BLACKSBURG VA CLIMATE SUMMARY FOR MARCH 15 2019...

CLIMATE NORMAL PERIOD 1981 TO 2010
CLIMATE RECORD PERIOD 1952 TO 2019


WEATHER ITEM   OBSERVED RECORD YEAR NORMAL DEPARTURE LAST
                VALUE   VALUE       VALUE  FROM      YEAR
                                           NORMAL
...........................................................
TEMPERATURE (F)
 YESTERDAY
  MAXIMUM         67     82    1973  53     14       52
  MINIMUM         41      4    1993  30     11       21
  AVERAGE         54                 41     13       37

PRECIPITATION (IN)
  YESTERDAY        0.05   1.17 1986   0.12  -0.07     0.00
  MONTH TO DATE    1.82               1.62   0.20     1.07
  SINCE MAR 1      1.82               1.62   0.20     1.07
  SINCE JAN 1     10.31               7.51   2.80     7.34

SNOWFALL (IN)
  YESTERDAY        0.0                                0.0
  MONTH TO DATE    0.8                                5.5
  SINCE MAR 1      0.8                                5.5
  SINCE JUL 1     22.2                               12.9
  SNOW DEPTH       0

DEGREE DAYS
 HEATING
  YESTERDAY       11                 24    -13       28
  MONTH TO DATE  404                387     17      440
  SINCE MAR 1    404                387     17      440
  SINCE JUL 1   4193               4435   -242     4101

 COOLING
  YESTERDAY        0                  0      0        0
  MONTH TO DATE    0                  0      0        0
  SINCE MAR 1      0                  0      0        0
  SINCE JAN 1      0                  0      0        1
...........................................................


WIND (MPH)
  HIGHEST WIND SPEED    17   HIGHEST WIND DIRECTION     W (290)
  HIGHEST GUST SPEED    32   HIGHEST GUST DIRECTION     W (290)
  AVERAGE WIND SPEED     7.6


SKY COVER
  AVERAGE SKY COVER 0.7


WEATHER CONDITIONS
 THE FOLLOWING WEATHER WAS RECORDED YESTERDAY.
  RAIN
  LIGHT RAIN


RELATIVE HUMIDITY (PERCENT)
 HIGHEST    97          1100 AM
 LOWEST     30           500 PM
 AVERAGE    64

..........................................................


THE BLACKSBURG VA CLIMATE NORMALS FOR TODAY
                         NORMAL    RECORD    YEAR
 MAXIMUM TEMPERATURE (F)   53        77      2016
 MINIMUM TEMPERATURE (F)   30         9      1993


SUNRISE AND SUNSET
MARCH 16 2019.........SUNRISE   732 AM EDT   SUNSET   730 PM EDT
MARCH 17 2019.........SUNRISE   730 AM EDT   SUNSET   731 PM EDT


-  INDICATES NEGATIVE NUMBERS.
R  INDICATES RECORD WAS SET OR TIED.
MM INDICATES DATA IS MISSING.
T  INDICATES TRACE AMOUNT.

$$

PW
