000
CDUS41 KRNK 190819
CLIRNK


CLIMATE REPORT
NATIONAL WEATHER SERVICE BLACKSBURG VA
415 AM EDT SUN MAY 19 2019


...................................

...THE BLACKSBURG VA CLIMATE SUMMARY FOR MAY 18 2019...

CLIMATE NORMAL PERIOD 1981 TO 2010
CLIMATE RECORD PERIOD 1952 TO 2019


WEATHER ITEM   OBSERVED RECORD YEAR NORMAL DEPARTURE LAST
                VALUE   VALUE       VALUE  FROM      YEAR
                                           NORMAL
...........................................................
TEMPERATURE (F)
 YESTERDAY
  MAXIMUM         86     87    1962  72     14       65
  MINIMUM         54     25    1973  48      6       62
  AVERAGE         70                 60     10       64

PRECIPITATION (IN)
  YESTERDAY        0.00   1.10 1986   0.14  -0.14     1.01
                               1986
                               2013
  MONTH TO DATE    2.01               2.33  -0.32     2.98
  SINCE MAR 1      8.70               9.45  -0.75    12.05
  SINCE JAN 1     17.19              15.34   1.85    18.32

SNOWFALL (IN)
  YESTERDAY        0.0                                0.0
  MONTH TO DATE    0.0                                0.0
  SINCE MAR 1      0.8                               23.9
  SINCE JUL 1     22.2                               31.3
  SNOW DEPTH       0

DEGREE DAYS
 HEATING
  YESTERDAY        0                  6     -6        1
  MONTH TO DATE   54                143    -89       33
  SINCE MAR 1   1063               1300   -237     1329
  SINCE JUL 1   4852               5348   -496     4990

 COOLING
  YESTERDAY        5                  1      4        0
  MONTH TO DATE   33                  7     26       35
  SINCE MAR 1     36                 10     26       35
  SINCE JAN 1     36                 10     26       36
...........................................................


WIND (MPH)
  HIGHEST WIND SPEED    10   HIGHEST WIND DIRECTION    NW (300)
  HIGHEST GUST SPEED    MM   HIGHEST GUST DIRECTION    MM
  AVERAGE WIND SPEED     2.0


SKY COVER
  AVERAGE SKY COVER 0.1


WEATHER CONDITIONS
 THE FOLLOWING WEATHER WAS RECORDED YESTERDAY.
  NO SIGNIFICANT WEATHER WAS OBSERVED.


RELATIVE HUMIDITY (PERCENT)
 HIGHEST   100           100 AM
 LOWEST     41           500 PM
 AVERAGE    71

..........................................................


THE BLACKSBURG VA CLIMATE NORMALS FOR TODAY
                         NORMAL    RECORD    YEAR
 MAXIMUM TEMPERATURE (F)   72        88      1996
 MINIMUM TEMPERATURE (F)   48        30      2002


SUNRISE AND SUNSET
MAY 19 2019...........SUNRISE   610 AM EDT   SUNSET   827 PM EDT
MAY 20 2019...........SUNRISE   610 AM EDT   SUNSET   827 PM EDT


-  INDICATES NEGATIVE NUMBERS.
R  INDICATES RECORD WAS SET OR TIED.
MM INDICATES DATA IS MISSING.
T  INDICATES TRACE AMOUNT.




$$
