000
CDUS46 KSGX 261219
CLIRNM


CLIMATE REPORT
NATIONAL WEATHER SERVICE SAN DIEGO, CA
519 AM PDT TUE MAR 26 2019


...................................

...THE RAMONA AIRPORT CA CLIMATE SUMMARY FOR MARCH 25 2019...

CLIMATE NORMAL PERIOD 1981 TO 2010
CLIMATE RECORD PERIOD 1974 TO 2019


WEATHER ITEM   OBSERVED TIME   RECORD YEAR NORMAL DEPARTURE LAST
                VALUE   (LST)  VALUE       VALUE  FROM      YEAR
                                                  NORMAL
..................................................................
TEMPERATURE (F)
 YESTERDAY
  MAXIMUM         73    205 PM  90    1988  67      6       61
  MINIMUM         35    550 AM  30    1995  40     -5       40
  AVERAGE         54                        53      1       51

PRECIPITATION (IN)
  YESTERDAY        0.00          0.88 1977   0.05  -0.05     0.00
  MONTH TO DATE    1.74                      2.74  -1.00     1.52
  SINCE OCT 1     18.75                     13.31   5.44     5.56
  SINCE JAN 1     13.72                      9.17   4.55     5.52

DEGREE DAYS
 HEATING
  YESTERDAY       11                        12     -1       14
  MONTH TO DATE  313                       308      5      267
  SINCE MAR 1    313                       308      5      267
  SINCE JUL 1   1878                      2049   -171     1385

 COOLING
  YESTERDAY        0                         0      0        0
  MONTH TO DATE    0                         0      0        0
  SINCE MAR 1      0                         0      0        0
  SINCE JAN 1      0                         1     -1       16
..................................................................


WIND (MPH)
  RESULTANT WIND SPEED   4   RESULTANT WIND DIRECTION   W (290)
  HIGHEST WIND SPEED    14   HIGHEST WIND DIRECTION     W (280)
  HIGHEST GUST SPEED    17   HIGHEST GUST DIRECTION     W (290)
  AVERAGE WIND SPEED     4.0


SKY COVER
  POSSIBLE SUNSHINE  MM
  AVERAGE SKY COVER 0.2


WEATHER CONDITIONS
 THE FOLLOWING WEATHER WAS RECORDED YESTERDAY.
  FOG
  FOG W/VISIBILITY <= 1/4 MILE


RELATIVE HUMIDITY (PERCENT)
 HIGHEST   100           400 AM
 LOWEST     41          1000 AM
 AVERAGE    71

..........................................................


THE RAMONA AIRPORT CA CLIMATE NORMALS FOR TODAY
                         NORMAL    RECORD    YEAR
 MAXIMUM TEMPERATURE (F)   67        94      1988
 MINIMUM TEMPERATURE (F)   40        30      1977


SUNRISE AND SUNSET
MARCH 26 2019.........SUNRISE   644 AM PDT   SUNSET   704 PM PDT
MARCH 27 2019.........SUNRISE   642 AM PDT   SUNSET   704 PM PDT


-  INDICATES NEGATIVE NUMBERS.
R  INDICATES RECORD WAS SET OR TIED.
MM INDICATES DATA IS MISSING.
T  INDICATES TRACE AMOUNT.




$$
