000
CDUS46 KSGX 251228
CLIRNM


CLIMATE REPORT
NATIONAL WEATHER SERVICE SAN DIEGO, CA
527 AM PDT TUE JUN 25 2019


...................................

...THE RAMONA AIRPORT CA CLIMATE SUMMARY FOR JUNE 24 2019...

CLIMATE NORMAL PERIOD 1981 TO 2010
CLIMATE RECORD PERIOD 1974 TO 2019


WEATHER ITEM   OBSERVED TIME   RECORD YEAR NORMAL DEPARTURE LAST
                VALUE   (LST)  VALUE       VALUE  FROM      YEAR
                                                  NORMAL
..................................................................
TEMPERATURE (F)
 YESTERDAY
  MAXIMUM         81    224 PM 102    1976  85     -4       82
  MINIMUM         60    745 PM  44    2012  53      7       51
                                      2010
                                      1997
  AVERAGE         71                        69      2       67

PRECIPITATION (IN)
  YESTERDAY        0.00          T    2006   0.00   0.00     0.00
  MONTH TO DATE    0.00                      0.12  -0.12     0.00
  SINCE OCT 1     20.34                     15.47   4.87     5.80
  SINCE JAN 1     15.31                     11.33   3.98     5.76

DEGREE DAYS
 HEATING
  YESTERDAY        0                         0      0        0
  MONTH TO DATE    2                        26    -24        2
  SINCE JUN 1      2                        26    -24        2
  SINCE JUL 1   2251                      2550   -299     1710

 COOLING
  YESTERDAY        6                         4      2        2
  MONTH TO DATE  108                        57     51       96
  SINCE JUN 1    108                        57     51       96
  SINCE JAN 1    123                        84     39      150
..................................................................


WIND (MPH)
  RESULTANT WIND SPEED   3   RESULTANT WIND DIRECTION  NW (300)
  HIGHEST WIND SPEED    14   HIGHEST WIND DIRECTION     W (260)
  HIGHEST GUST SPEED    18   HIGHEST GUST DIRECTION     W (280)
  AVERAGE WIND SPEED     4.6


SKY COVER
  POSSIBLE SUNSHINE  MM
  AVERAGE SKY COVER 0.6


WEATHER CONDITIONS
 THE FOLLOWING WEATHER WAS RECORDED YESTERDAY.
  FOG


RELATIVE HUMIDITY (PERCENT)
 HIGHEST    90          1200 AM
 LOWEST     48          1100 AM
 AVERAGE    69

..........................................................


THE RAMONA AIRPORT CA CLIMATE NORMALS FOR TODAY
                         NORMAL    RECORD    YEAR
 MAXIMUM TEMPERATURE (F)   85       103      2006
 MINIMUM TEMPERATURE (F)   53        40      1975


SUNRISE AND SUNSET
JUNE 25 2019..........SUNRISE   540 AM PDT   SUNSET   800 PM PDT
JUNE 26 2019..........SUNRISE   541 AM PDT   SUNSET   800 PM PDT


-  INDICATES NEGATIVE NUMBERS.
R  INDICATES RECORD WAS SET OR TIED.
MM INDICATES DATA IS MISSING.
T  INDICATES TRACE AMOUNT.




$$
