000
CDUS46 KSGX 220021
CLIRNM


CLIMATE REPORT
NATIONAL WEATHER SERVICE SAN DIEGO, CA
521 PM PDT MON MAY 21 2018


...................................

...THE RAMONA AIRPORT CA CLIMATE SUMMARY FOR MAY 21 2018...
VALID TODAY AS OF 0500 PM LOCAL TIME.

CLIMATE NORMAL PERIOD 1981 TO 2010
CLIMATE RECORD PERIOD 1974 TO 2018


WEATHER ITEM   OBSERVED TIME   RECORD YEAR NORMAL DEPARTURE LAST
                VALUE   (LST)  VALUE       VALUE  FROM      YEAR
                                                  NORMAL
..................................................................
TEMPERATURE (F)
 TODAY
  MAXIMUM         67    309 PM  92    2005  76     -9       91
  MINIMUM         54    543 AM  29    1974  48      6       49
  AVERAGE         61                        62     -1       70

PRECIPITATION (IN)
  TODAY            0.00          0.02 1975   0.00   0.00     0.00
  MONTH TO DATE    0.17                      0.29  -0.12     1.14
  SINCE OCT 1      5.79                     15.34  -9.55    22.72
  SINCE JAN 1      5.75                     11.20  -5.45    15.70

DEGREE DAYS
 HEATING
  TODAY            4                         4      0        0
  MONTH TO DATE   85                       103    -18       90
  SINCE MAR 1    570                       754   -184      464
  SINCE JUL 1   1688                      2495   -807     1899

 COOLING
  TODAY            0                         1     -1        5
  MONTH TO DATE   21                         9     12       22
  SINCE MAR 1     31                        13     18       34
  SINCE JAN 1     47                        14     33       34
..................................................................


WIND (MPH)
  RESULTANT WIND SPEED   5   RESULTANT WIND DIRECTION   S (190)
  HIGHEST WIND SPEED    15   HIGHEST WIND DIRECTION     S (180)
  HIGHEST GUST SPEED    18   HIGHEST GUST DIRECTION     S (180)
  AVERAGE WIND SPEED     6.2


SKY COVER
  POSSIBLE SUNSHINE  MM
  AVERAGE SKY COVER 1.0


WEATHER CONDITIONS
 THE FOLLOWING WEATHER WAS RECORDED TODAY.
  NO SIGNIFICANT WEATHER WAS OBSERVED.


RELATIVE HUMIDITY (PERCENT)
 HIGHEST   100          1200 AM
 LOWEST     60           100 PM
 AVERAGE    80

..........................................................


THE RAMONA AIRPORT CA CLIMATE NORMALS FOR TOMORROW
                         NORMAL    RECORD    YEAR
 MAXIMUM TEMPERATURE (F)   77        91      2005
 MINIMUM TEMPERATURE (F)   48        36      2002


SUNRISE AND SUNSET
MAY 21 2018...........SUNRISE   544 AM PDT   SUNSET   744 PM PDT
MAY 22 2018...........SUNRISE   544 AM PDT   SUNSET   745 PM PDT


-  INDICATES NEGATIVE NUMBERS.
R  INDICATES RECORD WAS SET OR TIED.
MM INDICATES DATA IS MISSING.
T  INDICATES TRACE AMOUNT.




$$
