000
CDUS45 KREV 230842
CLIRNO


CLIMATE REPORT
NATIONAL WEATHER SERVICE RENO NV
141 AM PDT SAT MAR 23 2019


...................................

...THE RENO-TAHOE INTL AIRPORT NV CLIMATE SUMMARY FOR MARCH 22 2019...

CLIMATE NORMAL PERIOD 1981 TO 2010
CLIMATE RECORD PERIOD 1888 TO 2019


WEATHER ITEM   OBSERVED TIME   RECORD YEAR NORMAL DEPARTURE LAST
                VALUE   (LST)  VALUE       VALUE  FROM      YEAR
                                                  NORMAL
..................................................................
TEMPERATURE (F)
 YESTERDAY
  MAXIMUM         56    211 PM  77    2004  59     -3       49
                                      1940
  MINIMUM         32    534 AM   5    1952  34     -2       34
  AVERAGE         44                        47     -3       42

PRECIPITATION (IN)
  YESTERDAY        0.01          0.84 2018   0.02  -0.01     0.84
  MONTH TO DATE    0.64                      0.60   0.04     2.35
  SINCE OCT 1      9.67                      5.01   4.66     4.79
  SINCE JAN 1      7.40                      2.65   4.75     3.22

SNOWFALL (IN)
  YESTERDAY        0.0           5.2  1962   0.0    0.0      0.0
  MONTH TO DATE    T                         1.6   -1.6     19.9
  SINCE MAR 1      T                         1.6   -1.6     19.9
  SINCE JUL 1     27.8                      20.6    7.2     24.7
  SNOW DEPTH       0

DEGREE DAYS
 HEATING
  YESTERDAY       21                        18      3       23
  MONTH TO DATE  455                       438     17      528
  SINCE MAR 1    455                       438     17      528
  SINCE JUL 1   3904                      4076   -172     3795

 COOLING
  YESTERDAY        0                         0      0        0
  MONTH TO DATE    0                         0      0        0
  SINCE MAR 1      0                         0      0        0
  SINCE JAN 1      0                         0      0        0
..................................................................


WIND (MPH)
  RESULTANT WIND SPEED   1   RESULTANT WIND DIRECTION  SW (240)
  HIGHEST WIND SPEED    21   HIGHEST WIND DIRECTION     W (290)
  HIGHEST GUST SPEED    24   HIGHEST GUST DIRECTION     W (290)
  AVERAGE WIND SPEED     4.2



WEATHER CONDITIONS
 THE FOLLOWING WEATHER WAS RECORDED YESTERDAY.
  LIGHT RAIN


RELATIVE HUMIDITY (PERCENT)
 HIGHEST    75           400 AM
 LOWEST     29          1100 AM
 AVERAGE    52

..........................................................


THE RENO-TAHOE INTL AIRPORT NV CLIMATE NORMALS FOR TODAY
                         NORMAL    RECORD    YEAR
 MAXIMUM TEMPERATURE (F)   59        76      1960
 MINIMUM TEMPERATURE (F)   34        12      1898


SUNRISE AND SUNSET
MARCH 23 2019.........SUNRISE   658 AM PDT   SUNSET   714 PM PDT
MARCH 24 2019.........SUNRISE   656 AM PDT   SUNSET   715 PM PDT


-  INDICATES NEGATIVE NUMBERS.
R  INDICATES RECORD WAS SET OR TIED.
MM INDICATES DATA IS MISSING.
T  INDICATES TRACE AMOUNT.




$$
