000
CDUS45 KREV 220904
CLIRNO


CLIMATE REPORT
NATIONAL WEATHER SERVICE RENO NV
204 AM PDT WED MAY 22 2019


...................................

...THE RENO-TAHOE INTL AIRPORT NV CLIMATE SUMMARY FOR MAY 21 2019...

CLIMATE NORMAL PERIOD 1981 TO 2010
CLIMATE RECORD PERIOD 1888 TO 2019


WEATHER ITEM   OBSERVED TIME   RECORD YEAR NORMAL DEPARTURE LAST
                VALUE   (LST)  VALUE       VALUE  FROM      YEAR
                                                  NORMAL
..................................................................
TEMPERATURE (F)
 YESTERDAY
  MAXIMUM         59    318 PM  94    1967  75    -16       74
  MINIMUM         44   1159 PM  28    1893  47     -3       54
  AVERAGE         52                        61     -9       64

PRECIPITATION (IN)
  YESTERDAY        T             0.65 1894   0.01  -0.01     0.06
  MONTH TO DATE    0.01                      0.32  -0.31     0.82
  SINCE OCT 1     10.40                      5.96   4.44     6.15
  SINCE JAN 1      8.13                      3.60   4.53     4.58

SNOWFALL (IN)
  YESTERDAY       MM             1.3  1971   0.0   MM        0.0
  MONTH TO DATE    0.0                       0.3   -0.3      0.0
  SINCE MAR 1      0.4                       2.8   -2.4     20.1
  SINCE JUL 1     28.2                      21.8    6.4     24.9
  SNOW DEPTH       0

DEGREE DAYS
 HEATING
  YESTERDAY       13                         5      8        1
  MONTH TO DATE  133                       161    -28       89
  SINCE MAR 1   1043                      1185   -142     1127
  SINCE JUL 1   4492                      4823   -331     4394

 COOLING
  YESTERDAY        0                         1     -1        0
  MONTH TO DATE    6                        14     -8       14
  SINCE MAR 1     14                        15     -1       17
  SINCE JAN 1     14                        15     -1       17
..................................................................


WIND (MPH)
  RESULTANT WIND SPEED  12   RESULTANT WIND DIRECTION   W (280)
  HIGHEST WIND SPEED    26   HIGHEST WIND DIRECTION     W (280)
  HIGHEST GUST SPEED    36   HIGHEST GUST DIRECTION     W (280)
  AVERAGE WIND SPEED    12.6



WEATHER CONDITIONS
 THE FOLLOWING WEATHER WAS RECORDED YESTERDAY.
  LIGHT RAIN


RELATIVE HUMIDITY (PERCENT)
 HIGHEST    58           300 AM
 LOWEST     27           100 PM
 AVERAGE    43

..........................................................


THE RENO-TAHOE INTL AIRPORT NV CLIMATE NORMALS FOR TODAY
                         NORMAL    RECORD    YEAR
 MAXIMUM TEMPERATURE (F)   75        95      1967
 MINIMUM TEMPERATURE (F)   47        19      1960


SUNRISE AND SUNSET
MAY 22 2019...........SUNRISE   540 AM PDT   SUNSET   812 PM PDT
MAY 23 2019...........SUNRISE   539 AM PDT   SUNSET   813 PM PDT


-  INDICATES NEGATIVE NUMBERS.
R  INDICATES RECORD WAS SET OR TIED.
MM INDICATES DATA IS MISSING.
T  INDICATES TRACE AMOUNT.




$$
