000
CDUS45 KREV 270827
CLIRNO


CLIMATE REPORT
NATIONAL WEATHER SERVICE RENO NV
126 AM PDT FRI APR 27 2018


...................................

...THE RENO-TAHOE INTL AIRPORT NV CLIMATE SUMMARY FOR APRIL 26 2018...
VALID TODAY AS OF 0100 AM LOCAL TIME.

CLIMATE NORMAL PERIOD 1981 TO 2010
CLIMATE RECORD PERIOD 1888 TO 2018


WEATHER ITEM   OBSERVED TIME   RECORD YEAR NORMAL DEPARTURE LAST
                VALUE   (LST)  VALUE       VALUE  FROM      YEAR
                                                  NORMAL
..................................................................
TEMPERATURE (F)
 TODAY
  MAXIMUM         84    309 PM  87    1987  67     17       68
  MINIMUM         49    558 AM  21    1985  40      9       51
  AVERAGE         67                        54     13       60

PRECIPITATION (IN)
  TODAY            0.00          0.55 1940   0.02  -0.02      T
  MONTH TO DATE    0.51                      0.41   0.10     0.65
  SINCE OCT 1      5.30                      5.58  -0.28    14.30
  SINCE JAN 1      3.73                      3.22   0.51    10.51

SNOWFALL (IN)
  TODAY            0.0           0.3  1955   0.1   -0.1      0.0
  MONTH TO DATE    0.2                       0.5   -0.3       T
  SINCE MAR 1     20.1                       2.5   17.6      2.9
  SINCE JUL 1     24.9                      21.5    3.4     27.0
  SNOW DEPTH       0

DEGREE DAYS
 HEATING
  TODAY            0                        12    -12        5
  MONTH TO DATE  292                       383    -91      343
  SINCE MAR 1    983                       981      2      844
  SINCE JUL 1   4250                      4619   -369     4217

 COOLING
  TODAY            2                         0      2        0
  MONTH TO DATE    3                         0      3        0
  SINCE MAR 1      3                         0      3        0
  SINCE JAN 1      3                         0      3        0
..................................................................


WIND (MPH)
  RESULTANT WIND SPEED   2   RESULTANT WIND DIRECTION   E (110)
  HIGHEST WIND SPEED    16   HIGHEST WIND DIRECTION    SE (120)
  HIGHEST GUST SPEED    24   HIGHEST GUST DIRECTION     E (100)
  AVERAGE WIND SPEED     3.6



WEATHER CONDITIONS
 THE FOLLOWING WEATHER WAS RECORDED TODAY.
  NO SIGNIFICANT WEATHER WAS OBSERVED.


RELATIVE HUMIDITY (PERCENT)
 HIGHEST    56           600 AM
 LOWEST     12           100 PM
 AVERAGE    34

..........................................................


THE RENO-TAHOE INTL AIRPORT NV CLIMATE NORMALS FOR TOMORROW
                         NORMAL    RECORD    YEAR
 MAXIMUM TEMPERATURE (F)   67        84      2013
                                             2004
                                             1987
 MINIMUM TEMPERATURE (F)   40        17      1955


SUNRISE AND SUNSET
APRIL 26 2018.........SUNRISE   606 AM PDT   SUNSET   748 PM PDT
APRIL 27 2018.........SUNRISE   605 AM PDT   SUNSET   749 PM PDT


-  INDICATES NEGATIVE NUMBERS.
R  INDICATES RECORD WAS SET OR TIED.
MM INDICATES DATA IS MISSING.
T  INDICATES TRACE AMOUNT.




$$
